flight 171635 linux-linus real [real]
http://logs.test-lab.xenproject.org/osstest/logs/171635/

Regressions :-(

Tests which did not succeed and are blocking,
including tests which could not be run:
 build-i386-pvops              6 kernel-build             fail REGR. vs. 171587

Tests which did not succeed, but are not blocking:
 test-amd64-amd64-xl-qemut-win7-amd64 19 guest-stop            fail like 171587
 test-armhf-armhf-libvirt     16 saverestore-support-check    fail  like 171587
 test-amd64-amd64-qemuu-nested-amd 20 debian-hvm-install/l1/l2 fail like 171587
 test-amd64-amd64-xl-qemuu-ws16-amd64 19 guest-stop            fail like 171587
 test-amd64-amd64-xl-qemuu-win7-amd64 19 guest-stop            fail like 171587
 test-armhf-armhf-libvirt-qcow2 15 saverestore-support-check   fail like 171587
 test-armhf-armhf-libvirt-raw 15 saverestore-support-check    fail  like 171587
 test-amd64-amd64-xl-qemut-ws16-amd64 19 guest-stop            fail like 171587
 test-amd64-amd64-libvirt-xsm 15 migrate-support-check        fail   never pass
 test-amd64-amd64-libvirt     15 migrate-support-check        fail   never pass
 test-arm64-arm64-xl-credit1  15 migrate-support-check        fail   never pass
 test-arm64-arm64-xl-credit1  16 saverestore-support-check    fail   never pass
 test-arm64-arm64-xl-credit2  15 migrate-support-check        fail   never pass
 test-arm64-arm64-xl          15 migrate-support-check        fail   never pass
 test-arm64-arm64-xl-credit2  16 saverestore-support-check    fail   never pass
 test-arm64-arm64-xl          16 saverestore-support-check    fail   never pass
 test-arm64-arm64-libvirt-xsm 15 migrate-support-check        fail   never pass
 test-arm64-arm64-libvirt-xsm 16 saverestore-support-check    fail   never pass
 test-arm64-arm64-xl-xsm      15 migrate-support-check        fail   never pass
 test-arm64-arm64-xl-thunderx 15 migrate-support-check        fail   never pass
 test-arm64-arm64-xl-thunderx 16 saverestore-support-check    fail   never pass
 test-arm64-arm64-xl-xsm      16 saverestore-support-check    fail   never pass
 test-armhf-armhf-xl-arndale  15 migrate-support-check        fail   never pass
 test-armhf-armhf-xl-arndale  16 saverestore-support-check    fail   never pass
 test-amd64-amd64-libvirt-raw 14 migrate-support-check        fail   never pass
 test-amd64-amd64-libvirt-qcow2 14 migrate-support-check        fail never pass
 test-arm64-arm64-libvirt-raw 14 migrate-support-check        fail   never pass
 test-arm64-arm64-libvirt-raw 15 saverestore-support-check    fail   never pass
 test-armhf-armhf-xl-credit2  15 migrate-support-check        fail   never pass
 test-armhf-armhf-xl-credit2  16 saverestore-support-check    fail   never pass
 test-armhf-armhf-libvirt     15 migrate-support-check        fail   never pass
 test-armhf-armhf-xl-multivcpu 15 migrate-support-check        fail  never pass
 test-armhf-armhf-xl-multivcpu 16 saverestore-support-check    fail  never pass
 test-armhf-armhf-xl-cubietruck 15 migrate-support-check        fail never pass
 test-armhf-armhf-xl-cubietruck 16 saverestore-support-check    fail never pass
 test-arm64-arm64-xl-vhd      14 migrate-support-check        fail   never pass
 test-arm64-arm64-xl-vhd      15 saverestore-support-check    fail   never pass
 test-amd64-amd64-libvirt-qemuu-debianhvm-amd64-xsm 13 migrate-support-check 
fail never pass
 test-arm64-arm64-xl-seattle  15 migrate-support-check        fail   never pass
 test-arm64-arm64-xl-seattle  16 saverestore-support-check    fail   never pass
 test-armhf-armhf-libvirt-qcow2 14 migrate-support-check        fail never pass
 test-armhf-armhf-xl-rtds     15 migrate-support-check        fail   never pass
 test-armhf-armhf-xl-rtds     16 saverestore-support-check    fail   never pass
 test-armhf-armhf-libvirt-raw 14 migrate-support-check        fail   never pass
 test-armhf-armhf-xl          15 migrate-support-check        fail   never pass
 test-armhf-armhf-xl          16 saverestore-support-check    fail   never pass
 test-armhf-armhf-xl-credit1  15 migrate-support-check        fail   never pass
 test-armhf-armhf-xl-credit1  16 saverestore-support-check    fail   never pass
 test-armhf-armhf-xl-vhd      14 migrate-support-check        fail   never pass
 test-armhf-armhf-xl-vhd      15 saverestore-support-check    fail   never pass

version targeted for testing:
 linux                db886979683a8360ced9b24ab1125ad0c4d2cf76
baseline version:
 linux                5a29232d870d9e63fe5ff30b081be6ea7cc2465d

Last test of basis   171587  2022-07-12 00:10:46 Z    3 days
Failing since        171601  2022-07-12 16:11:30 Z    3 days    4 attempts
Testing same since   171635  2022-07-14 22:41:29 Z    0 days    1 attempts

------------------------------------------------------------
People who touched revisions under test:
  Alex Deucher <[email protected]>
  Alex Deucher <[email protected]>
  Alexandre Chartre <[email protected]>
  Alexei Starovoitov <[email protected]>
  Alyssa Rosenzweig <[email protected]>
  Andrea Mayer <[email protected]>
  Andrew Cooper <[email protected]>
  Ansgar Lößer <[email protected]>
  Ansgar Lößer <[email protected]>
  Ard Biesheuvel <[email protected]>
  Arnd Bergmann <[email protected]>
  Baowen Zheng <[email protected]>
  Borislav Petkov <[email protected]>
  Brent Lu <[email protected]>
  Bryan O'Donoghue <[email protected]>
  Charles Keepax <[email protected]>
  Chia-Lin Kao (AceLan) <[email protected]>
  Christian Brauner (Microsoft) <[email protected]>
  Christian Brauner <[email protected]>
  Christian König <[email protected]>
  Chuck Lever <[email protected]>
  Coiby Xu <[email protected]>
  Dan Carpenter <[email protected]>
  Daniel Borkmann <[email protected]>
  Daniel Mack <[email protected]>
  Daniele Ceraolo Spurio <[email protected]>
  Dave Airlie <[email protected]>
  Dave Chinner <[email protected]>
  Dave Hansen <[email protected]>
  David Owens <[email protected]>
  David Owens <[email protected]>
  David S. Miller <[email protected]>
  Dmitry Osipenko <[email protected]>
  Douglas Anderson <[email protected]>
  Edward Cree <[email protected]>
  Eli Cohen <[email protected]>
  Enzo Matsumiya <[email protected]>
  Eric Dumazet <[email protected]>
  Evan Quan <[email protected]>
  Ezequiel Garcia <[email protected]>
  Felix Fietkau <[email protected]>
  Florian Westphal <[email protected]>
  Francesco Dolcini <[email protected]>
  Gal Pressman <[email protected]>
  Guenter Roeck <[email protected]>
  Gurucharan <[email protected]> (A Contingent worker at Intel)
  Hangyu Hua <[email protected]>
  Hans de Goede <[email protected]>
  Hayes Wang <[email protected]>
  Hector Martin <[email protected]>
  Heiko Stuebner <[email protected]>
  Huaxin Lu <[email protected]>
  Igor Mammedov <[email protected]>
  Jakub Kicinski <[email protected]>
  Jason Wang <[email protected]>
  Javier Martinez Canillas <[email protected]>
  Jeff Layton <[email protected]>
  Jeremy Szu <[email protected]>
  Jianglei Nie <[email protected]>
  Joanne Koong <[email protected]>
  Johan Almbladh <[email protected]>
  Johannes Berg <[email protected]>
  Jon Hunter <[email protected]>
  Josh Poimboeuf <[email protected]>
  Josh Poimboeuf <[email protected]>
  José Roberto de Souza <[email protected]>
  Juergen Gross <[email protected]>
  Julian Sikorski <[email protected]>
  Kalle Valo <[email protected]>
  Kalle Valo <[email protected]>
  Kashyap Desai <[email protected]>
  Kefeng Wang <[email protected]>
  Kim Phillips <[email protected]>
  Konrad Rzeszutek Wilk <[email protected]>
  Kuniyuki Iwashima <[email protected]>
  Li kunyu <[email protected]>
  Liang He <[email protected]>
  Linus Torvalds <[email protected]>
  Linus Walleij <[email protected]>
  Liu Ying <[email protected]>
  Liu, Changcheng <[email protected]>
  Lorenzo Bianconi <[email protected]>
  Marek Vasut <[email protected]>
  Mark Bloch <[email protected]>
  Mark Brown <[email protected]>
  Martin Blumenstingl <[email protected]>
  Martin Habets <[email protected]>
  Martin Povišer <[email protected]>
  Masami Hiramatsu (Google) <[email protected]>
  Mat Martineau <[email protected]>
  Matthieu Baerts <[email protected]>
  Maxim Mikityanskiy <[email protected]>
  Maxime Ripard <[email protected]>
  Meng Tang <[email protected]>
  Michael Chan <[email protected]>
  Michael Ellerman <[email protected]>
  Miklos Szeredi <[email protected]>
  Mimi Zohar <[email protected]>
  Nathan Chancellor <[email protected]>
  Neil Armstrong <[email protected]>
  Nick Bowler <[email protected]>
  Nick Desaulniers <[email protected]>
  Nicolas Dichtel <[email protected]>
  Nirmoy Das <[email protected]>
  Oder Chiou <[email protected]>
  Pablo Neira Ayuso <[email protected]>
  Paolo Abeni <[email protected]>
  Paul Blakey <[email protected]>
  Paul M Stillwell Jr <[email protected]>
  Paul Moore <[email protected]>
  Pavan Chebbi <[email protected]>
  Pavel Skripkin <[email protected]>
  Pawan Gupta <[email protected]>
  Peter Ujfalusi <[email protected]>
  Peter Zijlstra (Intel) <[email protected]>
  Peter Zijlstra <[email protected]>
  Ping-Ke Shih <[email protected]>
  Rodrigo Vivi <[email protected]>
  Roi Dayan <[email protected]>
  Russell King (Oracle) <[email protected]>
  Ryder Lee <[email protected]>
  Saeed Mahameed <[email protected]>
  Sascha Hauer <[email protected]>
  Shyam Prasad N <[email protected]>
  Siddharth Vadapalli <[email protected]>
  Simon Horman <[email protected]>
  Stefan Berger <[email protected]>
  Steve French <[email protected]>
  Steven Price <[email protected]>
  Steven Rostedt (Google) <[email protected]>
  sunliming <[email protected]>
  Takashi Iwai <[email protected]>
  Tariq Toukan <[email protected]>
  Tejun Heo <[email protected]>
  Thadeu Lima de Souza Cascardo <[email protected]>
  Thomas Gleixner <[email protected]>
  Thomas Hellström <[email protected]>
  Thomas Zimmermann <[email protected]>
  Tianyu Yuan <[email protected]>
  Tiezhu Yang <[email protected]>
  Toke Høiland-Jørgensen <[email protected]>
  Toke Høiland-Jørgensen <[email protected]>
  Tom Lendacky <[email protected]>
  Tony Nguyen <[email protected]>
  Vikas Gupta <[email protected]>
  Vinayak Yadawad <[email protected]>
  Wang Kefeng <[email protected]>
  Will Deacon <[email protected]>
  xinhui pan <[email protected]>
  Xiu Jianfeng <[email protected]>
  Yassine Oudjana <[email protected]>
  Yevhen Orlov <[email protected]>
  Zhen Lei <[email protected]>
  Zheng Yejian <[email protected]>
  Íñigo Huguet <[email protected]>

jobs:
 build-amd64-xsm                                              pass    
 build-arm64-xsm                                              pass    
 build-i386-xsm                                               pass    
 build-amd64                                                  pass    
 build-arm64                                                  pass    
 build-armhf                                                  pass    
 build-i386                                                   pass    
 build-amd64-libvirt                                          pass    
 build-arm64-libvirt                                          pass    
 build-armhf-libvirt                                          pass    
 build-i386-libvirt                                           pass    
 build-amd64-pvops                                            pass    
 build-arm64-pvops                                            pass    
 build-armhf-pvops                                            pass    
 build-i386-pvops                                             fail    
 test-amd64-amd64-xl                                          pass    
 test-amd64-coresched-amd64-xl                                pass    
 test-arm64-arm64-xl                                          pass    
 test-armhf-armhf-xl                                          pass    
 test-amd64-amd64-libvirt-qemuu-debianhvm-amd64-xsm           pass    
 test-amd64-amd64-xl-qemut-stubdom-debianhvm-amd64-xsm        pass    
 test-amd64-amd64-xl-qemut-debianhvm-i386-xsm                 pass    
 test-amd64-amd64-xl-qemuu-debianhvm-i386-xsm                 pass    
 test-amd64-amd64-libvirt-xsm                                 pass    
 test-arm64-arm64-libvirt-xsm                                 pass    
 test-amd64-amd64-xl-xsm                                      pass    
 test-arm64-arm64-xl-xsm                                      pass    
 test-amd64-amd64-qemuu-nested-amd                            fail    
 test-amd64-amd64-xl-pvhv2-amd                                pass    
 test-amd64-amd64-dom0pvh-xl-amd                              pass    
 test-amd64-amd64-xl-qemut-debianhvm-amd64                    pass    
 test-amd64-amd64-xl-qemuu-debianhvm-amd64                    pass    
 test-amd64-amd64-freebsd11-amd64                             pass    
 test-amd64-amd64-freebsd12-amd64                             pass    
 test-amd64-amd64-xl-qemuu-ovmf-amd64                         pass    
 test-amd64-amd64-xl-qemut-win7-amd64                         fail    
 test-amd64-amd64-xl-qemuu-win7-amd64                         fail    
 test-amd64-amd64-xl-qemut-ws16-amd64                         fail    
 test-amd64-amd64-xl-qemuu-ws16-amd64                         fail    
 test-armhf-armhf-xl-arndale                                  pass    
 test-amd64-amd64-examine-bios                                pass    
 test-amd64-amd64-xl-credit1                                  pass    
 test-arm64-arm64-xl-credit1                                  pass    
 test-armhf-armhf-xl-credit1                                  pass    
 test-amd64-amd64-xl-credit2                                  pass    
 test-arm64-arm64-xl-credit2                                  pass    
 test-armhf-armhf-xl-credit2                                  pass    
 test-armhf-armhf-xl-cubietruck                               pass    
 test-amd64-amd64-xl-qemuu-dmrestrict-amd64-dmrestrict        pass    
 test-amd64-amd64-examine                                     pass    
 test-arm64-arm64-examine                                     pass    
 test-armhf-armhf-examine                                     pass    
 test-amd64-amd64-qemuu-nested-intel                          pass    
 test-amd64-amd64-xl-pvhv2-intel                              pass    
 test-amd64-amd64-dom0pvh-xl-intel                            pass    
 test-amd64-amd64-libvirt                                     pass    
 test-armhf-armhf-libvirt                                     pass    
 test-amd64-amd64-xl-multivcpu                                pass    
 test-armhf-armhf-xl-multivcpu                                pass    
 test-amd64-amd64-pair                                        pass    
 test-amd64-amd64-libvirt-pair                                pass    
 test-amd64-amd64-xl-pvshim                                   pass    
 test-amd64-amd64-pygrub                                      pass    
 test-amd64-amd64-libvirt-qcow2                               pass    
 test-armhf-armhf-libvirt-qcow2                               pass    
 test-amd64-amd64-libvirt-raw                                 pass    
 test-arm64-arm64-libvirt-raw                                 pass    
 test-armhf-armhf-libvirt-raw                                 pass    
 test-amd64-amd64-xl-rtds                                     pass    
 test-armhf-armhf-xl-rtds                                     pass    
 test-arm64-arm64-xl-seattle                                  pass    
 test-amd64-amd64-xl-qemuu-debianhvm-amd64-shadow             pass    
 test-amd64-amd64-xl-shadow                                   pass    
 test-arm64-arm64-xl-thunderx                                 pass    
 test-amd64-amd64-examine-uefi                                pass    
 test-amd64-amd64-xl-vhd                                      pass    
 test-arm64-arm64-xl-vhd                                      pass    
 test-armhf-armhf-xl-vhd                                      pass    


------------------------------------------------------------
sg-report-flight on osstest.test-lab.xenproject.org
logs: /home/logs/logs
images: /home/logs/images

Logs, config files, etc. are available at
    http://logs.test-lab.xenproject.org/osstest/logs

Explanation of these reports, and of osstest in general, is at
    http://xenbits.xen.org/gitweb/?p=osstest.git;a=blob;f=README.email;hb=master
    http://xenbits.xen.org/gitweb/?p=osstest.git;a=blob;f=README;hb=master

Test harness code can be found at
    http://xenbits.xen.org/gitweb?p=osstest.git;a=summary


Not pushing.

(No revision log; it would be 5692 lines long.)

Reply via email to