flight 171557 xen-unstable-smoke real [real]
http://logs.test-lab.xenproject.org/osstest/logs/171557/

Failures :-/ but no regressions.

Tests which did not succeed, but are not blocking:
 test-amd64-amd64-libvirt     15 migrate-support-check        fail   never pass
 test-arm64-arm64-xl-xsm      15 migrate-support-check        fail   never pass
 test-arm64-arm64-xl-xsm      16 saverestore-support-check    fail   never pass
 test-armhf-armhf-xl          15 migrate-support-check        fail   never pass
 test-armhf-armhf-xl          16 saverestore-support-check    fail   never pass

version targeted for testing:
 xen                  980bfb1ac9247e95790e283dbc03e231e02cced9
baseline version:
 xen                  46cbd76faf737e9fe2d57aaf335a0203f66ba21c

Last test of basis   171535  2022-07-06 15:02:57 Z    1 days
Testing same since   171557  2022-07-08 08:03:14 Z    0 days    1 attempts

------------------------------------------------------------
People who touched revisions under test:
  Jan Beulich <[email protected]>
  Jiamei Xie <[email protected]> # arm64
  Juergen Gross <[email protected]>
  Penny Zheng <[email protected]>
  Xenia Ragiadakou <[email protected]>

jobs:
 build-arm64-xsm                                              pass    
 build-amd64                                                  pass    
 build-armhf                                                  pass    
 build-amd64-libvirt                                          pass    
 test-armhf-armhf-xl                                          pass    
 test-arm64-arm64-xl-xsm                                      pass    
 test-amd64-amd64-xl-qemuu-debianhvm-amd64                    pass    
 test-amd64-amd64-libvirt                                     pass    


------------------------------------------------------------
sg-report-flight on osstest.test-lab.xenproject.org
logs: /home/logs/logs
images: /home/logs/images

Logs, config files, etc. are available at
    http://logs.test-lab.xenproject.org/osstest/logs

Explanation of these reports, and of osstest in general, is at
    http://xenbits.xen.org/gitweb/?p=osstest.git;a=blob;f=README.email;hb=master
    http://xenbits.xen.org/gitweb/?p=osstest.git;a=blob;f=README;hb=master

Test harness code can be found at
    http://xenbits.xen.org/gitweb?p=osstest.git;a=summary


Pushing revision :

To xenbits.xen.org:/home/xen/git/xen.git
   46cbd76faf..980bfb1ac9  980bfb1ac9247e95790e283dbc03e231e02cced9 -> smoke

Reply via email to