flight 171400 linux-5.4 real [real]
flight 171406 linux-5.4 real-retest [real]
http://logs.test-lab.xenproject.org/osstest/logs/171400/
http://logs.test-lab.xenproject.org/osstest/logs/171406/

Regressions :-(

Tests which did not succeed and are blocking,
including tests which could not be run:
 test-armhf-armhf-xl-multivcpu 14 guest-start             fail REGR. vs. 171352

Tests which are failing intermittently (not blocking):
 test-arm64-arm64-xl-thunderx  8 xen-boot            fail pass in 171406-retest

Tests which did not succeed, but are not blocking:
 test-armhf-armhf-libvirt-qcow2 15 saverestore-support-check fail blocked in 
171352
 test-arm64-arm64-xl-thunderx 15 migrate-support-check fail in 171406 never pass
 test-arm64-arm64-xl-thunderx 16 saverestore-support-check fail in 171406 never 
pass
 test-amd64-amd64-xl-qemuu-win7-amd64 19 guest-stop            fail like 171352
 test-amd64-i386-xl-qemut-win7-amd64 19 guest-stop             fail like 171352
 test-amd64-i386-xl-qemuu-win7-amd64 19 guest-stop             fail like 171352
 test-amd64-amd64-xl-qemut-win7-amd64 19 guest-stop            fail like 171352
 test-armhf-armhf-libvirt     16 saverestore-support-check    fail  like 171352
 test-amd64-amd64-qemuu-nested-amd 20 debian-hvm-install/l1/l2 fail like 171352
 test-amd64-amd64-xl-qemuu-ws16-amd64 19 guest-stop            fail like 171352
 test-armhf-armhf-xl-credit1  18 guest-start/debian.repeat    fail  like 171352
 test-amd64-i386-xl-qemut-ws16-amd64 19 guest-stop             fail like 171352
 test-armhf-armhf-xl-rtds     18 guest-start/debian.repeat    fail  like 171352
 test-armhf-armhf-libvirt-raw 15 saverestore-support-check    fail  like 171352
 test-armhf-armhf-xl-credit2  14 guest-start                  fail  like 171352
 test-amd64-amd64-xl-qemut-ws16-amd64 19 guest-stop            fail like 171352
 test-amd64-i386-xl-qemuu-ws16-amd64 19 guest-stop             fail like 171352
 test-amd64-i386-xl-pvshim    14 guest-start                  fail   never pass
 test-arm64-arm64-xl-seattle  15 migrate-support-check        fail   never pass
 test-arm64-arm64-xl-seattle  16 saverestore-support-check    fail   never pass
 test-amd64-amd64-libvirt-xsm 15 migrate-support-check        fail   never pass
 test-amd64-i386-libvirt-xsm  15 migrate-support-check        fail   never pass
 test-amd64-i386-libvirt      15 migrate-support-check        fail   never pass
 test-arm64-arm64-xl          15 migrate-support-check        fail   never pass
 test-arm64-arm64-xl          16 saverestore-support-check    fail   never pass
 test-arm64-arm64-xl-credit1  15 migrate-support-check        fail   never pass
 test-arm64-arm64-xl-xsm      15 migrate-support-check        fail   never pass
 test-arm64-arm64-xl-credit1  16 saverestore-support-check    fail   never pass
 test-arm64-arm64-xl-xsm      16 saverestore-support-check    fail   never pass
 test-arm64-arm64-xl-credit2  15 migrate-support-check        fail   never pass
 test-arm64-arm64-xl-credit2  16 saverestore-support-check    fail   never pass
 test-arm64-arm64-libvirt-xsm 15 migrate-support-check        fail   never pass
 test-arm64-arm64-libvirt-xsm 16 saverestore-support-check    fail   never pass
 test-amd64-amd64-libvirt-qemuu-debianhvm-amd64-xsm 13 migrate-support-check 
fail never pass
 test-armhf-armhf-xl-arndale  15 migrate-support-check        fail   never pass
 test-armhf-armhf-xl-arndale  16 saverestore-support-check    fail   never pass
 test-amd64-amd64-libvirt     15 migrate-support-check        fail   never pass
 test-amd64-i386-libvirt-qemuu-debianhvm-amd64-xsm 13 migrate-support-check 
fail never pass
 test-amd64-i386-libvirt-raw  14 migrate-support-check        fail   never pass
 test-amd64-amd64-libvirt-vhd 14 migrate-support-check        fail   never pass
 test-arm64-arm64-libvirt-raw 14 migrate-support-check        fail   never pass
 test-arm64-arm64-libvirt-raw 15 saverestore-support-check    fail   never pass
 test-armhf-armhf-xl          15 migrate-support-check        fail   never pass
 test-armhf-armhf-xl          16 saverestore-support-check    fail   never pass
 test-armhf-armhf-xl-credit1  15 migrate-support-check        fail   never pass
 test-armhf-armhf-xl-credit1  16 saverestore-support-check    fail   never pass
 test-arm64-arm64-xl-vhd      14 migrate-support-check        fail   never pass
 test-arm64-arm64-xl-vhd      15 saverestore-support-check    fail   never pass
 test-armhf-armhf-xl-rtds     15 migrate-support-check        fail   never pass
 test-armhf-armhf-xl-rtds     16 saverestore-support-check    fail   never pass
 test-armhf-armhf-libvirt     15 migrate-support-check        fail   never pass
 test-armhf-armhf-xl-cubietruck 15 migrate-support-check        fail never pass
 test-armhf-armhf-xl-cubietruck 16 saverestore-support-check    fail never pass
 test-armhf-armhf-libvirt-qcow2 14 migrate-support-check        fail never pass
 test-armhf-armhf-libvirt-raw 14 migrate-support-check        fail   never pass
 test-armhf-armhf-xl-vhd      14 migrate-support-check        fail   never pass
 test-armhf-armhf-xl-vhd      15 saverestore-support-check    fail   never pass

version targeted for testing:
 linux                9ef3ad40a81ff6b8b65ed870588b230f38812f2a
baseline version:
 linux                23db944f754e99abf814a79a2273b0191d35e4ff

Last test of basis   171352  2022-06-25 11:13:17 Z    4 days
Testing same since   171400  2022-06-29 07:11:34 Z    0 days    1 attempts

------------------------------------------------------------
People who touched revisions under test:
  Aidan MacDonald <[email protected]>
  Alexander Gordeev <[email protected]>
  Anatolii Gerasymenko <[email protected]>
  Andrew Donnellan <[email protected]>
  Antoine Tenart <[email protected]>
  Arnd Bergmann <[email protected]>
  Ballon Shi <[email protected]>
  Bartosz Golaszewski <[email protected]>
  Baruch Siach <[email protected]>
  Carlo Lobrano <[email protected]>
  Chevron Li <[email protected]>
  Chevron Li<[email protected]>
  Claudiu Manoil <[email protected]>
  Curtis Taylor <[email protected]>
  Damien Le Moal <[email protected]>
  Dan Carpenter <[email protected]>
  Daniel Borkmann <[email protected]>
  David Howells <[email protected]>
  David S. Miller <[email protected]>
  Dmitry Rokosov <[email protected]>
  Edward Wu <[email protected]>
  Eelco Chaudron <[email protected]>
  Eric Dumazet <[email protected]>
  Florian Fainelli <[email protected]>
  Genjian Zhang <[email protected]>
  Gerd Hoffmann <[email protected]>
  Greg Kroah-Hartman <[email protected]>
  Guenter Roeck <[email protected]>
  Gurucharan <[email protected]> (A Contingent worker at Intel)
  Haibo Chen <[email protected]>
  Hans de Goede <[email protected]>
  Helge Deller <[email protected]>
  huhai <[email protected]>
  Hulk Robot <[email protected]>
  Jakub Kicinski <[email protected]>
  Jason A. Donenfeld <[email protected]>
  Jason Wang <[email protected]>
  Jay Vosburgh <[email protected]>
  Jesper Dangaard Brouer <[email protected]>
  Jiri Slaby <[email protected]>
  Johan Hovold <[email protected]>
  Jon Hunter <[email protected]>
  Jon Maxwell <[email protected]>
  Jonathan Cameron <[email protected]>
  Jonathan Toppins <[email protected]>
  Juergen Gross <[email protected]>
  Julien Grall <[email protected]>
  Kai-Heng Feng <[email protected]>
  Kailang Yang <[email protected]>
  Krzysztof Halasa <[email protected]>
  Krzysztof Kozlowski <[email protected]>
  Liang He <[email protected]>
  Linus Torvalds <[email protected]>
  Lucas Stach <[email protected]>
  Macpaul Lin <[email protected]>
  Marc Dionne <[email protected]>
  Mark Brown <[email protected]>
  Masahiro Yamada <[email protected]>
  Mathias Nyman <[email protected]>
  Max Filippov <[email protected]>
  Miaoqian Lin <[email protected]>
  Michael Ellerman <[email protected]>
  Mike Snitzer <[email protected]>
  Mikulas Patocka <[email protected]>
  Miquel Raynal <[email protected]>
  Naveen N. Rao <[email protected]>
  Nikos Tsironis <[email protected]>
  Olivier Moysan <[email protected]>
  Paolo Abeni <[email protected]>
  Peilin Ye <[email protected]>
  Rob Clark <[email protected]>
  Ron Economos <[email protected]>
  Rosemarie O'Riorden <[email protected]>
  Sami Tolvanen <[email protected]>
  Sascha Hauer <[email protected]>
  Sasha Levin <[email protected]>
  Sebastian Andrzej Siewior <[email protected]>
  Shawn Guo <[email protected]>
  Shuah Khan <[email protected]>
  Stephan Gerhold <[email protected]>
  Stephen Hemminger <[email protected]>
  Sudip Mukherjee <[email protected]>
  Sumanth Korikkar <[email protected]>
  Sumit Dubey2 <[email protected]>
  Takashi Iwai <[email protected]>
  Thomas Bogendoerfer <[email protected]>
  Thomas Richter <[email protected]>
  Tim Crawford <[email protected]>
  Tony Nguyen <[email protected]>
  Ulf Hansson <[email protected]>
  Vincent Whitchurch <[email protected]>
  Xu Yang <[email protected]>
  Yonglin Tan <[email protected]>
  Zheyu Ma <[email protected]>
  Ziyang Xuan <[email protected]>

jobs:
 build-amd64-xsm                                              pass    
 build-arm64-xsm                                              pass    
 build-i386-xsm                                               pass    
 build-amd64                                                  pass    
 build-arm64                                                  pass    
 build-armhf                                                  pass    
 build-i386                                                   pass    
 build-amd64-libvirt                                          pass    
 build-arm64-libvirt                                          pass    
 build-armhf-libvirt                                          pass    
 build-i386-libvirt                                           pass    
 build-amd64-pvops                                            pass    
 build-arm64-pvops                                            pass    
 build-armhf-pvops                                            pass    
 build-i386-pvops                                             pass    
 test-amd64-amd64-xl                                          pass    
 test-amd64-coresched-amd64-xl                                pass    
 test-arm64-arm64-xl                                          pass    
 test-armhf-armhf-xl                                          pass    
 test-amd64-i386-xl                                           pass    
 test-amd64-coresched-i386-xl                                 pass    
 test-amd64-amd64-libvirt-qemuu-debianhvm-amd64-xsm           pass    
 test-amd64-i386-libvirt-qemuu-debianhvm-amd64-xsm            pass    
 test-amd64-amd64-xl-qemut-stubdom-debianhvm-amd64-xsm        pass    
 test-amd64-i386-xl-qemut-stubdom-debianhvm-amd64-xsm         pass    
 test-amd64-amd64-xl-qemut-debianhvm-i386-xsm                 pass    
 test-amd64-i386-xl-qemut-debianhvm-i386-xsm                  pass    
 test-amd64-amd64-xl-qemuu-debianhvm-i386-xsm                 pass    
 test-amd64-i386-xl-qemuu-debianhvm-i386-xsm                  pass    
 test-amd64-amd64-libvirt-xsm                                 pass    
 test-arm64-arm64-libvirt-xsm                                 pass    
 test-amd64-i386-libvirt-xsm                                  pass    
 test-amd64-amd64-xl-xsm                                      pass    
 test-arm64-arm64-xl-xsm                                      pass    
 test-amd64-i386-xl-xsm                                       pass    
 test-amd64-amd64-qemuu-nested-amd                            fail    
 test-amd64-amd64-xl-pvhv2-amd                                pass    
 test-amd64-i386-qemut-rhel6hvm-amd                           pass    
 test-amd64-i386-qemuu-rhel6hvm-amd                           pass    
 test-amd64-amd64-dom0pvh-xl-amd                              pass    
 test-amd64-amd64-xl-qemut-debianhvm-amd64                    pass    
 test-amd64-i386-xl-qemut-debianhvm-amd64                     pass    
 test-amd64-amd64-xl-qemuu-debianhvm-amd64                    pass    
 test-amd64-i386-xl-qemuu-debianhvm-amd64                     pass    
 test-amd64-i386-freebsd10-amd64                              pass    
 test-amd64-amd64-qemuu-freebsd11-amd64                       pass    
 test-amd64-amd64-qemuu-freebsd12-amd64                       pass    
 test-amd64-amd64-xl-qemuu-ovmf-amd64                         pass    
 test-amd64-i386-xl-qemuu-ovmf-amd64                          pass    
 test-amd64-amd64-xl-qemut-win7-amd64                         fail    
 test-amd64-i386-xl-qemut-win7-amd64                          fail    
 test-amd64-amd64-xl-qemuu-win7-amd64                         fail    
 test-amd64-i386-xl-qemuu-win7-amd64                          fail    
 test-amd64-amd64-xl-qemut-ws16-amd64                         fail    
 test-amd64-i386-xl-qemut-ws16-amd64                          fail    
 test-amd64-amd64-xl-qemuu-ws16-amd64                         fail    
 test-amd64-i386-xl-qemuu-ws16-amd64                          fail    
 test-armhf-armhf-xl-arndale                                  pass    
 test-amd64-amd64-examine-bios                                pass    
 test-amd64-i386-examine-bios                                 pass    
 test-amd64-amd64-xl-credit1                                  pass    
 test-arm64-arm64-xl-credit1                                  pass    
 test-armhf-armhf-xl-credit1                                  fail    
 test-amd64-amd64-xl-credit2                                  pass    
 test-arm64-arm64-xl-credit2                                  pass    
 test-armhf-armhf-xl-credit2                                  fail    
 test-armhf-armhf-xl-cubietruck                               pass    
 test-amd64-amd64-xl-qemuu-dmrestrict-amd64-dmrestrict        pass    
 test-amd64-i386-xl-qemuu-dmrestrict-amd64-dmrestrict         pass    
 test-amd64-amd64-examine                                     pass    
 test-arm64-arm64-examine                                     pass    
 test-armhf-armhf-examine                                     pass    
 test-amd64-i386-examine                                      pass    
 test-amd64-i386-freebsd10-i386                               pass    
 test-amd64-amd64-qemuu-nested-intel                          pass    
 test-amd64-amd64-xl-pvhv2-intel                              pass    
 test-amd64-i386-qemut-rhel6hvm-intel                         pass    
 test-amd64-i386-qemuu-rhel6hvm-intel                         pass    
 test-amd64-amd64-dom0pvh-xl-intel                            pass    
 test-amd64-amd64-libvirt                                     pass    
 test-armhf-armhf-libvirt                                     pass    
 test-amd64-i386-libvirt                                      pass    
 test-amd64-amd64-xl-multivcpu                                pass    
 test-armhf-armhf-xl-multivcpu                                fail    
 test-amd64-amd64-pair                                        pass    
 test-amd64-i386-pair                                         pass    
 test-amd64-amd64-libvirt-pair                                pass    
 test-amd64-i386-libvirt-pair                                 pass    
 test-amd64-amd64-xl-pvshim                                   pass    
 test-amd64-i386-xl-pvshim                                    fail    
 test-amd64-amd64-pygrub                                      pass    
 test-armhf-armhf-libvirt-qcow2                               pass    
 test-amd64-amd64-xl-qcow2                                    pass    
 test-arm64-arm64-libvirt-raw                                 pass    
 test-armhf-armhf-libvirt-raw                                 pass    
 test-amd64-i386-libvirt-raw                                  pass    
 test-amd64-amd64-xl-rtds                                     pass    
 test-armhf-armhf-xl-rtds                                     fail    
 test-arm64-arm64-xl-seattle                                  pass    
 test-amd64-amd64-xl-qemuu-debianhvm-amd64-shadow             pass    
 test-amd64-i386-xl-qemuu-debianhvm-amd64-shadow              pass    
 test-amd64-amd64-xl-shadow                                   pass    
 test-amd64-i386-xl-shadow                                    pass    
 test-arm64-arm64-xl-thunderx                                 fail    
 test-amd64-amd64-examine-uefi                                pass    
 test-amd64-i386-examine-uefi                                 pass    
 test-amd64-amd64-libvirt-vhd                                 pass    
 test-arm64-arm64-xl-vhd                                      pass    
 test-armhf-armhf-xl-vhd                                      pass    
 test-amd64-i386-xl-vhd                                       pass    


------------------------------------------------------------
sg-report-flight on osstest.test-lab.xenproject.org
logs: /home/logs/logs
images: /home/logs/images

Logs, config files, etc. are available at
    http://logs.test-lab.xenproject.org/osstest/logs

Explanation of these reports, and of osstest in general, is at
    http://xenbits.xen.org/gitweb/?p=osstest.git;a=blob;f=README.email;hb=master
    http://xenbits.xen.org/gitweb/?p=osstest.git;a=blob;f=README;hb=master

Test harness code can be found at
    http://xenbits.xen.org/gitweb?p=osstest.git;a=summary


Not pushing.

(No revision log; it would be 1766 lines long.)

Reply via email to