flight 171330 linux-5.4 real [real]
http://logs.test-lab.xenproject.org/osstest/logs/171330/

Failures :-/ but no regressions.

Tests which did not succeed, but are not blocking:
 test-armhf-armhf-xl-credit2  14 guest-start                  fail  like 171224
 test-amd64-amd64-xl-qemuu-win7-amd64 19 guest-stop            fail like 171275
 test-amd64-i386-xl-qemut-win7-amd64 19 guest-stop             fail like 171275
 test-amd64-amd64-xl-qemut-win7-amd64 19 guest-stop            fail like 171275
 test-amd64-i386-xl-qemuu-win7-amd64 19 guest-stop             fail like 171275
 test-armhf-armhf-libvirt     16 saverestore-support-check    fail  like 171275
 test-amd64-amd64-xl-qemuu-ws16-amd64 19 guest-stop            fail like 171275
 test-amd64-amd64-qemuu-nested-amd 20 debian-hvm-install/l1/l2 fail like 171275
 test-armhf-armhf-xl-multivcpu 18 guest-start/debian.repeat    fail like 171275
 test-armhf-armhf-xl-credit1  18 guest-start/debian.repeat    fail  like 171275
 test-amd64-i386-xl-qemut-ws16-amd64 19 guest-stop             fail like 171275
 test-armhf-armhf-xl-rtds     18 guest-start/debian.repeat    fail  like 171275
 test-armhf-armhf-libvirt-raw 15 saverestore-support-check    fail  like 171275
 test-armhf-armhf-libvirt-qcow2 15 saverestore-support-check   fail like 171275
 test-amd64-amd64-xl-qemut-ws16-amd64 19 guest-stop            fail like 171275
 test-amd64-i386-xl-qemuu-ws16-amd64 19 guest-stop             fail like 171275
 test-amd64-i386-xl-pvshim    14 guest-start                  fail   never pass
 test-arm64-arm64-xl-seattle  15 migrate-support-check        fail   never pass
 test-arm64-arm64-xl-seattle  16 saverestore-support-check    fail   never pass
 test-amd64-amd64-libvirt-xsm 15 migrate-support-check        fail   never pass
 test-amd64-i386-libvirt-xsm  15 migrate-support-check        fail   never pass
 test-amd64-i386-libvirt      15 migrate-support-check        fail   never pass
 test-arm64-arm64-xl          15 migrate-support-check        fail   never pass
 test-arm64-arm64-xl          16 saverestore-support-check    fail   never pass
 test-arm64-arm64-xl-credit1  15 migrate-support-check        fail   never pass
 test-arm64-arm64-xl-xsm      15 migrate-support-check        fail   never pass
 test-arm64-arm64-xl-credit1  16 saverestore-support-check    fail   never pass
 test-arm64-arm64-xl-xsm      16 saverestore-support-check    fail   never pass
 test-arm64-arm64-xl-credit2  15 migrate-support-check        fail   never pass
 test-arm64-arm64-xl-credit2  16 saverestore-support-check    fail   never pass
 test-arm64-arm64-xl-thunderx 15 migrate-support-check        fail   never pass
 test-arm64-arm64-xl-thunderx 16 saverestore-support-check    fail   never pass
 test-arm64-arm64-libvirt-xsm 15 migrate-support-check        fail   never pass
 test-arm64-arm64-libvirt-xsm 16 saverestore-support-check    fail   never pass
 test-amd64-amd64-libvirt-qemuu-debianhvm-amd64-xsm 13 migrate-support-check 
fail never pass
 test-armhf-armhf-xl-arndale  15 migrate-support-check        fail   never pass
 test-armhf-armhf-xl-arndale  16 saverestore-support-check    fail   never pass
 test-amd64-amd64-libvirt     15 migrate-support-check        fail   never pass
 test-amd64-i386-libvirt-qemuu-debianhvm-amd64-xsm 13 migrate-support-check 
fail never pass
 test-amd64-amd64-libvirt-vhd 14 migrate-support-check        fail   never pass
 test-amd64-i386-libvirt-raw  14 migrate-support-check        fail   never pass
 test-arm64-arm64-libvirt-raw 14 migrate-support-check        fail   never pass
 test-arm64-arm64-libvirt-raw 15 saverestore-support-check    fail   never pass
 test-armhf-armhf-xl-multivcpu 15 migrate-support-check        fail  never pass
 test-armhf-armhf-xl-multivcpu 16 saverestore-support-check    fail  never pass
 test-armhf-armhf-xl          15 migrate-support-check        fail   never pass
 test-armhf-armhf-xl          16 saverestore-support-check    fail   never pass
 test-armhf-armhf-xl-credit1  15 migrate-support-check        fail   never pass
 test-armhf-armhf-xl-credit1  16 saverestore-support-check    fail   never pass
 test-arm64-arm64-xl-vhd      14 migrate-support-check        fail   never pass
 test-arm64-arm64-xl-vhd      15 saverestore-support-check    fail   never pass
 test-armhf-armhf-xl-rtds     15 migrate-support-check        fail   never pass
 test-armhf-armhf-libvirt     15 migrate-support-check        fail   never pass
 test-armhf-armhf-xl-rtds     16 saverestore-support-check    fail   never pass
 test-armhf-armhf-xl-cubietruck 15 migrate-support-check        fail never pass
 test-armhf-armhf-xl-cubietruck 16 saverestore-support-check    fail never pass
 test-armhf-armhf-libvirt-raw 14 migrate-support-check        fail   never pass
 test-armhf-armhf-xl-vhd      14 migrate-support-check        fail   never pass
 test-armhf-armhf-xl-vhd      15 saverestore-support-check    fail   never pass
 test-armhf-armhf-libvirt-qcow2 14 migrate-support-check        fail never pass

version targeted for testing:
 linux                f0c280af0ec7c79cf043594974206d87c3c46524
baseline version:
 linux                a31bd366116cb157fc20d5cdc8a2fd1c0d39ac38

Last test of basis   171275  2022-06-18 21:42:02 Z    5 days
Testing same since   171309  2022-06-22 12:44:47 Z    1 days    3 attempts

------------------------------------------------------------
People who touched revisions under test:
  "Ivan T. Ivanov" <[email protected]>
  Aaron Conole <[email protected]>
  Adam Ford <[email protected]>
  Al Viro <[email protected]>
  Aleksandr Loktionov <[email protected]>
  Alexey Kardashevskiy <[email protected]>
  Andre Przywara <[email protected]>
  Andy Chi <[email protected]>
  Andy Lutomirski <[email protected]>
  Anna Schumaker <[email protected]>
  Ard Biesheuvel <[email protected]>
  Arnd Bergmann <[email protected]>
  Arvind Sankar <[email protected]>
  Baokun Li <[email protected]>
  Bharathi Sreenivas <[email protected]>
  Brian King <[email protected]>
  Catalin Marinas <[email protected]>
  Charles Keepax <[email protected]>
  Chen Jingwen <[email protected]>
  Chen Lin <[email protected]>
  Chengguang Xu <[email protected]>
  chengkaitao <[email protected]>
  Christoph Hellwig <[email protected]>
  Christophe de Dinechin <[email protected]>
  Christophe JAILLET <[email protected]>
  Damien Le Moal <[email protected]>
  David S. Miller <[email protected]>
  Davide Caratti <[email protected]>
  Ding Xiang <[email protected]>
  Dinh Nguyen <[email protected]>
  Dominik Brodowski <[email protected]>
  Eric Biggers <[email protected]>
  Florian Fainelli <[email protected]>
  Geert Uytterhoeven <[email protected]>
  Greg Kroah-Hartman <[email protected]>
  Grzegorz Szczurek <[email protected]>
  Guenter Roeck <[email protected]>
  Gurucharan <[email protected]> (A Contingent worker at Intel)
  He Ying <[email protected]>
  Heiko Carstens <[email protected]>
  Helge Deller <[email protected]>
  Herbert Xu <[email protected]>
  huangwenhui <[email protected]>
  Hui Wang <[email protected]>
  Hulk Robot <[email protected]>
  Ian Abbott <[email protected]>
  Ido Schimmel <[email protected]>
  Ilpo Järvinen <[email protected]>
  Ilya Maximets <[email protected]>
  Jakub Kicinski <[email protected]>
  James Smart <[email protected]>
  Jan Varho <[email protected]>
  Jann Horn <[email protected]>
  Jarkko Nikula <[email protected]>
  Jarkko Sakkinen <[email protected]>
  Jason A. Donenfeld <[email protected]>
  Jason Wang <[email protected]>
  Jean-Philippe Brucker <[email protected]>
  Jedrzej Jagielski <[email protected]>
  Jens Axboe <[email protected]>
  Jeremy Szu <[email protected]>
  Johan Hovold <[email protected]>
  Johannes Berg <[email protected]>
  Jon Hunter <[email protected]>
  Jonathan Neuschäfer <[email protected]>
  Josh Poimboeuf <[email protected]>
  Justin Tee <[email protected]>
  Krzysztof Kozlowski <[email protected]>
  Linus Torvalds <[email protected]>
  Linux Kernel Functional Testing <[email protected]>
  Maciej W. Rozycki <[email protected]>
  Marc Zyngier <[email protected]>
  Mark Brown <[email protected]>
  Mark Rutland <[email protected]>
  Mark-PK Tsai <[email protected]>
  Martin Faltesek <[email protected]>
  Martin K. Petersen <[email protected]>
  Masahiro Yamada <[email protected]>
  Masami Hiramatsu <[email protected]>
  Matt Turner <[email protected]>
  Max Filippov <[email protected]>
  Miaoqian Lin <[email protected]>
  Michael Ellerman <[email protected]>
  Michael S. Tsirkin <[email protected]>
  Michal Jaron <[email protected]>
  Mike Snitzer <[email protected]>
  Mikulas Patocka <[email protected]>
  Minas Harutyunyan <[email protected]>
  Murilo Opsfelder Araujo <[email protected]>
  Nicolai Stange <[email protected]>
  Olof Johansson <[email protected]>
  Palmer Dabbelt <[email protected]>
  Paolo Abeni <[email protected]>
  Paul Walmsley <[email protected]>
  Petr Machata <[email protected]>
  Randy Dunlap <[email protected]>
  Richard Henderson <[email protected]>
  Richard Henderson <[email protected]>
  Rob Clark <[email protected]>
  Robert Eckelmann <[email protected]>
  Samuel Neves <[email protected]>
  Sasha Levin <[email protected]>
  Schspa Shi <[email protected]>
  Sebastian Andrzej Siewior <[email protected]>
  Serge Semin <[email protected]>
  Sergey Shtylyov <[email protected]>
  Shuah Khan <[email protected]>
  Slark Xiao <[email protected]>
  Stephan Mueller <[email protected]>
  Stephan Müller <[email protected]>
  Sudip Mukherjee <[email protected]>
  Sudip Mukherjee <[email protected]>
  Takashi Iwai <[email protected]>
  Theodore Ts'o <[email protected]>
  Thomas Bogendoerfer <[email protected]>
  Thomas Gleixner <[email protected]>
  Tony Nguyen <[email protected]>
  Trond Myklebust <[email protected]>
  Uwe Kleine-König <[email protected]>
  Uwe Kleine-König <[email protected]>
  Vincent Whitchurch <[email protected]>
  Wang Yufen <[email protected]>
  Wei Liu <[email protected]>
  Wentao Wang <[email protected]>
  Will Deacon <[email protected]>
  Wolfram Sang <[email protected]>
  Xiaohui Zhang <[email protected]>
  Yangtao Li <[email protected]>
  Yuntao Wang <[email protected]>
  Zhang Yi <[email protected]>

jobs:
 build-amd64-xsm                                              pass    
 build-arm64-xsm                                              pass    
 build-i386-xsm                                               pass    
 build-amd64                                                  pass    
 build-arm64                                                  pass    
 build-armhf                                                  pass    
 build-i386                                                   pass    
 build-amd64-libvirt                                          pass    
 build-arm64-libvirt                                          pass    
 build-armhf-libvirt                                          pass    
 build-i386-libvirt                                           pass    
 build-amd64-pvops                                            pass    
 build-arm64-pvops                                            pass    
 build-armhf-pvops                                            pass    
 build-i386-pvops                                             pass    
 test-amd64-amd64-xl                                          pass    
 test-amd64-coresched-amd64-xl                                pass    
 test-arm64-arm64-xl                                          pass    
 test-armhf-armhf-xl                                          pass    
 test-amd64-i386-xl                                           pass    
 test-amd64-coresched-i386-xl                                 pass    
 test-amd64-amd64-libvirt-qemuu-debianhvm-amd64-xsm           pass    
 test-amd64-i386-libvirt-qemuu-debianhvm-amd64-xsm            pass    
 test-amd64-amd64-xl-qemut-stubdom-debianhvm-amd64-xsm        pass    
 test-amd64-i386-xl-qemut-stubdom-debianhvm-amd64-xsm         pass    
 test-amd64-amd64-xl-qemut-debianhvm-i386-xsm                 pass    
 test-amd64-i386-xl-qemut-debianhvm-i386-xsm                  pass    
 test-amd64-amd64-xl-qemuu-debianhvm-i386-xsm                 pass    
 test-amd64-i386-xl-qemuu-debianhvm-i386-xsm                  pass    
 test-amd64-amd64-libvirt-xsm                                 pass    
 test-arm64-arm64-libvirt-xsm                                 pass    
 test-amd64-i386-libvirt-xsm                                  pass    
 test-amd64-amd64-xl-xsm                                      pass    
 test-arm64-arm64-xl-xsm                                      pass    
 test-amd64-i386-xl-xsm                                       pass    
 test-amd64-amd64-qemuu-nested-amd                            fail    
 test-amd64-amd64-xl-pvhv2-amd                                pass    
 test-amd64-i386-qemut-rhel6hvm-amd                           pass    
 test-amd64-i386-qemuu-rhel6hvm-amd                           pass    
 test-amd64-amd64-dom0pvh-xl-amd                              pass    
 test-amd64-amd64-xl-qemut-debianhvm-amd64                    pass    
 test-amd64-i386-xl-qemut-debianhvm-amd64                     pass    
 test-amd64-amd64-xl-qemuu-debianhvm-amd64                    pass    
 test-amd64-i386-xl-qemuu-debianhvm-amd64                     pass    
 test-amd64-i386-freebsd10-amd64                              pass    
 test-amd64-amd64-qemuu-freebsd11-amd64                       pass    
 test-amd64-amd64-qemuu-freebsd12-amd64                       pass    
 test-amd64-amd64-xl-qemuu-ovmf-amd64                         pass    
 test-amd64-i386-xl-qemuu-ovmf-amd64                          pass    
 test-amd64-amd64-xl-qemut-win7-amd64                         fail    
 test-amd64-i386-xl-qemut-win7-amd64                          fail    
 test-amd64-amd64-xl-qemuu-win7-amd64                         fail    
 test-amd64-i386-xl-qemuu-win7-amd64                          fail    
 test-amd64-amd64-xl-qemut-ws16-amd64                         fail    
 test-amd64-i386-xl-qemut-ws16-amd64                          fail    
 test-amd64-amd64-xl-qemuu-ws16-amd64                         fail    
 test-amd64-i386-xl-qemuu-ws16-amd64                          fail    
 test-armhf-armhf-xl-arndale                                  pass    
 test-amd64-amd64-examine-bios                                pass    
 test-amd64-i386-examine-bios                                 pass    
 test-amd64-amd64-xl-credit1                                  pass    
 test-arm64-arm64-xl-credit1                                  pass    
 test-armhf-armhf-xl-credit1                                  fail    
 test-amd64-amd64-xl-credit2                                  pass    
 test-arm64-arm64-xl-credit2                                  pass    
 test-armhf-armhf-xl-credit2                                  fail    
 test-armhf-armhf-xl-cubietruck                               pass    
 test-amd64-amd64-xl-qemuu-dmrestrict-amd64-dmrestrict        pass    
 test-amd64-i386-xl-qemuu-dmrestrict-amd64-dmrestrict         pass    
 test-amd64-amd64-examine                                     pass    
 test-arm64-arm64-examine                                     pass    
 test-armhf-armhf-examine                                     pass    
 test-amd64-i386-examine                                      pass    
 test-amd64-i386-freebsd10-i386                               pass    
 test-amd64-amd64-qemuu-nested-intel                          pass    
 test-amd64-amd64-xl-pvhv2-intel                              pass    
 test-amd64-i386-qemut-rhel6hvm-intel                         pass    
 test-amd64-i386-qemuu-rhel6hvm-intel                         pass    
 test-amd64-amd64-dom0pvh-xl-intel                            pass    
 test-amd64-amd64-libvirt                                     pass    
 test-armhf-armhf-libvirt                                     pass    
 test-amd64-i386-libvirt                                      pass    
 test-amd64-amd64-xl-multivcpu                                pass    
 test-armhf-armhf-xl-multivcpu                                fail    
 test-amd64-amd64-pair                                        pass    
 test-amd64-i386-pair                                         pass    
 test-amd64-amd64-libvirt-pair                                pass    
 test-amd64-i386-libvirt-pair                                 pass    
 test-amd64-amd64-xl-pvshim                                   pass    
 test-amd64-i386-xl-pvshim                                    fail    
 test-amd64-amd64-pygrub                                      pass    
 test-armhf-armhf-libvirt-qcow2                               pass    
 test-amd64-amd64-xl-qcow2                                    pass    
 test-arm64-arm64-libvirt-raw                                 pass    
 test-armhf-armhf-libvirt-raw                                 pass    
 test-amd64-i386-libvirt-raw                                  pass    
 test-amd64-amd64-xl-rtds                                     pass    
 test-armhf-armhf-xl-rtds                                     fail    
 test-arm64-arm64-xl-seattle                                  pass    
 test-amd64-amd64-xl-qemuu-debianhvm-amd64-shadow             pass    
 test-amd64-i386-xl-qemuu-debianhvm-amd64-shadow              pass    
 test-amd64-amd64-xl-shadow                                   pass    
 test-amd64-i386-xl-shadow                                    pass    
 test-arm64-arm64-xl-thunderx                                 pass    
 test-amd64-amd64-examine-uefi                                pass    
 test-amd64-i386-examine-uefi                                 pass    
 test-amd64-amd64-libvirt-vhd                                 pass    
 test-arm64-arm64-xl-vhd                                      pass    
 test-armhf-armhf-xl-vhd                                      pass    
 test-amd64-i386-xl-vhd                                       pass    


------------------------------------------------------------
sg-report-flight on osstest.test-lab.xenproject.org
logs: /home/logs/logs
images: /home/logs/images

Logs, config files, etc. are available at
    http://logs.test-lab.xenproject.org/osstest/logs

Explanation of these reports, and of osstest in general, is at
    http://xenbits.xen.org/gitweb/?p=osstest.git;a=blob;f=README.email;hb=master
    http://xenbits.xen.org/gitweb/?p=osstest.git;a=blob;f=README;hb=master

Test harness code can be found at
    http://xenbits.xen.org/gitweb?p=osstest.git;a=summary


Pushing revision :

hint: The 'hooks/update' hook was ignored because it's not set as executable.
hint: You can disable this warning with `git config advice.ignoredHook false`.
hint: The 'hooks/post-receive' hook was ignored because it's not set as 
executable.
hint: You can disable this warning with `git config advice.ignoredHook false`.
hint: The 'hooks/post-update' hook was ignored because it's not set as 
executable.
hint: You can disable this warning with `git config advice.ignoredHook false`.
To xenbits.xen.org:/home/xen/git/linux-pvops.git
   a31bd366116c..f0c280af0ec7  f0c280af0ec7c79cf043594974206d87c3c46524 -> 
tested/linux-5.4

Reply via email to