flight 170876 linux-5.4 real [real] http://logs.test-lab.xenproject.org/osstest/logs/170876/
Regressions :-( Tests which did not succeed and are blocking, including tests which could not be run: test-armhf-armhf-xl-credit1 <job status> broken test-armhf-armhf-xl-credit1 14 guest-start fail in 170846 REGR. vs. 170736 Tests which are failing intermittently (not blocking): test-armhf-armhf-xl-credit1 5 host-install(5) broken pass in 170860 test-amd64-i386-examine-uefi 6 xen-install fail in 170846 pass in 170876 test-armhf-armhf-xl-multivcpu 14 guest-start fail in 170846 pass in 170876 test-armhf-armhf-xl-arndale 18 guest-start/debian.repeat fail in 170846 pass in 170876 test-arm64-arm64-libvirt-raw 17 guest-start/debian.repeat fail in 170846 pass in 170876 test-amd64-amd64-xl-qemuu-debianhvm-amd64-shadow 18 guest-localmigrate/x10 fail in 170860 pass in 170876 test-armhf-armhf-libvirt-qcow2 13 guest-start fail in 170860 pass in 170876 test-armhf-armhf-xl-credit2 14 guest-start fail pass in 170846 Tests which did not succeed, but are not blocking: test-armhf-armhf-xl-credit2 18 guest-start/debian.repeat fail in 170846 like 170736 test-armhf-armhf-xl-rtds 18 guest-start/debian.repeat fail in 170846 like 170736 test-armhf-armhf-xl-credit2 15 migrate-support-check fail in 170846 never pass test-armhf-armhf-xl-credit2 16 saverestore-support-check fail in 170846 never pass test-armhf-armhf-xl-multivcpu 18 guest-start/debian.repeat fail in 170860 like 170724 test-armhf-armhf-libvirt-raw 15 saverestore-support-check fail like 170724 test-amd64-amd64-xl-qemuu-win7-amd64 19 guest-stop fail like 170736 test-amd64-amd64-xl-qemut-win7-amd64 19 guest-stop fail like 170736 test-amd64-i386-xl-qemut-win7-amd64 19 guest-stop fail like 170736 test-amd64-i386-xl-qemuu-win7-amd64 19 guest-stop fail like 170736 test-armhf-armhf-libvirt 16 saverestore-support-check fail like 170736 test-amd64-amd64-qemuu-nested-amd 20 debian-hvm-install/l1/l2 fail like 170736 test-amd64-amd64-xl-qemuu-ws16-amd64 19 guest-stop fail like 170736 test-amd64-i386-xl-qemut-ws16-amd64 19 guest-stop fail like 170736 test-armhf-armhf-libvirt-qcow2 15 saverestore-support-check fail like 170736 test-amd64-amd64-xl-qemut-ws16-amd64 19 guest-stop fail like 170736 test-amd64-i386-xl-qemuu-ws16-amd64 19 guest-stop fail like 170736 test-amd64-i386-libvirt-xsm 15 migrate-support-check fail never pass test-amd64-amd64-libvirt-xsm 15 migrate-support-check fail never pass test-amd64-i386-xl-pvshim 14 guest-start fail never pass test-amd64-i386-libvirt 15 migrate-support-check fail never pass test-arm64-arm64-xl-seattle 15 migrate-support-check fail never pass test-arm64-arm64-xl-seattle 16 saverestore-support-check fail never pass test-amd64-amd64-libvirt 15 migrate-support-check fail never pass test-arm64-arm64-xl-credit1 15 migrate-support-check fail never pass test-arm64-arm64-xl-credit1 16 saverestore-support-check fail never pass test-arm64-arm64-xl-credit2 15 migrate-support-check fail never pass test-arm64-arm64-xl-credit2 16 saverestore-support-check fail never pass test-arm64-arm64-xl 15 migrate-support-check fail never pass test-arm64-arm64-xl 16 saverestore-support-check fail never pass test-arm64-arm64-xl-thunderx 15 migrate-support-check fail never pass test-arm64-arm64-xl-xsm 15 migrate-support-check fail never pass test-arm64-arm64-xl-thunderx 16 saverestore-support-check fail never pass test-arm64-arm64-xl-xsm 16 saverestore-support-check fail never pass test-amd64-i386-libvirt-qemuu-debianhvm-amd64-xsm 13 migrate-support-check fail never pass test-armhf-armhf-xl-arndale 15 migrate-support-check fail never pass test-armhf-armhf-xl-arndale 16 saverestore-support-check fail never pass test-armhf-armhf-xl-multivcpu 15 migrate-support-check fail never pass test-armhf-armhf-xl-multivcpu 16 saverestore-support-check fail never pass test-amd64-amd64-libvirt-vhd 14 migrate-support-check fail never pass test-amd64-amd64-libvirt-qemuu-debianhvm-amd64-xsm 13 migrate-support-check fail never pass test-arm64-arm64-libvirt-xsm 15 migrate-support-check fail never pass test-arm64-arm64-libvirt-xsm 16 saverestore-support-check fail never pass test-amd64-i386-libvirt-raw 14 migrate-support-check fail never pass test-arm64-arm64-libvirt-raw 14 migrate-support-check fail never pass test-arm64-arm64-libvirt-raw 15 saverestore-support-check fail never pass test-armhf-armhf-xl-cubietruck 15 migrate-support-check fail never pass test-armhf-armhf-xl-cubietruck 16 saverestore-support-check fail never pass test-armhf-armhf-xl 15 migrate-support-check fail never pass test-armhf-armhf-xl 16 saverestore-support-check fail never pass test-armhf-armhf-libvirt 15 migrate-support-check fail never pass test-arm64-arm64-xl-vhd 14 migrate-support-check fail never pass test-arm64-arm64-xl-vhd 15 saverestore-support-check fail never pass test-armhf-armhf-xl-rtds 15 migrate-support-check fail never pass test-armhf-armhf-xl-rtds 16 saverestore-support-check fail never pass test-armhf-armhf-libvirt-qcow2 14 migrate-support-check fail never pass test-armhf-armhf-xl-vhd 14 migrate-support-check fail never pass test-armhf-armhf-xl-vhd 15 saverestore-support-check fail never pass test-armhf-armhf-libvirt-raw 14 migrate-support-check fail never pass version targeted for testing: linux 35c6471fd2c181f6e5e0b292dc759b49dbd95d6a baseline version: linux 04b092e4a01a3488e762897e2d29f85eda2c6a60 Last test of basis 170736 2022-05-25 18:40:38 Z 13 days Testing same since 170843 2022-06-06 06:44:17 Z 2 days 4 attempts ------------------------------------------------------------ People who touched revisions under test: Akira Yokosawa <[email protected]> Andrew Morton <[email protected]> Andy Lutomirski <[email protected]> Andy Shevchenko <[email protected]> Anna Schumaker <[email protected]> Ard Biesheuvel <[email protected]> Ariadne Conill <[email protected]> Aristeu Rozanski <[email protected]> Benjamin Tissoires <[email protected]> Christian Brauner <[email protected]> Chuck Lever <[email protected]> Dan Carpenter <[email protected]> Daniel Borkmann <[email protected]> Daniel Thompson <[email protected]> David Howells <[email protected]> David S. Miller <[email protected]> Denis Efremov (Oracle) <[email protected]> Dmitry Mastykin <[email protected]> Dmitry Torokhov <[email protected]> Eric Dumazet <[email protected]> Florian Westphal <[email protected]> Greg Kroah-Hartman <[email protected]> Guenter Roeck <[email protected]> Gustavo A. R. Silva <[email protected]> Hans Verkuil <[email protected]> Herbert Xu <[email protected]> Hulk Robot <[email protected]> IotaHydrae <[email protected]> Jakub Kicinski <[email protected]> Jarkko Sakkinen <[email protected]> Jiri Kosina <[email protected]> Joel Stanley <[email protected]> Johannes Berg <[email protected]> Jonathan Corbet <[email protected]> Kees Cook <[email protected]> Linus Torvalds <[email protected]> Linus Walleij <[email protected]> Linux Kernel Functional Testing <[email protected]> Liu Jian <[email protected]> Lorenzo Pieralisi <[email protected]> Luca Coelho <[email protected]> Marek Maslanka <[email protected]> Marek Maślanka <[email protected]> Mariusz Tkaczyk <[email protected]> Mark-PK Tsai <[email protected]> Mauro Carvalho Chehab <[email protected]> Mika Westerberg <[email protected]> Mike Snitzer <[email protected]> Mikulas Patocka <[email protected]> Milan Broz <[email protected]> Minchan Kim <[email protected]> Miri Korenblit <[email protected]> Noah Meyerhans <[email protected]> Noah Meyerhans <[email protected]> Pablo Neira Ayuso <[email protected]> Piyush Malgujar <[email protected]> Rafael J. Wysocki <[email protected]> Sakari Ailus <[email protected]> Sarthak Kukreti <[email protected]> Sasha Levin <[email protected]> Song Liu <[email protected]> Song Liu <[email protected]> Stefan Ghinea <[email protected]> Stefan Mahnke-Hartmann <[email protected]> Steffen Klassert <[email protected]> Stephen Brennan <[email protected]> Sudip Mukherjee <[email protected]> Sultan Alsawaf <[email protected]> Szymon Balcerak <[email protected]> Thomas Bartschies <[email protected]> Thomas Gleixner <[email protected]> Trond Myklebust <[email protected]> Vegard Nossum <[email protected]> Veronika Kabatova <[email protected]> Vitaly Chikunov <[email protected]> Willy Tarreau <[email protected]> Wolfram Sang <[email protected]> Xiu Jianfeng <[email protected]> jobs: build-amd64-xsm pass build-arm64-xsm pass build-i386-xsm pass build-amd64 pass build-arm64 pass build-armhf pass build-i386 pass build-amd64-libvirt pass build-arm64-libvirt pass build-armhf-libvirt pass build-i386-libvirt pass build-amd64-pvops pass build-arm64-pvops pass build-armhf-pvops pass build-i386-pvops pass test-amd64-amd64-xl pass test-amd64-coresched-amd64-xl pass test-arm64-arm64-xl pass test-armhf-armhf-xl pass test-amd64-i386-xl pass test-amd64-coresched-i386-xl pass test-amd64-amd64-libvirt-qemuu-debianhvm-amd64-xsm pass test-amd64-i386-libvirt-qemuu-debianhvm-amd64-xsm pass test-amd64-amd64-xl-qemut-stubdom-debianhvm-amd64-xsm pass test-amd64-i386-xl-qemut-stubdom-debianhvm-amd64-xsm pass test-amd64-amd64-xl-qemut-debianhvm-i386-xsm pass test-amd64-i386-xl-qemut-debianhvm-i386-xsm pass test-amd64-amd64-xl-qemuu-debianhvm-i386-xsm pass test-amd64-i386-xl-qemuu-debianhvm-i386-xsm pass test-amd64-amd64-libvirt-xsm pass test-arm64-arm64-libvirt-xsm pass test-amd64-i386-libvirt-xsm pass test-amd64-amd64-xl-xsm pass test-arm64-arm64-xl-xsm pass test-amd64-i386-xl-xsm pass test-amd64-amd64-qemuu-nested-amd fail test-amd64-amd64-xl-pvhv2-amd pass test-amd64-i386-qemut-rhel6hvm-amd pass test-amd64-i386-qemuu-rhel6hvm-amd pass test-amd64-amd64-dom0pvh-xl-amd pass test-amd64-amd64-xl-qemut-debianhvm-amd64 pass test-amd64-i386-xl-qemut-debianhvm-amd64 pass test-amd64-amd64-xl-qemuu-debianhvm-amd64 pass test-amd64-i386-xl-qemuu-debianhvm-amd64 pass test-amd64-i386-freebsd10-amd64 pass test-amd64-amd64-qemuu-freebsd11-amd64 pass test-amd64-amd64-qemuu-freebsd12-amd64 pass test-amd64-amd64-xl-qemuu-ovmf-amd64 pass test-amd64-i386-xl-qemuu-ovmf-amd64 pass test-amd64-amd64-xl-qemut-win7-amd64 fail test-amd64-i386-xl-qemut-win7-amd64 fail test-amd64-amd64-xl-qemuu-win7-amd64 fail test-amd64-i386-xl-qemuu-win7-amd64 fail test-amd64-amd64-xl-qemut-ws16-amd64 fail test-amd64-i386-xl-qemut-ws16-amd64 fail test-amd64-amd64-xl-qemuu-ws16-amd64 fail test-amd64-i386-xl-qemuu-ws16-amd64 fail test-armhf-armhf-xl-arndale pass test-amd64-amd64-examine-bios pass test-amd64-i386-examine-bios pass test-amd64-amd64-xl-credit1 pass test-arm64-arm64-xl-credit1 pass test-armhf-armhf-xl-credit1 broken test-amd64-amd64-xl-credit2 pass test-arm64-arm64-xl-credit2 pass test-armhf-armhf-xl-credit2 fail test-armhf-armhf-xl-cubietruck pass test-amd64-amd64-xl-qemuu-dmrestrict-amd64-dmrestrict pass test-amd64-i386-xl-qemuu-dmrestrict-amd64-dmrestrict pass test-amd64-amd64-examine pass test-arm64-arm64-examine pass test-armhf-armhf-examine pass test-amd64-i386-examine pass test-amd64-i386-freebsd10-i386 pass test-amd64-amd64-qemuu-nested-intel pass test-amd64-amd64-xl-pvhv2-intel pass test-amd64-i386-qemut-rhel6hvm-intel pass test-amd64-i386-qemuu-rhel6hvm-intel pass test-amd64-amd64-dom0pvh-xl-intel pass test-amd64-amd64-libvirt pass test-armhf-armhf-libvirt pass test-amd64-i386-libvirt pass test-amd64-amd64-xl-multivcpu pass test-armhf-armhf-xl-multivcpu pass test-amd64-amd64-pair pass test-amd64-i386-pair pass test-amd64-amd64-libvirt-pair pass test-amd64-i386-libvirt-pair pass test-amd64-amd64-xl-pvshim pass test-amd64-i386-xl-pvshim fail test-amd64-amd64-pygrub pass test-armhf-armhf-libvirt-qcow2 pass test-amd64-amd64-xl-qcow2 pass test-arm64-arm64-libvirt-raw pass test-armhf-armhf-libvirt-raw pass test-amd64-i386-libvirt-raw pass test-amd64-amd64-xl-rtds pass test-armhf-armhf-xl-rtds pass test-arm64-arm64-xl-seattle pass test-amd64-amd64-xl-qemuu-debianhvm-amd64-shadow pass test-amd64-i386-xl-qemuu-debianhvm-amd64-shadow pass test-amd64-amd64-xl-shadow pass test-amd64-i386-xl-shadow pass test-arm64-arm64-xl-thunderx pass test-amd64-amd64-examine-uefi pass test-amd64-i386-examine-uefi pass test-amd64-amd64-libvirt-vhd pass test-arm64-arm64-xl-vhd pass test-armhf-armhf-xl-vhd pass test-amd64-i386-xl-vhd pass ------------------------------------------------------------ sg-report-flight on osstest.test-lab.xenproject.org logs: /home/logs/logs images: /home/logs/images Logs, config files, etc. are available at http://logs.test-lab.xenproject.org/osstest/logs Explanation of these reports, and of osstest in general, is at http://xenbits.xen.org/gitweb/?p=osstest.git;a=blob;f=README.email;hb=master http://xenbits.xen.org/gitweb/?p=osstest.git;a=blob;f=README;hb=master Test harness code can be found at http://xenbits.xen.org/gitweb?p=osstest.git;a=summary broken-job test-armhf-armhf-xl-credit1 broken broken-step test-armhf-armhf-xl-credit1 host-install(5) Not pushing. (No revision log; it would be 1081 lines long.)
