flight 170717 linux-linus real [real]
http://logs.test-lab.xenproject.org/osstest/logs/170717/

Regressions :-(

Tests which did not succeed and are blocking,
including tests which could not be run:
 test-amd64-amd64-dom0pvh-xl-amd 14 guest-start           fail REGR. vs. 170714
 test-amd64-amd64-dom0pvh-xl-intel 14 guest-start         fail REGR. vs. 170714
 test-arm64-arm64-xl-seattle  14 guest-start              fail REGR. vs. 170714
 test-amd64-amd64-xl-pvhv2-intel 14 guest-start           fail REGR. vs. 170714
 test-amd64-amd64-xl-pvshim   14 guest-start              fail REGR. vs. 170714
 test-amd64-amd64-xl-shadow   14 guest-start              fail REGR. vs. 170714
 test-amd64-amd64-xl-pvhv2-amd 14 guest-start             fail REGR. vs. 170714
 test-amd64-amd64-libvirt     14 guest-start              fail REGR. vs. 170714
 test-amd64-amd64-libvirt-xsm 14 guest-start              fail REGR. vs. 170714
 test-amd64-amd64-xl          14 guest-start              fail REGR. vs. 170714
 test-amd64-amd64-pair        25 guest-start/debian       fail REGR. vs. 170714
 test-amd64-amd64-freebsd11-amd64 13 guest-start          fail REGR. vs. 170714
 test-amd64-amd64-xl-credit2  14 guest-start              fail REGR. vs. 170714
 test-amd64-amd64-xl-multivcpu 14 guest-start             fail REGR. vs. 170714
 test-amd64-amd64-xl-credit1  14 guest-start              fail REGR. vs. 170714
 test-amd64-amd64-xl-xsm      14 guest-start              fail REGR. vs. 170714
 test-amd64-coresched-amd64-xl 14 guest-start             fail REGR. vs. 170714
 test-arm64-arm64-xl          14 guest-start              fail REGR. vs. 170714
 test-arm64-arm64-xl-credit1  14 guest-start              fail REGR. vs. 170714
 test-arm64-arm64-xl-credit2  14 guest-start              fail REGR. vs. 170714
 test-arm64-arm64-xl-thunderx 14 guest-start              fail REGR. vs. 170714
 test-arm64-arm64-xl-xsm      14 guest-start              fail REGR. vs. 170714
 test-arm64-arm64-libvirt-xsm 14 guest-start              fail REGR. vs. 170714
 test-armhf-armhf-xl-arndale  14 guest-start              fail REGR. vs. 170714
 test-amd64-amd64-xl-qemuu-dmrestrict-amd64-dmrestrict 12 debian-hvm-install 
fail REGR. vs. 170714
 test-amd64-amd64-libvirt-pair 25 guest-start/debian      fail REGR. vs. 170714
 test-amd64-amd64-xl-qemut-stubdom-debianhvm-amd64-xsm 12 debian-hvm-install 
fail REGR. vs. 170714
 test-amd64-amd64-qemuu-nested-amd 12 debian-hvm-install  fail REGR. vs. 170714
 test-armhf-armhf-xl-credit1  14 guest-start              fail REGR. vs. 170714
 test-amd64-amd64-xl-qemuu-debianhvm-i386-xsm 12 debian-hvm-install fail REGR. 
vs. 170714
 test-amd64-amd64-xl-qemut-debianhvm-amd64 12 debian-hvm-install fail REGR. vs. 
170714
 test-amd64-amd64-xl-qemuu-debianhvm-amd64 12 debian-hvm-install fail REGR. vs. 
170714
 test-amd64-amd64-xl-qemuu-debianhvm-amd64-shadow 12 debian-hvm-install fail 
REGR. vs. 170714
 test-armhf-armhf-xl-multivcpu 14 guest-start             fail REGR. vs. 170714
 test-amd64-amd64-qemuu-nested-intel 12 debian-hvm-install fail REGR. vs. 170714
 test-amd64-amd64-xl-qemuu-ovmf-amd64 12 debian-hvm-install fail REGR. vs. 
170714
 test-amd64-amd64-freebsd12-amd64 13 guest-start          fail REGR. vs. 170714
 test-armhf-armhf-xl-cubietruck 14 guest-start            fail REGR. vs. 170714
 test-amd64-amd64-libvirt-qemuu-debianhvm-amd64-xsm 12 debian-hvm-install fail 
REGR. vs. 170714
 test-amd64-amd64-xl-qemut-debianhvm-i386-xsm 12 debian-hvm-install fail REGR. 
vs. 170714
 test-amd64-amd64-pygrub      12 debian-di-install        fail REGR. vs. 170714
 test-armhf-armhf-xl-credit2  14 guest-start              fail REGR. vs. 170714
 test-amd64-amd64-libvirt-qcow2 12 debian-di-install      fail REGR. vs. 170714
 test-amd64-amd64-libvirt-raw 12 debian-di-install        fail REGR. vs. 170714
 test-amd64-amd64-xl-vhd      12 debian-di-install        fail REGR. vs. 170714
 test-armhf-armhf-libvirt     14 guest-start              fail REGR. vs. 170714
 test-arm64-arm64-xl-vhd      12 debian-di-install        fail REGR. vs. 170714
 test-arm64-arm64-libvirt-raw 12 debian-di-install        fail REGR. vs. 170714
 test-armhf-armhf-libvirt-raw 12 debian-di-install        fail REGR. vs. 170714
 test-armhf-armhf-libvirt-qcow2 12 debian-di-install      fail REGR. vs. 170714
 test-armhf-armhf-xl          14 guest-start              fail REGR. vs. 170714
 test-armhf-armhf-xl-vhd      12 debian-di-install        fail REGR. vs. 170714

Regressions which are regarded as allowable (not blocking):
 test-amd64-amd64-xl-rtds     14 guest-start              fail REGR. vs. 170714
 test-armhf-armhf-xl-rtds     14 guest-start              fail REGR. vs. 170714

Tests which did not succeed, but are not blocking:
 test-amd64-amd64-xl-qemut-win7-amd64 19 guest-stop            fail like 170714
 test-amd64-amd64-xl-qemuu-ws16-amd64 19 guest-stop            fail like 170714
 test-amd64-amd64-xl-qemut-ws16-amd64 19 guest-stop            fail like 170714
 test-amd64-amd64-xl-qemuu-win7-amd64 19 guest-stop            fail like 170714

version targeted for testing:
 linux                143a6252e1b8ab424b4b293512a97cca7295c182
baseline version:
 linux                d6ecaa0024485effd065124fe774de2e22095f2d

Last test of basis   170714  2022-05-24 03:27:44 Z    0 days
Testing same since   170716  2022-05-24 11:12:06 Z    0 days    2 attempts

------------------------------------------------------------
People who touched revisions under test:
  "Eric W. Biederman" <[email protected]>
  Alexander Egorenkov <[email protected]>
  Alexander Gordeev <[email protected]>
  Alexandre Belloni <[email protected]>
  Alexandru Elisei <[email protected]>
  Andre Przywara <[email protected]>
  Anshuman Khandual <[email protected]>
  Ard Biesheuvel <[email protected]>
  Baolin Wang <[email protected]>
  Baoquan He <[email protected]>
  Borislav Petkov <[email protected]>
  Catalin Marinas <[email protected]>
  Chen Zhongjin <[email protected]>
  Chen Zhou <[email protected]>
  Chengming Zhou <[email protected]>
  Dan Carpenter <[email protected]>
  Daniel Beer <[email protected]>
  Daniel Lezcano <[email protected]>
  Darryn Anton Jordan <[email protected]>
  Dave Hansen <[email protected]>
  Dave Kleikamp <[email protected]>
  David Arcari <[email protected]>
  David E. Box <[email protected]>
  David Sterba <[email protected]>
  Deyan Wang <[email protected]>
  Frank Crawford <[email protected]>
  Gabriele Mazzotta <[email protected]>
  Geert Uytterhoeven <[email protected]>
  Geert Uytterhoeven <[email protected]>
  Greg Kroah-Hartman <[email protected]>
  Guilherme G. Piccoli <[email protected]>
  Guo Ren <[email protected]>
  Guo Ren <[email protected]>
  Guo Zhengkui <[email protected]>
  Haitao Huang <[email protected]>
  Hans de Goede <[email protected]>
  Haowen Bai <[email protected]>
  Harald Freudenberger <[email protected]>
  Hector Martin <[email protected]>
  Heikki Krogerus <[email protected]>
  Heiko Carstens <[email protected]>
  Ilkka Koskinen <[email protected]>
  Ilya Leoshkevich <[email protected]>
  Jakob Koschel <[email protected]>
  Jarkko Sakkinen <[email protected]>
  Jason Wang <[email protected]>
  Jithu Joseph <[email protected]>
  John Donnelly  <[email protected]>
  Jorge Lopez <[email protected]>
  Juerg Haefliger <[email protected]>
  Juerg Haefliger <[email protected]>
  Juergen Gross <[email protected]>
  Julia Lawall <[email protected]>
  Kefeng Wang <[email protected]>
  Laurent Vivier <[email protected]>
  Linu Cherian <[email protected]>
  Linus Torvalds <[email protected]>
  Linus Walleij <[email protected]>
  Luca Miccio <[email protected]>
  Luca Stefani <[email protected]>
  Madhavan T. Venkataraman <[email protected]>
  Marc Zyngier <[email protected]>
  Marco Elver <[email protected]>
  Marek Szyprowski <[email protected]>
  Mario Limonciello <[email protected]>
  Mark Brown <[email protected]>
  Mark Pearson <[email protected]>
  Mark Pearson <[email protected]>
  Mark Rutland <[email protected]
  Mark Rutland <[email protected]>
  Masahiro Yamada <[email protected]>
  Matteo Croce <[email protected]>
  Max Filippov <[email protected]>
  Maximilian Heyne <[email protected]>
  Maximilian Luz <[email protected]>
  Michael Niewöhner <[email protected]>
  Michael Schmitz <[email protected]>
  Michael Shych <[email protected]>
  Michal Orzel <[email protected]>
  Minghao Chi <[email protected]>
  Naresh Kamboju <[email protected]>
  Nathan Chancellor <[email protected]>
  Naveen Krishna Chatradhi <[email protected]>
  Nick Desaulniers <[email protected]>
  Nick Hawkins <[email protected]>
  Niklas Schnelle <[email protected]>
  Oleksandr Tyshchenko <[email protected]> # Arm64 only
  Pali Rohár <[email protected]>
  Palmer Dabbelt <[email protected]>
  Paul Gortmaker <[email protected]>
  Peter Collingbourne <[email protected]>
  Peter Oberparleiter <[email protected]>
  Peter Zijlstra (Intel) <[email protected]>
  Peter Zijlstra <[email protected]>
  Pingfan Liu <[email protected]>
  Prarit Bhargava <[email protected]>
  Qi Liu <[email protected]>
  Randy Dunlap <[email protected]>
  Reinette Chatre <[email protected]>
  Ren Yu <[email protected]>
  Ren Zhijie <[email protected]>
  Rob Herring <[email protected]>
  Robin Murphy <[email protected]>
  Roger Pau Monné <[email protected]>
  Russell King (Oracle) <[email protected]>
  Sebastian Andrzej Siewior <[email protected]>
  SeongJae Park <[email protected]>
  Shaokun Zhang <[email protected]>
  Srinivas Pandruvada <[email protected]>
  Stefano Stabellini <[email protected]>
  Steven Rostedt (Google) <[email protected]>
  Suma Hegde <[email protected]>
  Sumanth Korikkar <[email protected]>
  Sven Schnelle <[email protected]>
  Tanmay Jagdale <[email protected]>
  Thomas Huth <[email protected]>
  Thomas Richter <[email protected]>
  Thomas Weißschuh <[email protected]>
  Tom Rix <[email protected]>
  Tong Tiangen <[email protected]>
  Tony Luck <[email protected]>
  Valentin Schneider <[email protected]>
  Vasily Gorbik <[email protected]>
  Wan Jiabing <[email protected]>
  Wang Kefeng <[email protected]>
  Will Deacon <[email protected]>
  Yang Li <[email protected]>
  Yi Yang <[email protected]>
  Zhen Lei <[email protected]>

jobs:
 build-amd64-xsm                                              pass    
 build-arm64-xsm                                              pass    
 build-i386-xsm                                               pass    
 build-amd64                                                  pass    
 build-arm64                                                  pass    
 build-armhf                                                  pass    
 build-i386                                                   pass    
 build-amd64-libvirt                                          pass    
 build-arm64-libvirt                                          pass    
 build-armhf-libvirt                                          pass    
 build-i386-libvirt                                           pass    
 build-amd64-pvops                                            pass    
 build-arm64-pvops                                            pass    
 build-armhf-pvops                                            pass    
 build-i386-pvops                                             pass    
 test-amd64-amd64-xl                                          fail    
 test-amd64-coresched-amd64-xl                                fail    
 test-arm64-arm64-xl                                          fail    
 test-armhf-armhf-xl                                          fail    
 test-amd64-amd64-libvirt-qemuu-debianhvm-amd64-xsm           fail    
 test-amd64-amd64-xl-qemut-stubdom-debianhvm-amd64-xsm        fail    
 test-amd64-amd64-xl-qemut-debianhvm-i386-xsm                 fail    
 test-amd64-amd64-xl-qemuu-debianhvm-i386-xsm                 fail    
 test-amd64-amd64-libvirt-xsm                                 fail    
 test-arm64-arm64-libvirt-xsm                                 fail    
 test-amd64-amd64-xl-xsm                                      fail    
 test-arm64-arm64-xl-xsm                                      fail    
 test-amd64-amd64-qemuu-nested-amd                            fail    
 test-amd64-amd64-xl-pvhv2-amd                                fail    
 test-amd64-amd64-dom0pvh-xl-amd                              fail    
 test-amd64-amd64-xl-qemut-debianhvm-amd64                    fail    
 test-amd64-amd64-xl-qemuu-debianhvm-amd64                    fail    
 test-amd64-amd64-freebsd11-amd64                             fail    
 test-amd64-amd64-freebsd12-amd64                             fail    
 test-amd64-amd64-xl-qemuu-ovmf-amd64                         fail    
 test-amd64-amd64-xl-qemut-win7-amd64                         fail    
 test-amd64-amd64-xl-qemuu-win7-amd64                         fail    
 test-amd64-amd64-xl-qemut-ws16-amd64                         fail    
 test-amd64-amd64-xl-qemuu-ws16-amd64                         fail    
 test-armhf-armhf-xl-arndale                                  fail    
 test-amd64-amd64-examine-bios                                pass    
 test-amd64-amd64-xl-credit1                                  fail    
 test-arm64-arm64-xl-credit1                                  fail    
 test-armhf-armhf-xl-credit1                                  fail    
 test-amd64-amd64-xl-credit2                                  fail    
 test-arm64-arm64-xl-credit2                                  fail    
 test-armhf-armhf-xl-credit2                                  fail    
 test-armhf-armhf-xl-cubietruck                               fail    
 test-amd64-amd64-xl-qemuu-dmrestrict-amd64-dmrestrict        fail    
 test-amd64-amd64-examine                                     pass    
 test-arm64-arm64-examine                                     pass    
 test-armhf-armhf-examine                                     pass    
 test-amd64-amd64-qemuu-nested-intel                          fail    
 test-amd64-amd64-xl-pvhv2-intel                              fail    
 test-amd64-amd64-dom0pvh-xl-intel                            fail    
 test-amd64-amd64-libvirt                                     fail    
 test-armhf-armhf-libvirt                                     fail    
 test-amd64-amd64-xl-multivcpu                                fail    
 test-armhf-armhf-xl-multivcpu                                fail    
 test-amd64-amd64-pair                                        fail    
 test-amd64-amd64-libvirt-pair                                fail    
 test-amd64-amd64-xl-pvshim                                   fail    
 test-amd64-amd64-pygrub                                      fail    
 test-amd64-amd64-libvirt-qcow2                               fail    
 test-armhf-armhf-libvirt-qcow2                               fail    
 test-amd64-amd64-libvirt-raw                                 fail    
 test-arm64-arm64-libvirt-raw                                 fail    
 test-armhf-armhf-libvirt-raw                                 fail    
 test-amd64-amd64-xl-rtds                                     fail    
 test-armhf-armhf-xl-rtds                                     fail    
 test-arm64-arm64-xl-seattle                                  fail    
 test-amd64-amd64-xl-qemuu-debianhvm-amd64-shadow             fail    
 test-amd64-amd64-xl-shadow                                   fail    
 test-arm64-arm64-xl-thunderx                                 fail    
 test-amd64-amd64-examine-uefi                                pass    
 test-amd64-amd64-xl-vhd                                      fail    
 test-arm64-arm64-xl-vhd                                      fail    
 test-armhf-armhf-xl-vhd                                      fail    


------------------------------------------------------------
sg-report-flight on osstest.test-lab.xenproject.org
logs: /home/logs/logs
images: /home/logs/images

Logs, config files, etc. are available at
    http://logs.test-lab.xenproject.org/osstest/logs

Explanation of these reports, and of osstest in general, is at
    http://xenbits.xen.org/gitweb/?p=osstest.git;a=blob;f=README.email;hb=master
    http://xenbits.xen.org/gitweb/?p=osstest.git;a=blob;f=README;hb=master

Test harness code can be found at
    http://xenbits.xen.org/gitweb?p=osstest.git;a=summary


Not pushing.

(No revision log; it would be 7627 lines long.)

Reply via email to