flight 170714 linux-linus real [real] http://logs.test-lab.xenproject.org/osstest/logs/170714/
Failures :-/ but no regressions. Tests which did not succeed, but are not blocking: test-amd64-amd64-xl-qemut-win7-amd64 19 guest-stop fail like 170711 test-amd64-amd64-qemuu-nested-amd 20 debian-hvm-install/l1/l2 fail like 170711 test-amd64-amd64-xl-qemuu-ws16-amd64 19 guest-stop fail like 170711 test-amd64-amd64-xl-qemut-ws16-amd64 19 guest-stop fail like 170711 test-amd64-amd64-xl-qemuu-win7-amd64 19 guest-stop fail like 170711 test-armhf-armhf-libvirt 16 saverestore-support-check fail like 170711 test-armhf-armhf-libvirt-raw 15 saverestore-support-check fail like 170711 test-armhf-armhf-libvirt-qcow2 15 saverestore-support-check fail like 170711 test-arm64-arm64-xl-seattle 15 migrate-support-check fail never pass test-arm64-arm64-xl-seattle 16 saverestore-support-check fail never pass test-amd64-amd64-libvirt 15 migrate-support-check fail never pass test-amd64-amd64-libvirt-xsm 15 migrate-support-check fail never pass test-arm64-arm64-xl 15 migrate-support-check fail never pass test-arm64-arm64-xl-xsm 15 migrate-support-check fail never pass test-arm64-arm64-xl 16 saverestore-support-check fail never pass test-arm64-arm64-xl-xsm 16 saverestore-support-check fail never pass test-arm64-arm64-xl-credit1 15 migrate-support-check fail never pass test-arm64-arm64-xl-credit1 16 saverestore-support-check fail never pass test-arm64-arm64-xl-credit2 15 migrate-support-check fail never pass test-arm64-arm64-xl-credit2 16 saverestore-support-check fail never pass test-arm64-arm64-xl-thunderx 15 migrate-support-check fail never pass test-arm64-arm64-xl-thunderx 16 saverestore-support-check fail never pass test-arm64-arm64-libvirt-xsm 15 migrate-support-check fail never pass test-arm64-arm64-libvirt-xsm 16 saverestore-support-check fail never pass test-amd64-amd64-libvirt-qcow2 14 migrate-support-check fail never pass test-amd64-amd64-libvirt-raw 14 migrate-support-check fail never pass test-armhf-armhf-xl-arndale 15 migrate-support-check fail never pass test-armhf-armhf-xl-arndale 16 saverestore-support-check fail never pass test-arm64-arm64-libvirt-raw 14 migrate-support-check fail never pass test-arm64-arm64-libvirt-raw 15 saverestore-support-check fail never pass test-armhf-armhf-xl-credit1 15 migrate-support-check fail never pass test-armhf-armhf-xl-credit1 16 saverestore-support-check fail never pass test-armhf-armhf-xl-multivcpu 15 migrate-support-check fail never pass test-armhf-armhf-xl-multivcpu 16 saverestore-support-check fail never pass test-arm64-arm64-xl-vhd 14 migrate-support-check fail never pass test-arm64-arm64-xl-vhd 15 saverestore-support-check fail never pass test-armhf-armhf-xl-cubietruck 15 migrate-support-check fail never pass test-armhf-armhf-xl-cubietruck 16 saverestore-support-check fail never pass test-amd64-amd64-libvirt-qemuu-debianhvm-amd64-xsm 13 migrate-support-check fail never pass test-armhf-armhf-xl-credit2 15 migrate-support-check fail never pass test-armhf-armhf-xl-credit2 16 saverestore-support-check fail never pass test-armhf-armhf-libvirt 15 migrate-support-check fail never pass test-armhf-armhf-libvirt-raw 14 migrate-support-check fail never pass test-armhf-armhf-xl-rtds 15 migrate-support-check fail never pass test-armhf-armhf-xl-rtds 16 saverestore-support-check fail never pass test-armhf-armhf-libvirt-qcow2 14 migrate-support-check fail never pass test-armhf-armhf-xl 15 migrate-support-check fail never pass test-armhf-armhf-xl 16 saverestore-support-check fail never pass test-armhf-armhf-xl-vhd 14 migrate-support-check fail never pass test-armhf-armhf-xl-vhd 15 saverestore-support-check fail never pass version targeted for testing: linux d6ecaa0024485effd065124fe774de2e22095f2d baseline version: linux 1e57930e9f4083ad5854ab6eadffe790a8167fb4 Last test of basis 170711 2022-05-23 19:39:57 Z 0 days Testing same since 170714 2022-05-24 03:27:44 Z 0 days 1 attempts ------------------------------------------------------------ People who touched revisions under test: "yukuai (C)" <[email protected]> Almog Khaikin <[email protected]> Alviro Iskandar Setiawan <[email protected]> Ammar Faizi <[email protected]> Andi Kleen <[email protected]> Andy Lutomirski <[email protected]> Anna-Maria Behnsen <[email protected]> Anuj Gupta <[email protected]> Ard Biesheuvel <[email protected]> Arnd Bergmann <[email protected]> Baoquan He <[email protected]> Bart Van Assche <[email protected]> Boris Ostrovsky <[email protected]> Borislav Petkov <[email protected]> Brian Gerst <[email protected]> Brijesh Singh <[email protected]> Cai Huoqing <[email protected]> Carlos Bilbao <[email protected]> Catalin Marinas <[email protected]> Chaitanya Kulkarni <[email protected]> Changhui Zhong <[email protected]> Chao Yu <[email protected]> Chengming Zhou <[email protected]> Christian Brauner <[email protected]> Christian Brauner <[email protected]> Christoph Böhmwalder <[email protected]> Christoph Böhmwalder <[email protected]> [drbd] Christoph Hellwig <[email protected]> Christophe Leroy <[email protected]> Colin Ian King <[email protected]> Coly Li <[email protected]> Coly Li <[email protected]> [bcache] Damien Le Moal <[email protected]> Dan Williams <[email protected]> Daniel Thompson <[email protected]> Darrick J. Wong <[email protected]> Dave Hansen <[email protected]> David S. Miller <[email protected]> David Sloan <[email protected]> David Sterba <[email protected]> David Sterba <[email protected]> [btrfs] Diego Viola <[email protected]> Dmitry Osipenko <[email protected]> # crosvm Dongli Zhang <[email protected]> Doug Smythies <[email protected]> Dylan Yudaken <[email protected]> Enze Li <[email protected]> Eric DeVolder <[email protected]> Eric Dumazet <[email protected]> Fanjun Kong <[email protected]> Florian Fainelli <[email protected]> Florian Weimer <[email protected]> Geert Uytterhoeven <[email protected]> Goldwyn Rodrigues <[email protected]> Guenter Roeck <[email protected]> Guo Ren <[email protected]> Guoqing Jiang <[email protected]> Hao Xu <[email protected]> Haowen Bai <[email protected]> Heming Zhao <[email protected]> Ira Weiny <[email protected]> Isaku Yamahata <[email protected]> Jack Wang <[email protected]> Jaegeuk Kim <[email protected]> [f2fs] Jakob Koschel <[email protected]> Jakub Kicinski <[email protected]> Jan Höppner <[email protected]> [s390] Jan Kara <[email protected]> Jens Axboe <[email protected]> Jiapeng Chong <[email protected]> Joerg Roedel <[email protected]> John Garry <[email protected]> John Stultz <[email protected]> Josh Poimboeuf <[email protected]> Josh Poimboeuf <[email protected]> Julia Lawall <[email protected]> Kanchan Joshi <[email protected]> Kees Cook <[email protected]> Keith Busch <[email protected]> Kirill A. Shutemov <[email protected]> Krzysztof Kozlowski <[email protected]> Kuppuswamy Sathyanarayanan <[email protected]> Kurt Kanzenbach <[email protected]> Kyle Smith <[email protected]> Lad Prabhakar <[email protected]> Lai Jiangshan <[email protected]> Laibin Qiu <[email protected]> Linus Torvalds <[email protected]> Logan Gunthorpe <[email protected]> Longpeng(Mike) <[email protected]> Lucas Stach <[email protected]> Lukas Bulwahn <[email protected]> Lv Ruyi <[email protected]> Maciej W. Rozycki <[email protected]> Marc Zyngier <[email protected]> Marek Szyprowski <[email protected]> Mariusz Tkaczyk <[email protected]> Mark Rutland <[email protected]> Mark Rutland <[email protected]> [arm64] Martin K. Petersen <[email protected]> Matthieu Baerts <[email protected]> Max Filippov <[email protected]> Max Gurtovoy <[email protected]> Michael Ellerman <[email protected]> Michael Ellerman <[email protected]> (powerpc) Michael Roth <[email protected]> Michal Orzel <[email protected]> Michal Simek <[email protected]> Mike Snitzer <[email protected]> Mike Travis <[email protected]> Ming Lei <[email protected]> Minghao Chi <[email protected]> Muralidhara M K <[email protected]> Nathan Rossi <[email protected]> Naveen Krishna Chatradhi <[email protected]> Nicholas Piggin <[email protected]> Nikolai Zhubr <[email protected]> Pali Rohár <[email protected]> Pascal Hambourg <[email protected]> Paul E. McKenney <[email protected]> Paul Gortmaker <[email protected]> Pavel Begunkov <[email protected]> Peter Gonda <[email protected]> Peter Zijlstra (Intel) <[email protected]> Peter Zijlstra <[email protected]> Phillip Lougher <[email protected]> Phillip Potter <[email protected]> Rafael J. Wysocki <[email protected]> Randy Dunlap <[email protected]> Ricardo Cañuelo <[email protected]> Rob Herring <[email protected]> Robin Murphy <[email protected]> Ryusuke Konishi <[email protected]> Ryusuke Konishi <[email protected]> [nifs2] Samuel Holland <[email protected]> Scott Wood <[email protected]> Sean Christopherson <[email protected]> Sean Christopherson <[email protected]> Sebastian Andrzej Siewior <[email protected]> Sergey Shtylyov <[email protected]> Sherry Sun <[email protected]> Shuai Xue <[email protected]> Shubhrajyoti Datta <[email protected]> Smita Koralahalli <[email protected]> Smith, Kyle Miller (Nimble Kernel) <[email protected]> Song Liu <[email protected]> Stefan Roesch <[email protected]> Stefan Roese <[email protected]> Stephen Boyd <[email protected]> Steve Wahl <[email protected]> Steven Price <[email protected]> Steven Rostedt (Google) <[email protected]> Sven Schnelle <[email protected]> # s390 [email protected] tangmeng <[email protected]> Tejun Heo <[email protected]> Tetsuo Handa <[email protected]> Thierry Reding <[email protected]> Thomas Gleixner <[email protected]> Tom Lendacky <[email protected]> Tom Rix <[email protected]> Tom Yan <[email protected]> Tony Luck <[email protected]> Tyler Hicks <[email protected]> Uladzislau Rezki (Sony) <[email protected]> Vasily Averin <[email protected]> Wan Jiabing <[email protected]> Wolfgang Bumiller <[email protected]> Xiao Yang <[email protected]> Xiaomeng Tong <[email protected]> Xie Yongji <[email protected]> Yang Yingliang <[email protected]> Yazen Ghannam <[email protected]> Yu Kuai <[email protected]> YueHaibing <[email protected]> Yury Norov <[email protected]> Zhihao Cheng <[email protected]> jobs: build-amd64-xsm pass build-arm64-xsm pass build-i386-xsm pass build-amd64 pass build-arm64 pass build-armhf pass build-i386 pass build-amd64-libvirt pass build-arm64-libvirt pass build-armhf-libvirt pass build-i386-libvirt pass build-amd64-pvops pass build-arm64-pvops pass build-armhf-pvops pass build-i386-pvops pass test-amd64-amd64-xl pass test-amd64-coresched-amd64-xl pass test-arm64-arm64-xl pass test-armhf-armhf-xl pass test-amd64-amd64-libvirt-qemuu-debianhvm-amd64-xsm pass test-amd64-amd64-xl-qemut-stubdom-debianhvm-amd64-xsm pass test-amd64-amd64-xl-qemut-debianhvm-i386-xsm pass test-amd64-amd64-xl-qemuu-debianhvm-i386-xsm pass test-amd64-amd64-libvirt-xsm pass test-arm64-arm64-libvirt-xsm pass test-amd64-amd64-xl-xsm pass test-arm64-arm64-xl-xsm pass test-amd64-amd64-qemuu-nested-amd fail test-amd64-amd64-xl-pvhv2-amd pass test-amd64-amd64-dom0pvh-xl-amd pass test-amd64-amd64-xl-qemut-debianhvm-amd64 pass test-amd64-amd64-xl-qemuu-debianhvm-amd64 pass test-amd64-amd64-freebsd11-amd64 pass test-amd64-amd64-freebsd12-amd64 pass test-amd64-amd64-xl-qemuu-ovmf-amd64 pass test-amd64-amd64-xl-qemut-win7-amd64 fail test-amd64-amd64-xl-qemuu-win7-amd64 fail test-amd64-amd64-xl-qemut-ws16-amd64 fail test-amd64-amd64-xl-qemuu-ws16-amd64 fail test-armhf-armhf-xl-arndale pass test-amd64-amd64-examine-bios pass test-amd64-amd64-xl-credit1 pass test-arm64-arm64-xl-credit1 pass test-armhf-armhf-xl-credit1 pass test-amd64-amd64-xl-credit2 pass test-arm64-arm64-xl-credit2 pass test-armhf-armhf-xl-credit2 pass test-armhf-armhf-xl-cubietruck pass test-amd64-amd64-xl-qemuu-dmrestrict-amd64-dmrestrict pass test-amd64-amd64-examine pass test-arm64-arm64-examine pass test-armhf-armhf-examine pass test-amd64-amd64-qemuu-nested-intel pass test-amd64-amd64-xl-pvhv2-intel pass test-amd64-amd64-dom0pvh-xl-intel pass test-amd64-amd64-libvirt pass test-armhf-armhf-libvirt pass test-amd64-amd64-xl-multivcpu pass test-armhf-armhf-xl-multivcpu pass test-amd64-amd64-pair pass test-amd64-amd64-libvirt-pair pass test-amd64-amd64-xl-pvshim pass test-amd64-amd64-pygrub pass test-amd64-amd64-libvirt-qcow2 pass test-armhf-armhf-libvirt-qcow2 pass test-amd64-amd64-libvirt-raw pass test-arm64-arm64-libvirt-raw pass test-armhf-armhf-libvirt-raw pass test-amd64-amd64-xl-rtds pass test-armhf-armhf-xl-rtds pass test-arm64-arm64-xl-seattle pass test-amd64-amd64-xl-qemuu-debianhvm-amd64-shadow pass test-amd64-amd64-xl-shadow pass test-arm64-arm64-xl-thunderx pass test-amd64-amd64-examine-uefi pass test-amd64-amd64-xl-vhd pass test-arm64-arm64-xl-vhd pass test-armhf-armhf-xl-vhd pass ------------------------------------------------------------ sg-report-flight on osstest.test-lab.xenproject.org logs: /home/logs/logs images: /home/logs/images Logs, config files, etc. are available at http://logs.test-lab.xenproject.org/osstest/logs Explanation of these reports, and of osstest in general, is at http://xenbits.xen.org/gitweb/?p=osstest.git;a=blob;f=README.email;hb=master http://xenbits.xen.org/gitweb/?p=osstest.git;a=blob;f=README;hb=master Test harness code can be found at http://xenbits.xen.org/gitweb?p=osstest.git;a=summary Pushing revision : hint: The 'hooks/update' hook was ignored because it's not set as executable. hint: You can disable this warning with `git config advice.ignoredHook false`. hint: The 'hooks/post-receive' hook was ignored because it's not set as executable. hint: You can disable this warning with `git config advice.ignoredHook false`. hint: The 'hooks/post-update' hook was ignored because it's not set as executable. hint: You can disable this warning with `git config advice.ignoredHook false`. To xenbits.xen.org:/home/xen/git/linux-pvops.git 1e57930e9f40..d6ecaa002448 d6ecaa0024485effd065124fe774de2e22095f2d -> tested/linux-linus
