flight 169100 linux-linus real [real]
flight 169121 linux-linus real-retest [real]
http://logs.test-lab.xenproject.org/osstest/logs/169100/
http://logs.test-lab.xenproject.org/osstest/logs/169121/

Failures :-/ but no regressions.

Tests which are failing intermittently (not blocking):
 test-amd64-amd64-libvirt-qcow2  8 xen-boot          fail pass in 169121-retest

Tests which did not succeed, but are not blocking:
 test-amd64-amd64-libvirt-qcow2 14 migrate-support-check fail in 169121 never 
pass
 test-amd64-amd64-xl-qemut-win7-amd64 19 guest-stop            fail like 169055
 test-armhf-armhf-libvirt     16 saverestore-support-check    fail  like 169055
 test-amd64-amd64-xl-qemuu-ws16-amd64 19 guest-stop            fail like 169055
 test-amd64-amd64-qemuu-nested-amd 20 debian-hvm-install/l1/l2 fail like 169055
 test-amd64-amd64-xl-qemut-ws16-amd64 19 guest-stop            fail like 169055
 test-amd64-amd64-xl-qemuu-win7-amd64 19 guest-stop            fail like 169055
 test-armhf-armhf-libvirt-qcow2 15 saverestore-support-check   fail like 169055
 test-armhf-armhf-libvirt-raw 15 saverestore-support-check    fail  like 169055
 test-arm64-arm64-xl-seattle  15 migrate-support-check        fail   never pass
 test-arm64-arm64-xl-seattle  16 saverestore-support-check    fail   never pass
 test-amd64-amd64-libvirt-xsm 15 migrate-support-check        fail   never pass
 test-amd64-amd64-libvirt     15 migrate-support-check        fail   never pass
 test-arm64-arm64-xl-credit2  15 migrate-support-check        fail   never pass
 test-arm64-arm64-xl-credit2  16 saverestore-support-check    fail   never pass
 test-arm64-arm64-xl-credit1  15 migrate-support-check        fail   never pass
 test-arm64-arm64-xl-thunderx 15 migrate-support-check        fail   never pass
 test-arm64-arm64-xl-credit1  16 saverestore-support-check    fail   never pass
 test-arm64-arm64-xl-thunderx 16 saverestore-support-check    fail   never pass
 test-arm64-arm64-xl-xsm      15 migrate-support-check        fail   never pass
 test-arm64-arm64-xl-xsm      16 saverestore-support-check    fail   never pass
 test-arm64-arm64-libvirt-xsm 15 migrate-support-check        fail   never pass
 test-arm64-arm64-xl          15 migrate-support-check        fail   never pass
 test-arm64-arm64-libvirt-xsm 16 saverestore-support-check    fail   never pass
 test-arm64-arm64-xl          16 saverestore-support-check    fail   never pass
 test-amd64-amd64-libvirt-qemuu-debianhvm-amd64-xsm 13 migrate-support-check 
fail never pass
 test-amd64-amd64-libvirt-raw 14 migrate-support-check        fail   never pass
 test-arm64-arm64-libvirt-raw 14 migrate-support-check        fail   never pass
 test-arm64-arm64-libvirt-raw 15 saverestore-support-check    fail   never pass
 test-armhf-armhf-xl          15 migrate-support-check        fail   never pass
 test-armhf-armhf-xl-multivcpu 15 migrate-support-check        fail  never pass
 test-armhf-armhf-xl          16 saverestore-support-check    fail   never pass
 test-armhf-armhf-xl-multivcpu 16 saverestore-support-check    fail  never pass
 test-armhf-armhf-xl-credit2  15 migrate-support-check        fail   never pass
 test-armhf-armhf-xl-credit2  16 saverestore-support-check    fail   never pass
 test-arm64-arm64-xl-vhd      14 migrate-support-check        fail   never pass
 test-arm64-arm64-xl-vhd      15 saverestore-support-check    fail   never pass
 test-armhf-armhf-xl-credit1  15 migrate-support-check        fail   never pass
 test-armhf-armhf-xl-credit1  16 saverestore-support-check    fail   never pass
 test-armhf-armhf-libvirt     15 migrate-support-check        fail   never pass
 test-armhf-armhf-xl-cubietruck 15 migrate-support-check        fail never pass
 test-armhf-armhf-xl-cubietruck 16 saverestore-support-check    fail never pass
 test-armhf-armhf-xl-rtds     15 migrate-support-check        fail   never pass
 test-armhf-armhf-xl-rtds     16 saverestore-support-check    fail   never pass
 test-armhf-armhf-libvirt-qcow2 14 migrate-support-check        fail never pass
 test-armhf-armhf-libvirt-raw 14 migrate-support-check        fail   never pass
 test-armhf-armhf-xl-arndale  15 migrate-support-check        fail   never pass
 test-armhf-armhf-xl-arndale  16 saverestore-support-check    fail   never pass
 test-armhf-armhf-xl-vhd      14 migrate-support-check        fail   never pass
 test-armhf-armhf-xl-vhd      15 saverestore-support-check    fail   never pass

version targeted for testing:
 linux                e8b767f5e04097aaedcd6e06e2270f9fe5282696
baseline version:
 linux                787af64d05cd528aac9ad16752d11bb1c6061bb9

Last test of basis   169055  2022-03-31 02:32:32 Z    1 days
Testing same since   169100  2022-04-01 04:55:02 Z    0 days    1 attempts

------------------------------------------------------------
People who touched revisions under test:
  Akira Yokosawa <[email protected]>
  Alexander Lobakin <[email protected]>
  Alexei Starovoitov <[email protected]>
  Alistair Francis <[email protected]>
  Andreas Gruenbacher <[email protected]>
  Andrew Melnychenko <[email protected]>
  Andrew Price <[email protected]>
  Andrii Nakryiko <[email protected]>
  Andy Shevchenko <[email protected]>
  Anirudh Rayabharam <[email protected]>
  Anton Ivanov <[email protected]>
  Arnaldo Carvalho de Melo <[email protected]>
  Baokun Li <[email protected]>
  Benjamin Beichler <[email protected]>
  Bhupesh Sharma <[email protected]>
  Bob Peterson <[email protected]>
  Borislav Petkov <[email protected]>
  Brendan Higgins <[email protected]>
  Changbin Du <[email protected]>
  Chris Packham <[email protected]>
  Daniel Bristot de Oliveira <[email protected]>
  David Gow <[email protected]>
  David Hildenbrand <[email protected]>
  David Howells <[email protected]>
  Derek Will <[email protected]>
  Duoming Zhou <[email protected]>
  Eduardo Valentin <[email protected]>
  Eduardo Valentin <[email protected]>
  Eelco Chaudron <[email protected]>
  Eli Cohen <[email protected]>
  Elliot Berman <[email protected]>
  Eric Dumazet <[email protected]>
  Florian Fainelli <[email protected]>
  Frédéric Danis <[email protected]>
  Gautam Dawar <[email protected]>
  Gautam Dawar <[email protected]>
  Gavin Shan <[email protected]>
  Geert Uytterhoeven <[email protected]>
  Geert Uytterhoeven <[email protected]>
  Geliang Tang <[email protected]>
  Glenn Washburn <[email protected]>
  Guangbin Huang <[email protected]>
  Guenter Roeck <[email protected]>
  Guilherme G. Piccoli <[email protected]>
  Hangyu Hua <[email protected]>
  Herbert Xu <[email protected]>
  hongnanli <[email protected]>
  Jakob Koschel <[email protected]>
  Jakub Kicinski <[email protected]>
  Jason A. Donenfeld <[email protected]>
  Jason Wang <[email protected]>
  Jean Delvare <[email protected]>
  Jeff Layton <[email protected]>
  Jeff Layton <[email protected]>
  Jeffle Xu <[email protected]>
  Jiri Olsa <[email protected]>
  Johannes Berg <[email protected]>
  Jonathan Cameron <[email protected]>
  Jonathan Corbet <[email protected]>
  Jonathan Lemon <[email protected]>
  Kees Cook <[email protected]>
  Keir Fraser <[email protected]>
  KP Singh <[email protected]>
  lei he <[email protected]>
  Linus Torvalds <[email protected]>
  Linus Walleij <[email protected]>
  Longpeng &lt;<a href="mailto:[email protected]"; 
target="_blank">[email protected]</a>&gt;<br>
  Longpeng &lt;<a href="mailto:[email protected]"; 
target="_blank">[email protected]</a>&gt;<br></blockquote><div><br></div><div>Acked-by:
 Jason Wang &lt;<a 
href="mailto:[email protected]";>[email protected]</a>&gt;</div><div> 
</div><blockquote class="gmail_quote" style="margin:0px 0px 0px 
0.8ex;border-left:1px solid rgb(204,204,204);padding-left:1ex">
  Longpeng <[email protected]>
  Maciej Fijalkowski <[email protected]>
  Magnus Karlsson <[email protected]>
  Marc Dionne <[email protected]>
  Marc Kleine-Budde <[email protected]>
  Martin Habets <[email protected]>
  Martin KaFai Lau <[email protected]>
  Martin Varghese <[email protected]>
  Masahiro Yamada <[email protected]>
  Masami Hiramatsu <[email protected]>
  Mauro Carvalho Chehab <[email protected]>
  Miaohe Lin <[email protected]>
  Miaoqian Lin <[email protected]>
  Michael Kelley <[email protected]>
  Michael Qiu <[email protected]>
  Michael S. Tsirkin <[email protected]>
  Michael Walle <[email protected]>
  Miguel Ojeda <[email protected]>
  Milan Landaverde <[email protected]>
  Nathan Chancellor <[email protected]>
  Nathan Chancellor <[email protected]> #Kconfig tweaks
  Oliver Hartkopp <[email protected]>
  Paolo Abeni <[email protected]>
  Pavel Skripkin <[email protected]>
  Peter Zijlstra (Intel) <[email protected]>
  Peter Zijlstra <[email protected]>
  Quentin Monnet <[email protected]>
  Rafael J. Wysocki <[email protected]>
  Rafał Miłecki <[email protected]>
  Randy Dunlap <[email protected]>
  Richard Weinberger <[email protected]>
  Rob Herring <[email protected]>
  Robert Richter <[email protected]>
  Roopa Prabhu <[email protected]>
  Stefano Garzarella <[email protected]>
  Stephane Graber <[email protected]>
  Stéphane Graber <[email protected]>
  Suravee Suthikulpanit <[email protected]>
  Terry Bowman <[email protected]>
  Thanh Quan <[email protected]>
  Tom Rix <[email protected]>
  Vasant Hegde <[email protected]>
  Vincent Whitchurch <[email protected]>
  Vinod Koul <[email protected]>
  Wang Hai <[email protected]>
  Wim Van Sebroeck <[email protected]>
  Xiaolong Huang <[email protected]>
  Xuan Zhuo <[email protected]>
  Yang Li <[email protected]>
  Yonghong Song <[email protected]>
  Yufeng Mo <[email protected]>
  Yuntao Wang <[email protected]>
  Zheng Yongjun <[email protected]>
  zhenwei pi <[email protected]>
  Zhihao Cheng <[email protected]>
  Zhu Lingshan <[email protected]>

jobs:
 build-amd64-xsm                                              pass    
 build-arm64-xsm                                              pass    
 build-i386-xsm                                               pass    
 build-amd64                                                  pass    
 build-arm64                                                  pass    
 build-armhf                                                  pass    
 build-i386                                                   pass    
 build-amd64-libvirt                                          pass    
 build-arm64-libvirt                                          pass    
 build-armhf-libvirt                                          pass    
 build-i386-libvirt                                           pass    
 build-amd64-pvops                                            pass    
 build-arm64-pvops                                            pass    
 build-armhf-pvops                                            pass    
 build-i386-pvops                                             pass    
 test-amd64-amd64-xl                                          pass    
 test-amd64-coresched-amd64-xl                                pass    
 test-arm64-arm64-xl                                          pass    
 test-armhf-armhf-xl                                          pass    
 test-amd64-amd64-libvirt-qemuu-debianhvm-amd64-xsm           pass    
 test-amd64-amd64-xl-qemut-stubdom-debianhvm-amd64-xsm        pass    
 test-amd64-amd64-xl-qemut-debianhvm-i386-xsm                 pass    
 test-amd64-amd64-xl-qemuu-debianhvm-i386-xsm                 pass    
 test-amd64-amd64-libvirt-xsm                                 pass    
 test-arm64-arm64-libvirt-xsm                                 pass    
 test-amd64-amd64-xl-xsm                                      pass    
 test-arm64-arm64-xl-xsm                                      pass    
 test-amd64-amd64-qemuu-nested-amd                            fail    
 test-amd64-amd64-xl-pvhv2-amd                                pass    
 test-amd64-amd64-dom0pvh-xl-amd                              pass    
 test-amd64-amd64-xl-qemut-debianhvm-amd64                    pass    
 test-amd64-amd64-xl-qemuu-debianhvm-amd64                    pass    
 test-amd64-amd64-freebsd11-amd64                             pass    
 test-amd64-amd64-freebsd12-amd64                             pass    
 test-amd64-amd64-xl-qemuu-ovmf-amd64                         pass    
 test-amd64-amd64-xl-qemut-win7-amd64                         fail    
 test-amd64-amd64-xl-qemuu-win7-amd64                         fail    
 test-amd64-amd64-xl-qemut-ws16-amd64                         fail    
 test-amd64-amd64-xl-qemuu-ws16-amd64                         fail    
 test-armhf-armhf-xl-arndale                                  pass    
 test-amd64-amd64-examine-bios                                pass    
 test-amd64-amd64-xl-credit1                                  pass    
 test-arm64-arm64-xl-credit1                                  pass    
 test-armhf-armhf-xl-credit1                                  pass    
 test-amd64-amd64-xl-credit2                                  pass    
 test-arm64-arm64-xl-credit2                                  pass    
 test-armhf-armhf-xl-credit2                                  pass    
 test-armhf-armhf-xl-cubietruck                               pass    
 test-amd64-amd64-xl-qemuu-dmrestrict-amd64-dmrestrict        pass    
 test-amd64-amd64-examine                                     pass    
 test-arm64-arm64-examine                                     pass    
 test-armhf-armhf-examine                                     pass    
 test-amd64-amd64-qemuu-nested-intel                          pass    
 test-amd64-amd64-xl-pvhv2-intel                              pass    
 test-amd64-amd64-dom0pvh-xl-intel                            pass    
 test-amd64-amd64-libvirt                                     pass    
 test-armhf-armhf-libvirt                                     pass    
 test-amd64-amd64-xl-multivcpu                                pass    
 test-armhf-armhf-xl-multivcpu                                pass    
 test-amd64-amd64-pair                                        pass    
 test-amd64-amd64-libvirt-pair                                pass    
 test-amd64-amd64-xl-pvshim                                   pass    
 test-amd64-amd64-pygrub                                      pass    
 test-amd64-amd64-libvirt-qcow2                               fail    
 test-armhf-armhf-libvirt-qcow2                               pass    
 test-amd64-amd64-libvirt-raw                                 pass    
 test-arm64-arm64-libvirt-raw                                 pass    
 test-armhf-armhf-libvirt-raw                                 pass    
 test-amd64-amd64-xl-rtds                                     pass    
 test-armhf-armhf-xl-rtds                                     pass    
 test-arm64-arm64-xl-seattle                                  pass    
 test-amd64-amd64-xl-qemuu-debianhvm-amd64-shadow             pass    
 test-amd64-amd64-xl-shadow                                   pass    
 test-arm64-arm64-xl-thunderx                                 pass    
 test-amd64-amd64-examine-uefi                                pass    
 test-amd64-amd64-xl-vhd                                      pass    
 test-arm64-arm64-xl-vhd                                      pass    
 test-armhf-armhf-xl-vhd                                      pass    


------------------------------------------------------------
sg-report-flight on osstest.test-lab.xenproject.org
logs: /home/logs/logs
images: /home/logs/images

Logs, config files, etc. are available at
    http://logs.test-lab.xenproject.org/osstest/logs

Explanation of these reports, and of osstest in general, is at
    http://xenbits.xen.org/gitweb/?p=osstest.git;a=blob;f=README.email;hb=master
    http://xenbits.xen.org/gitweb/?p=osstest.git;a=blob;f=README;hb=master

Test harness code can be found at
    http://xenbits.xen.org/gitweb?p=osstest.git;a=summary


Pushing revision :

hint: The 'hooks/update' hook was ignored because it's not set as executable.
hint: You can disable this warning with `git config advice.ignoredHook false`.
hint: The 'hooks/post-receive' hook was ignored because it's not set as 
executable.
hint: You can disable this warning with `git config advice.ignoredHook false`.
hint: The 'hooks/post-update' hook was ignored because it's not set as 
executable.
hint: You can disable this warning with `git config advice.ignoredHook false`.
To xenbits.xen.org:/home/xen/git/linux-pvops.git
   787af64d05cd..e8b767f5e040  e8b767f5e04097aaedcd6e06e2270f9fe5282696 -> 
tested/linux-linus

Reply via email to