flight 169055 linux-linus real [real]
flight 169095 linux-linus real-retest [real]
http://logs.test-lab.xenproject.org/osstest/logs/169055/
http://logs.test-lab.xenproject.org/osstest/logs/169095/

Failures :-/ but no regressions.

Tests which are failing intermittently (not blocking):
 test-arm64-arm64-xl-xsm       8 xen-boot            fail pass in 169095-retest
 test-arm64-arm64-libvirt-xsm 13 debian-fixup        fail pass in 169095-retest

Tests which did not succeed, but are not blocking:
 test-arm64-arm64-xl-xsm     15 migrate-support-check fail in 169095 never pass
 test-arm64-arm64-xl-xsm 16 saverestore-support-check fail in 169095 never pass
 test-arm64-arm64-libvirt-xsm 15 migrate-support-check fail in 169095 never pass
 test-arm64-arm64-libvirt-xsm 16 saverestore-support-check fail in 169095 never 
pass
 test-amd64-amd64-xl-qemut-win7-amd64 19 guest-stop            fail like 168997
 test-armhf-armhf-libvirt     16 saverestore-support-check    fail  like 168997
 test-amd64-amd64-xl-qemuu-ws16-amd64 19 guest-stop            fail like 168997
 test-amd64-amd64-qemuu-nested-amd 20 debian-hvm-install/l1/l2 fail like 168997
 test-amd64-amd64-xl-qemut-ws16-amd64 19 guest-stop            fail like 168997
 test-amd64-amd64-xl-qemuu-win7-amd64 19 guest-stop            fail like 168997
 test-armhf-armhf-libvirt-qcow2 15 saverestore-support-check   fail like 168997
 test-armhf-armhf-libvirt-raw 15 saverestore-support-check    fail  like 168997
 test-arm64-arm64-xl-seattle  15 migrate-support-check        fail   never pass
 test-arm64-arm64-xl-seattle  16 saverestore-support-check    fail   never pass
 test-amd64-amd64-libvirt-xsm 15 migrate-support-check        fail   never pass
 test-amd64-amd64-libvirt     15 migrate-support-check        fail   never pass
 test-arm64-arm64-xl-credit2  15 migrate-support-check        fail   never pass
 test-arm64-arm64-xl-credit2  16 saverestore-support-check    fail   never pass
 test-arm64-arm64-xl-credit1  15 migrate-support-check        fail   never pass
 test-arm64-arm64-xl-thunderx 15 migrate-support-check        fail   never pass
 test-arm64-arm64-xl-credit1  16 saverestore-support-check    fail   never pass
 test-arm64-arm64-xl-thunderx 16 saverestore-support-check    fail   never pass
 test-arm64-arm64-xl          15 migrate-support-check        fail   never pass
 test-arm64-arm64-xl          16 saverestore-support-check    fail   never pass
 test-amd64-amd64-libvirt-qemuu-debianhvm-amd64-xsm 13 migrate-support-check 
fail never pass
 test-amd64-amd64-libvirt-qcow2 14 migrate-support-check        fail never pass
 test-amd64-amd64-libvirt-raw 14 migrate-support-check        fail   never pass
 test-arm64-arm64-libvirt-raw 14 migrate-support-check        fail   never pass
 test-arm64-arm64-libvirt-raw 15 saverestore-support-check    fail   never pass
 test-armhf-armhf-xl          15 migrate-support-check        fail   never pass
 test-armhf-armhf-xl-multivcpu 15 migrate-support-check        fail  never pass
 test-armhf-armhf-xl          16 saverestore-support-check    fail   never pass
 test-armhf-armhf-xl-multivcpu 16 saverestore-support-check    fail  never pass
 test-armhf-armhf-libvirt     15 migrate-support-check        fail   never pass
 test-armhf-armhf-xl-credit2  15 migrate-support-check        fail   never pass
 test-armhf-armhf-xl-credit2  16 saverestore-support-check    fail   never pass
 test-arm64-arm64-xl-vhd      14 migrate-support-check        fail   never pass
 test-arm64-arm64-xl-vhd      15 saverestore-support-check    fail   never pass
 test-armhf-armhf-xl-credit1  15 migrate-support-check        fail   never pass
 test-armhf-armhf-xl-credit1  16 saverestore-support-check    fail   never pass
 test-armhf-armhf-xl-cubietruck 15 migrate-support-check        fail never pass
 test-armhf-armhf-xl-cubietruck 16 saverestore-support-check    fail never pass
 test-armhf-armhf-xl-rtds     15 migrate-support-check        fail   never pass
 test-armhf-armhf-xl-rtds     16 saverestore-support-check    fail   never pass
 test-armhf-armhf-libvirt-qcow2 14 migrate-support-check        fail never pass
 test-armhf-armhf-libvirt-raw 14 migrate-support-check        fail   never pass
 test-armhf-armhf-xl-arndale  15 migrate-support-check        fail   never pass
 test-armhf-armhf-xl-arndale  16 saverestore-support-check    fail   never pass
 test-armhf-armhf-xl-vhd      14 migrate-support-check        fail   never pass
 test-armhf-armhf-xl-vhd      15 saverestore-support-check    fail   never pass

version targeted for testing:
 linux                787af64d05cd528aac9ad16752d11bb1c6061bb9
baseline version:
 linux                13776ebb9964b2ea66ffb8c824c0762eed6da784

Last test of basis   168997  2022-03-29 20:43:57 Z    2 days
Testing same since   169055  2022-03-31 02:32:32 Z    1 days    1 attempts

------------------------------------------------------------
People who touched revisions under test:
  Abel Vesa <[email protected]>
  Adam Wujek <[email protected]>
  Aidan MacDonald <[email protected]>
  Alain Volmat <[email protected]>
  Alexandre Belloni <[email protected]>
  Alexey Khoroshilov <[email protected]>
  Alistair Delva <[email protected]>
  Allen-KH Cheng <[email protected]>
  Amelie Delaunay <[email protected]>
  AngeloGioacchino Del Regno <[email protected]>
  Ansuel Smith <[email protected]>
  Arnaud Pouliquen <[email protected]>
  Bartosz Dudziak <[email protected]>
  Benjamin Coddington <[email protected]>
  Bhupesh Sharma <[email protected]>
  Biju Das <[email protected]>
  Bjorn Andersson <[email protected]>
  Cai Huoqing <[email protected]>
  Caleb Connolly <[email protected]>
  Chen-Yu Tsai <[email protected]>
  ChiYuan Huang <[email protected]>
  Christophe JAILLET <[email protected]>
  Claudiu Beznea <[email protected]>
  Clemens Gruber <[email protected]>
  Codrin Ciubotariu <[email protected]>
  Colin Ian King <[email protected]>
  Conor Dooley <[email protected]>
  Daire McNamara <[email protected]>
  Dan Carpenter <[email protected]>
  Dan Williams <[email protected]>
  Daniel Latypov <[email protected]>
  Daniel Mack <[email protected]>
  Dave Gerlach <[email protected]>
  Dave Jiang <[email protected]>
  Dave Kleikamp <[email protected]>
  Dave Wysochanski <[email protected]>
  Dinh Nguyen <[email protected]>
  Dirk Buchwalder <[email protected]>
  Dmitry Baryshkov <[email protected]>
  Dmitry Osipenko <[email protected]> # T30 Nexus7
  Drew Fustini <[email protected]>
  Emil Renner Berthing <[email protected]>
  Florian Fainelli <[email protected]>
  Gabriel Fernandez <[email protected]>
  Geert Uytterhoeven <[email protected]>
  Geert Uytterhoeven <[email protected]>
  Giulio Benetti <[email protected]>
  Guenter Roeck <[email protected]>
  Gustavo A. R. Silva <[email protected]>
  Haimin Zhang <[email protected]>
  Hector Martin <[email protected]>
  Heiko Stuebner <[email protected]>
  Helge Deller <[email protected]>
  Jacky Bai <[email protected]>
  Jakob Koschel <[email protected]>
  Jami Kettunen <[email protected]>
  Jamie Iles <[email protected]>
  Jeff LaBundy <[email protected]>
  Jernej Skrabec <[email protected]>
  Jesse Taube <[email protected]>
  Jie Hai <[email protected]>
  Johann Neuhauser <[email protected]>
  John David Anglin <[email protected]>
  Jonathan McDowell <[email protected]>
  Jonathan Neuschäfer <[email protected]>
  José Expósito <[email protected]>
  Julia Lawall <[email protected]>
  Kajol Jain <[email protected]>
  Konrad Dybcio <[email protected]>
  Krzysztof Kozlowski <[email protected]>
  Kunihiko Hayashi <[email protected]>
  Lad Prabhakar <[email protected]>
  Laurent Pinchart <[email protected]>
  Lee Jones <[email protected]>
  Linus Torvalds <[email protected]>
  Linus Walleij <[email protected]>
  Lionel Vitte <[email protected]>
  Lionel Vitte <[email protected]>
  Loic Poulain <[email protected]>
  Luca Weiss <[email protected]>
  Luis Chamberlain <[email protected]>
  Lukas Bulwahn <[email protected]>
  Manikanta Pubbisetty <[email protected]>
  Marek Vasut <[email protected]>
  Marijn Suijten <[email protected]>
  Mark Brown <[email protected]>
  Martin Botka <[email protected]>
  Martin Povišer <[email protected]>
  Mathieu Poirier <[email protected]>
  Matthew Wilcox (Oracle) <[email protected]>
  Maxime Ripard <[email protected]>
  Miaoqian Lin <[email protected]>
  Michael Tretter <[email protected]>
  Michal Simek <[email protected]>
  Minghao Chi (CGEL ZTE) <[email protected]>
  Nageswara R Sastry <[email protected]>
  Neil Armstrong <[email protected]>
  NeilBrown <[email protected]>
  Nicolas Ferre <[email protected]>
  Nikita Yushchenko <[email protected]>
  Nobuhiro Iwamatsu <[email protected]>
  Olga Kornievskaia <[email protected]>
  Olivier Dautricourt <[email protected]>
  Padmarao Begari <[email protected]>
  Palmer Dabbelt <[email protected]>
  Paul Cercueil <[email protected]>
  Pavel Skripkin <[email protected]>
  Peng Fan <[email protected]>
  Peter Ujfalusi <[email protected]>
  Peter Zijlstra (Intel) <[email protected]>
  Petr Vorel <[email protected]>
  Philipp Zabel <[email protected]>
  Pratyush Yadav <[email protected]>
  Puranjay Mohan <[email protected]>
  Qing Wang <[email protected]>
  Quentin Schulz <[email protected]>
  Rakesh Pillai <[email protected]>
  Rob Herring <[email protected]>
  Robert Marko <[email protected]>
  Rohit Agarwal <[email protected]>
  Sanjay R Mehta <[email protected]>
  Sascha Hauer <[email protected]>
  Shubhrajyoti Datta <[email protected]>
  Sinthu Raja <[email protected]>
  Stephan Gerhold <[email protected]>
  Stephen Boyd <[email protected]>
  Suman Anna <[email protected]>
  Sven Peter <[email protected]>
  Taniya Das <[email protected]>
  Thierry Reding <[email protected]>
  Thierry Reding <[email protected]>
  Tim Blechmann <[email protected]>
  Tom Rix <[email protected]>
  Tomasz Moń <[email protected]>
  Tony Lindgren <[email protected]>
  Trond Myklebust <[email protected]>
  Tudor Ambarus <[email protected]>
  Ulrich Hecht <[email protected]>
  Uwe Kleine-König <[email protected]>
  Vignesh Raghavendra <[email protected]>
  Vijayakannan Ayyathurai <[email protected]>
  Vinod Koul <[email protected]>
  Wang Qing <[email protected]>
  Xin Tan <[email protected]>
  Xin Xiong <[email protected]>
  Xiyu Yang <[email protected]>
  Yang Li <[email protected]>
  Yoshihiro Shimoda <[email protected]>
  zhaoxiao <[email protected]>
  Zhou Wang <[email protected]>
  Zi Yan <[email protected]>
  Zixun LI <[email protected]>
  Zong Li <[email protected]>

jobs:
 build-amd64-xsm                                              pass    
 build-arm64-xsm                                              pass    
 build-i386-xsm                                               pass    
 build-amd64                                                  pass    
 build-arm64                                                  pass    
 build-armhf                                                  pass    
 build-i386                                                   pass    
 build-amd64-libvirt                                          pass    
 build-arm64-libvirt                                          pass    
 build-armhf-libvirt                                          pass    
 build-i386-libvirt                                           pass    
 build-amd64-pvops                                            pass    
 build-arm64-pvops                                            pass    
 build-armhf-pvops                                            pass    
 build-i386-pvops                                             pass    
 test-amd64-amd64-xl                                          pass    
 test-amd64-coresched-amd64-xl                                pass    
 test-arm64-arm64-xl                                          pass    
 test-armhf-armhf-xl                                          pass    
 test-amd64-amd64-libvirt-qemuu-debianhvm-amd64-xsm           pass    
 test-amd64-amd64-xl-qemut-stubdom-debianhvm-amd64-xsm        pass    
 test-amd64-amd64-xl-qemut-debianhvm-i386-xsm                 pass    
 test-amd64-amd64-xl-qemuu-debianhvm-i386-xsm                 pass    
 test-amd64-amd64-libvirt-xsm                                 pass    
 test-arm64-arm64-libvirt-xsm                                 fail    
 test-amd64-amd64-xl-xsm                                      pass    
 test-arm64-arm64-xl-xsm                                      fail    
 test-amd64-amd64-qemuu-nested-amd                            fail    
 test-amd64-amd64-xl-pvhv2-amd                                pass    
 test-amd64-amd64-dom0pvh-xl-amd                              pass    
 test-amd64-amd64-xl-qemut-debianhvm-amd64                    pass    
 test-amd64-amd64-xl-qemuu-debianhvm-amd64                    pass    
 test-amd64-amd64-freebsd11-amd64                             pass    
 test-amd64-amd64-freebsd12-amd64                             pass    
 test-amd64-amd64-xl-qemuu-ovmf-amd64                         pass    
 test-amd64-amd64-xl-qemut-win7-amd64                         fail    
 test-amd64-amd64-xl-qemuu-win7-amd64                         fail    
 test-amd64-amd64-xl-qemut-ws16-amd64                         fail    
 test-amd64-amd64-xl-qemuu-ws16-amd64                         fail    
 test-armhf-armhf-xl-arndale                                  pass    
 test-amd64-amd64-examine-bios                                pass    
 test-amd64-amd64-xl-credit1                                  pass    
 test-arm64-arm64-xl-credit1                                  pass    
 test-armhf-armhf-xl-credit1                                  pass    
 test-amd64-amd64-xl-credit2                                  pass    
 test-arm64-arm64-xl-credit2                                  pass    
 test-armhf-armhf-xl-credit2                                  pass    
 test-armhf-armhf-xl-cubietruck                               pass    
 test-amd64-amd64-xl-qemuu-dmrestrict-amd64-dmrestrict        pass    
 test-amd64-amd64-examine                                     pass    
 test-arm64-arm64-examine                                     pass    
 test-armhf-armhf-examine                                     pass    
 test-amd64-amd64-qemuu-nested-intel                          pass    
 test-amd64-amd64-xl-pvhv2-intel                              pass    
 test-amd64-amd64-dom0pvh-xl-intel                            pass    
 test-amd64-amd64-libvirt                                     pass    
 test-armhf-armhf-libvirt                                     pass    
 test-amd64-amd64-xl-multivcpu                                pass    
 test-armhf-armhf-xl-multivcpu                                pass    
 test-amd64-amd64-pair                                        pass    
 test-amd64-amd64-libvirt-pair                                pass    
 test-amd64-amd64-xl-pvshim                                   pass    
 test-amd64-amd64-pygrub                                      pass    
 test-amd64-amd64-libvirt-qcow2                               pass    
 test-armhf-armhf-libvirt-qcow2                               pass    
 test-amd64-amd64-libvirt-raw                                 pass    
 test-arm64-arm64-libvirt-raw                                 pass    
 test-armhf-armhf-libvirt-raw                                 pass    
 test-amd64-amd64-xl-rtds                                     pass    
 test-armhf-armhf-xl-rtds                                     pass    
 test-arm64-arm64-xl-seattle                                  pass    
 test-amd64-amd64-xl-qemuu-debianhvm-amd64-shadow             pass    
 test-amd64-amd64-xl-shadow                                   pass    
 test-arm64-arm64-xl-thunderx                                 pass    
 test-amd64-amd64-examine-uefi                                pass    
 test-amd64-amd64-xl-vhd                                      pass    
 test-arm64-arm64-xl-vhd                                      pass    
 test-armhf-armhf-xl-vhd                                      pass    


------------------------------------------------------------
sg-report-flight on osstest.test-lab.xenproject.org
logs: /home/logs/logs
images: /home/logs/images

Logs, config files, etc. are available at
    http://logs.test-lab.xenproject.org/osstest/logs

Explanation of these reports, and of osstest in general, is at
    http://xenbits.xen.org/gitweb/?p=osstest.git;a=blob;f=README.email;hb=master
    http://xenbits.xen.org/gitweb/?p=osstest.git;a=blob;f=README;hb=master

Test harness code can be found at
    http://xenbits.xen.org/gitweb?p=osstest.git;a=summary


Pushing revision :

hint: The 'hooks/update' hook was ignored because it's not set as executable.
hint: You can disable this warning with `git config advice.ignoredHook false`.
hint: The 'hooks/post-receive' hook was ignored because it's not set as 
executable.
hint: You can disable this warning with `git config advice.ignoredHook false`.
hint: The 'hooks/post-update' hook was ignored because it's not set as 
executable.
hint: You can disable this warning with `git config advice.ignoredHook false`.
To xenbits.xen.org:/home/xen/git/linux-pvops.git
   13776ebb9964..787af64d05cd  787af64d05cd528aac9ad16752d11bb1c6061bb9 -> 
tested/linux-linus

Reply via email to