flight 168858 ovmf real [real] http://logs.test-lab.xenproject.org/osstest/logs/168858/
Regressions :-( Tests which did not succeed and are blocking, including tests which could not be run: build-amd64-xsm 6 xen-build fail REGR. vs. 168254 build-amd64 6 xen-build fail REGR. vs. 168254 build-i386 6 xen-build fail REGR. vs. 168254 build-i386-xsm 6 xen-build fail REGR. vs. 168254 Tests which did not succeed, but are not blocking: build-amd64-libvirt 1 build-check(1) blocked n/a build-i386-libvirt 1 build-check(1) blocked n/a test-amd64-amd64-xl-qemuu-ovmf-amd64 1 build-check(1) blocked n/a test-amd64-i386-xl-qemuu-ovmf-amd64 1 build-check(1) blocked n/a version targeted for testing: ovmf 69218d5d2854acaa7a11c777244de4a297d2fbb9 baseline version: ovmf b1b89f9009f2390652e0061bd7b24fc40732bc70 Last test of basis 168254 2022-02-28 10:41:46 Z 25 days Failing since 168258 2022-03-01 01:55:31 Z 24 days 254 attempts Testing same since 168832 2022-03-25 01:43:21 Z 0 days 6 attempts ------------------------------------------------------------ People who touched revisions under test: Abdul Lateef Attar <[email protected]> Abdul Lateef Attar via groups.io <[email protected]> Abner Chang <[email protected]> Bandaru, Purna Chandra Rao <[email protected]> Gerd Hoffmann <[email protected]> Guo Dong <[email protected]> Guomin Jiang <[email protected]> Hao A Wu <[email protected]> Hua Ma <[email protected]> Huang, Li-Xia <[email protected]> Jagadeesh Ujja <[email protected]> Jason <[email protected]> Jason Lou <[email protected]> Ken Lautner <[email protected]> Kenneth Lautner <[email protected]> Kuo, Ted <[email protected]> Li, Zhihao <[email protected]> Lixia Huang <[email protected]> Lou, Yun <[email protected]> Ma, Hua <[email protected]> Mara Sophie Grosch <[email protected]> Mara Sophie Grosch via groups.io <[email protected]> Matt DeVillier <[email protected]> Michael Kubacki <[email protected]> Patrick Rudolph <[email protected]> Purna Chandra Rao Bandaru <[email protected]> Sami Mujawar <[email protected]> Sean Rhodes <[email protected]> Sebastien Boeuf <[email protected]> Sunny Wang <[email protected]> Ted Kuo <[email protected]> Wenyi Xie <[email protected]> wenyi,xie via groups.io <[email protected]> Xiaolu.Jiang <[email protected]> Zhihao Li <[email protected]> jobs: build-amd64-xsm fail build-i386-xsm fail build-amd64 fail build-i386 fail build-amd64-libvirt blocked build-i386-libvirt blocked build-amd64-pvops pass build-i386-pvops pass test-amd64-amd64-xl-qemuu-ovmf-amd64 blocked test-amd64-i386-xl-qemuu-ovmf-amd64 blocked ------------------------------------------------------------ sg-report-flight on osstest.test-lab.xenproject.org logs: /home/logs/logs images: /home/logs/images Logs, config files, etc. are available at http://logs.test-lab.xenproject.org/osstest/logs Explanation of these reports, and of osstest in general, is at http://xenbits.xen.org/gitweb/?p=osstest.git;a=blob;f=README.email;hb=master http://xenbits.xen.org/gitweb/?p=osstest.git;a=blob;f=README;hb=master Test harness code can be found at http://xenbits.xen.org/gitweb?p=osstest.git;a=summary Not pushing. (No revision log; it would be 904 lines long.)
