flight 168830 linux-linus real [real] http://logs.test-lab.xenproject.org/osstest/logs/168830/
Failures :-/ but no regressions. Regressions which are regarded as allowable (not blocking): test-armhf-armhf-xl-rtds 18 guest-start/debian.repeat fail REGR. vs. 168816 Tests which did not succeed, but are not blocking: test-amd64-amd64-xl-qemut-win7-amd64 19 guest-stop fail like 168816 test-armhf-armhf-libvirt 16 saverestore-support-check fail like 168816 test-amd64-amd64-xl-qemuu-ws16-amd64 19 guest-stop fail like 168816 test-amd64-amd64-qemuu-nested-amd 20 debian-hvm-install/l1/l2 fail like 168816 test-amd64-amd64-xl-qemut-ws16-amd64 19 guest-stop fail like 168816 test-amd64-amd64-xl-qemuu-win7-amd64 19 guest-stop fail like 168816 test-armhf-armhf-libvirt-qcow2 15 saverestore-support-check fail like 168816 test-armhf-armhf-libvirt-raw 15 saverestore-support-check fail like 168816 test-arm64-arm64-xl-seattle 15 migrate-support-check fail never pass test-arm64-arm64-xl-seattle 16 saverestore-support-check fail never pass test-amd64-amd64-libvirt-xsm 15 migrate-support-check fail never pass test-amd64-amd64-libvirt 15 migrate-support-check fail never pass test-arm64-arm64-xl-credit2 15 migrate-support-check fail never pass test-arm64-arm64-xl-credit2 16 saverestore-support-check fail never pass test-arm64-arm64-xl-credit1 15 migrate-support-check fail never pass test-arm64-arm64-xl-thunderx 15 migrate-support-check fail never pass test-arm64-arm64-xl-credit1 16 saverestore-support-check fail never pass test-arm64-arm64-xl-thunderx 16 saverestore-support-check fail never pass test-arm64-arm64-xl-xsm 15 migrate-support-check fail never pass test-arm64-arm64-xl-xsm 16 saverestore-support-check fail never pass test-arm64-arm64-xl 15 migrate-support-check fail never pass test-arm64-arm64-xl 16 saverestore-support-check fail never pass test-arm64-arm64-libvirt-xsm 15 migrate-support-check fail never pass test-arm64-arm64-libvirt-xsm 16 saverestore-support-check fail never pass test-amd64-amd64-libvirt-qemuu-debianhvm-amd64-xsm 13 migrate-support-check fail never pass test-amd64-amd64-libvirt-qcow2 14 migrate-support-check fail never pass test-amd64-amd64-libvirt-raw 14 migrate-support-check fail never pass test-arm64-arm64-libvirt-raw 14 migrate-support-check fail never pass test-arm64-arm64-libvirt-raw 15 saverestore-support-check fail never pass test-armhf-armhf-xl 15 migrate-support-check fail never pass test-armhf-armhf-xl 16 saverestore-support-check fail never pass test-armhf-armhf-libvirt 15 migrate-support-check fail never pass test-armhf-armhf-xl-multivcpu 15 migrate-support-check fail never pass test-armhf-armhf-xl-multivcpu 16 saverestore-support-check fail never pass test-arm64-arm64-xl-vhd 14 migrate-support-check fail never pass test-arm64-arm64-xl-vhd 15 saverestore-support-check fail never pass test-armhf-armhf-xl-credit2 15 migrate-support-check fail never pass test-armhf-armhf-xl-credit2 16 saverestore-support-check fail never pass test-armhf-armhf-xl-credit1 15 migrate-support-check fail never pass test-armhf-armhf-xl-credit1 16 saverestore-support-check fail never pass test-armhf-armhf-xl-cubietruck 15 migrate-support-check fail never pass test-armhf-armhf-xl-cubietruck 16 saverestore-support-check fail never pass test-armhf-armhf-xl-rtds 15 migrate-support-check fail never pass test-armhf-armhf-xl-rtds 16 saverestore-support-check fail never pass test-armhf-armhf-libvirt-qcow2 14 migrate-support-check fail never pass test-armhf-armhf-libvirt-raw 14 migrate-support-check fail never pass test-armhf-armhf-xl-arndale 15 migrate-support-check fail never pass test-armhf-armhf-xl-arndale 16 saverestore-support-check fail never pass test-armhf-armhf-xl-vhd 14 migrate-support-check fail never pass test-armhf-armhf-xl-vhd 15 saverestore-support-check fail never pass version targeted for testing: linux 7403e6d8263937dea206dd201fed1ceed190ca18 baseline version: linux ed4643521e6af8ab8ed1e467630a85884d2696cf Last test of basis 168816 2022-03-24 03:18:14 Z 1 days Testing same since 168830 2022-03-24 20:10:22 Z 0 days 1 attempts ------------------------------------------------------------ People who touched revisions under test: Abhishek Sahu <[email protected]> Al Viro <[email protected]> Alex Williamson <[email protected]> Alexandru Elisei <[email protected]> Anssi Hannula <[email protected]> Anup Patel <[email protected]> Anup Patel <[email protected]> Barret Rhoden <[email protected]> Bjorn Helgaas <[email protected]> Bjorn Helgaas <[email protected]> # pci_ids.h Catalin Marinas <[email protected]> Changcheng Deng <[email protected]> Christian Borntraeger <[email protected]> Christian Brauner <[email protected]> Christian Brauner <[email protected]> Claudio Imbrenda <[email protected]> David Dunn <[email protected]> David Matlack <[email protected]> Eric W. Biederman <[email protected]> Fuad Tabba <[email protected]> Guo Ren <[email protected]> Guo Ren <[email protected]> Gustavo A. R. Silva <[email protected]> Heiko Carstens <[email protected]> Hou Wenlong <[email protected]> Janis Schoetterl-Glausch <[email protected]> Janosch Frank <[email protected]> Jason Gunthorpe <[email protected]> Jing Zhang <[email protected]> Jinrong Liang <[email protected]> Julia Lawall <[email protected]> Julien Grall <[email protected]> Kai Ye <[email protected]> Keir Fraser <[email protected]> Kevin Tian <[email protected]> Leon Romanovsky <[email protected]> Linus Torvalds <[email protected]> Longfang Liu <[email protected]> Lukas Bulwahn <[email protected]> Marc Zyngier <[email protected]> Mark Brown <[email protected]> Mark Rutland <[email protected]> Maxim Levitsky <[email protected]> Michael Kelley <[email protected]> Michael Mueller <[email protected]> Michal Hocko <[email protected]> Nathan Chancellor <[email protected]> Oliver Upton <[email protected]> Paolo Bonzini <[email protected]> Peng Hao <[email protected]> Peng Hao <[email protected]> Peter Gonda <[email protected]> Randy Dunlap <[email protected]> Ricardo Koller <[email protected]> Sean Christopherson <[email protected]> Sebastian Andrzej Siewior <[email protected]> Shameer Kolothum <[email protected]> Stephen Brennan <[email protected]> Suravee Suthikulpanit <[email protected]> Tetsuo Handa <[email protected]> Thomas Gleixner <[email protected]> Thomas Huth <[email protected]> Vincent Chen <[email protected]> Vipin Sharma <[email protected]> Vitaly Kuznetsov <[email protected]> Wanpeng Li <[email protected]> Wei Liu <[email protected]> Will Deacon <[email protected]> Yang Li <[email protected]> Yishai Hadas <[email protected]> Zhenzhong Duan <[email protected]> Zhou Wang <[email protected]> jobs: build-amd64-xsm pass build-arm64-xsm pass build-i386-xsm pass build-amd64 pass build-arm64 pass build-armhf pass build-i386 pass build-amd64-libvirt pass build-arm64-libvirt pass build-armhf-libvirt pass build-i386-libvirt pass build-amd64-pvops pass build-arm64-pvops pass build-armhf-pvops pass build-i386-pvops pass test-amd64-amd64-xl pass test-amd64-coresched-amd64-xl pass test-arm64-arm64-xl pass test-armhf-armhf-xl pass test-amd64-amd64-libvirt-qemuu-debianhvm-amd64-xsm pass test-amd64-amd64-xl-qemut-stubdom-debianhvm-amd64-xsm pass test-amd64-amd64-xl-qemut-debianhvm-i386-xsm pass test-amd64-amd64-xl-qemuu-debianhvm-i386-xsm pass test-amd64-amd64-libvirt-xsm pass test-arm64-arm64-libvirt-xsm pass test-amd64-amd64-xl-xsm pass test-arm64-arm64-xl-xsm pass test-amd64-amd64-qemuu-nested-amd fail test-amd64-amd64-xl-pvhv2-amd pass test-amd64-amd64-dom0pvh-xl-amd pass test-amd64-amd64-xl-qemut-debianhvm-amd64 pass test-amd64-amd64-xl-qemuu-debianhvm-amd64 pass test-amd64-amd64-freebsd11-amd64 pass test-amd64-amd64-freebsd12-amd64 pass test-amd64-amd64-xl-qemuu-ovmf-amd64 pass test-amd64-amd64-xl-qemut-win7-amd64 fail test-amd64-amd64-xl-qemuu-win7-amd64 fail test-amd64-amd64-xl-qemut-ws16-amd64 fail test-amd64-amd64-xl-qemuu-ws16-amd64 fail test-armhf-armhf-xl-arndale pass test-amd64-amd64-examine-bios pass test-amd64-amd64-xl-credit1 pass test-arm64-arm64-xl-credit1 pass test-armhf-armhf-xl-credit1 pass test-amd64-amd64-xl-credit2 pass test-arm64-arm64-xl-credit2 pass test-armhf-armhf-xl-credit2 pass test-armhf-armhf-xl-cubietruck pass test-amd64-amd64-xl-qemuu-dmrestrict-amd64-dmrestrict pass test-amd64-amd64-examine pass test-arm64-arm64-examine pass test-armhf-armhf-examine pass test-amd64-amd64-qemuu-nested-intel pass test-amd64-amd64-xl-pvhv2-intel pass test-amd64-amd64-dom0pvh-xl-intel pass test-amd64-amd64-libvirt pass test-armhf-armhf-libvirt pass test-amd64-amd64-xl-multivcpu pass test-armhf-armhf-xl-multivcpu pass test-amd64-amd64-pair pass test-amd64-amd64-libvirt-pair pass test-amd64-amd64-xl-pvshim pass test-amd64-amd64-pygrub pass test-amd64-amd64-libvirt-qcow2 pass test-armhf-armhf-libvirt-qcow2 pass test-amd64-amd64-libvirt-raw pass test-arm64-arm64-libvirt-raw pass test-armhf-armhf-libvirt-raw pass test-amd64-amd64-xl-rtds pass test-armhf-armhf-xl-rtds fail test-arm64-arm64-xl-seattle pass test-amd64-amd64-xl-qemuu-debianhvm-amd64-shadow pass test-amd64-amd64-xl-shadow pass test-arm64-arm64-xl-thunderx pass test-amd64-amd64-examine-uefi pass test-amd64-amd64-xl-vhd pass test-arm64-arm64-xl-vhd pass test-armhf-armhf-xl-vhd pass ------------------------------------------------------------ sg-report-flight on osstest.test-lab.xenproject.org logs: /home/logs/logs images: /home/logs/images Logs, config files, etc. are available at http://logs.test-lab.xenproject.org/osstest/logs Explanation of these reports, and of osstest in general, is at http://xenbits.xen.org/gitweb/?p=osstest.git;a=blob;f=README.email;hb=master http://xenbits.xen.org/gitweb/?p=osstest.git;a=blob;f=README;hb=master Test harness code can be found at http://xenbits.xen.org/gitweb?p=osstest.git;a=summary Pushing revision : hint: The 'hooks/update' hook was ignored because it's not set as executable. hint: You can disable this warning with `git config advice.ignoredHook false`. hint: The 'hooks/post-receive' hook was ignored because it's not set as executable. hint: You can disable this warning with `git config advice.ignoredHook false`. hint: The 'hooks/post-update' hook was ignored because it's not set as executable. hint: You can disable this warning with `git config advice.ignoredHook false`. To xenbits.xen.org:/home/xen/git/linux-pvops.git ed4643521e6af..7403e6d826393 7403e6d8263937dea206dd201fed1ceed190ca18 -> tested/linux-linus
