flight 168760 linux-linus real [real]
http://logs.test-lab.xenproject.org/osstest/logs/168760/

Failures :-/ but no regressions.

Regressions which are regarded as allowable (not blocking):
 test-amd64-amd64-xl-rtds     20 guest-localmigrate/x10   fail REGR. vs. 168733

Tests which did not succeed, but are not blocking:
 test-amd64-amd64-xl-qemut-win7-amd64 19 guest-stop            fail like 168733
 test-armhf-armhf-libvirt     16 saverestore-support-check    fail  like 168733
 test-amd64-amd64-xl-qemuu-ws16-amd64 19 guest-stop            fail like 168733
 test-amd64-amd64-qemuu-nested-amd 20 debian-hvm-install/l1/l2 fail like 168733
 test-amd64-amd64-xl-qemut-ws16-amd64 19 guest-stop            fail like 168733
 test-amd64-amd64-xl-qemuu-win7-amd64 19 guest-stop            fail like 168733
 test-armhf-armhf-libvirt-qcow2 15 saverestore-support-check   fail like 168733
 test-armhf-armhf-libvirt-raw 15 saverestore-support-check    fail  like 168733
 test-arm64-arm64-xl-seattle  15 migrate-support-check        fail   never pass
 test-arm64-arm64-xl-seattle  16 saverestore-support-check    fail   never pass
 test-amd64-amd64-libvirt-xsm 15 migrate-support-check        fail   never pass
 test-amd64-amd64-libvirt     15 migrate-support-check        fail   never pass
 test-arm64-arm64-xl          15 migrate-support-check        fail   never pass
 test-arm64-arm64-xl          16 saverestore-support-check    fail   never pass
 test-arm64-arm64-xl-xsm      15 migrate-support-check        fail   never pass
 test-arm64-arm64-xl-xsm      16 saverestore-support-check    fail   never pass
 test-arm64-arm64-xl-credit1  15 migrate-support-check        fail   never pass
 test-arm64-arm64-xl-credit1  16 saverestore-support-check    fail   never pass
 test-arm64-arm64-xl-credit2  15 migrate-support-check        fail   never pass
 test-arm64-arm64-xl-credit2  16 saverestore-support-check    fail   never pass
 test-arm64-arm64-xl-thunderx 15 migrate-support-check        fail   never pass
 test-arm64-arm64-xl-thunderx 16 saverestore-support-check    fail   never pass
 test-arm64-arm64-libvirt-xsm 15 migrate-support-check        fail   never pass
 test-arm64-arm64-libvirt-xsm 16 saverestore-support-check    fail   never pass
 test-amd64-amd64-libvirt-qemuu-debianhvm-amd64-xsm 13 migrate-support-check 
fail never pass
 test-amd64-amd64-libvirt-raw 14 migrate-support-check        fail   never pass
 test-amd64-amd64-libvirt-qcow2 14 migrate-support-check        fail never pass
 test-arm64-arm64-libvirt-raw 14 migrate-support-check        fail   never pass
 test-arm64-arm64-libvirt-raw 15 saverestore-support-check    fail   never pass
 test-armhf-armhf-xl          15 migrate-support-check        fail   never pass
 test-armhf-armhf-xl          16 saverestore-support-check    fail   never pass
 test-armhf-armhf-libvirt     15 migrate-support-check        fail   never pass
 test-armhf-armhf-xl-multivcpu 15 migrate-support-check        fail  never pass
 test-armhf-armhf-xl-multivcpu 16 saverestore-support-check    fail  never pass
 test-arm64-arm64-xl-vhd      14 migrate-support-check        fail   never pass
 test-arm64-arm64-xl-vhd      15 saverestore-support-check    fail   never pass
 test-armhf-armhf-xl-credit2  15 migrate-support-check        fail   never pass
 test-armhf-armhf-xl-credit2  16 saverestore-support-check    fail   never pass
 test-armhf-armhf-xl-cubietruck 15 migrate-support-check        fail never pass
 test-armhf-armhf-xl-cubietruck 16 saverestore-support-check    fail never pass
 test-armhf-armhf-xl-credit1  15 migrate-support-check        fail   never pass
 test-armhf-armhf-xl-credit1  16 saverestore-support-check    fail   never pass
 test-armhf-armhf-xl-rtds     15 migrate-support-check        fail   never pass
 test-armhf-armhf-xl-rtds     16 saverestore-support-check    fail   never pass
 test-armhf-armhf-libvirt-qcow2 14 migrate-support-check        fail never pass
 test-armhf-armhf-libvirt-raw 14 migrate-support-check        fail   never pass
 test-armhf-armhf-xl-vhd      14 migrate-support-check        fail   never pass
 test-armhf-armhf-xl-vhd      15 saverestore-support-check    fail   never pass
 test-armhf-armhf-xl-arndale  15 migrate-support-check        fail   never pass
 test-armhf-armhf-xl-arndale  16 saverestore-support-check    fail   never pass

version targeted for testing:
 linux                eaa54b1458ca84092e513d554dd6d234245e6bef
baseline version:
 linux                f443e374ae131c168a065ea1748feac6b2e76613

Last test of basis   168733  2022-03-20 22:40:53 Z    1 days
Testing same since   168760  2022-03-21 19:41:16 Z    0 days    1 attempts

------------------------------------------------------------
People who touched revisions under test:
  Adrian Hunter <[email protected]>
  Ahmad Fatoum <[email protected]>
  Alexey Makhalov <[email protected]>
  Andre Przywara <[email protected]>
  Andreas Rammhold <[email protected]>
  Andrey Konovalov <[email protected]>
  Anshuman Khandual <[email protected]>
  Ard Biesheuvel <[email protected]>
  Arnaldo Carvalho de Melo <[email protected]>
  Bharat Bhushan <[email protected]>
  Borislav Petkov <[email protected]>
  Branislav Rankov <[email protected]>
  Brijesh Singh <[email protected]>
  Catalin Marinas <[email protected]>
  Christoph Hellwig <[email protected]>
  Dave Hansen <[email protected]>
  Dave Kleikamp <[email protected]>
  David Engraf <[email protected]>
  David Hildenbrand <[email protected]>
  Deep Shah <[email protected]>
  Dinh Nguyen <[email protected]>
  Eliav Farber <[email protected]>
  Eric Biggers <[email protected]>
  Eric Snowberg <[email protected]>
  Evgenii Stepanov <[email protected]>
  Fangrui Song <[email protected]>
  Geert Uytterhoeven <[email protected]>
  Geert Uytterhoeven <[email protected]>
  Greg Kroah-Hartman <[email protected]>
  Gustavo A. R. Silva <[email protected]>
  He Ying <[email protected]>
  Hou Tao <[email protected]>
  Huang Shijie <[email protected]>
  James Bottomley <[email protected]>
  James Morse <[email protected]>
  Jan Beulich <[email protected]>
  Jarkko Sakkinen <[email protected]>
  Jarkko Sakkinen<[email protected]>
  Jason A. Donenfeld <[email protected]>
  Jason Gunthorpe <[email protected]>
  Jianyong Wu <[email protected]>
  Jim Mattson <[email protected]>
  Jiri Kosina <[email protected]>
  Joe Perches <[email protected]>
  Joey Gouly <[email protected]>
  Josh Poimboeuf <[email protected]>
  Juergen Gross <[email protected]>
  Kefeng Wang <[email protected]>
  Kirill A. Shutemov <[email protected]>
  Lad Prabhakar <[email protected]>
  Laurent Vivier <[email protected]>
  Liam Howlett <[email protected]>
  Liam R. Howlett <[email protected]>
  Lino Sanfilippo <[email protected]>
  Linu Cherian <[email protected]>
  Linus Torvalds <[email protected]>
  Luis Machado <[email protected]>
  Marc Zyngier <[email protected]>
  Marco Bonelli <[email protected]>
  Mario Limonciello <[email protected]>
  Mark Brown <[email protected]>
  Mark Rutland <[email protected]>
  Masahiro Yamada <[email protected]>
  Masami Hiramatsu <[email protected]>
  Michael Schmitz <[email protected]>
  Mimi Zohar <[email protected]>
  Muchun Song <[email protected]>
  Muhammad Usama Anjum <[email protected]>
  Nathan Chancellor <[email protected]>
  Peter Collingbourne <[email protected]>
  Peter Zijlstra (Intel) <[email protected]>
  Rabara Niravkumar L <[email protected]>
  Rafael J. Wysocki <[email protected]>
  Reinette Chatre <[email protected]>
  Rob Herring <[email protected]>
  Robin Murphy <[email protected]>
  Russell King (Oracle) <[email protected]>
  Sagar Patel <[email protected]>
  Shaokun Zhang <[email protected]>
  Shuah Khan <[email protected]>
  Srivatsa S. Bhat (VMware) <[email protected]>
  Stefan Berger <[email protected]>
  Tadeusz Struk <[email protected]>
  Tianjia Zhang <[email protected]>
  Tom Lendacky <[email protected]>
  Tony Luck <[email protected]>
  Vijay Balakrishna <[email protected]>
  Vinod Koul <[email protected]>
  Vladimir Murzin <[email protected]>
  Wang Kefeng <[email protected]>
  Will Deacon <[email protected]>
  Yazen Ghannam <[email protected]>
  Yury Norov <[email protected]>
  Zack Rusin <[email protected]>

jobs:
 build-amd64-xsm                                              pass    
 build-arm64-xsm                                              pass    
 build-i386-xsm                                               pass    
 build-amd64                                                  pass    
 build-arm64                                                  pass    
 build-armhf                                                  pass    
 build-i386                                                   pass    
 build-amd64-libvirt                                          pass    
 build-arm64-libvirt                                          pass    
 build-armhf-libvirt                                          pass    
 build-i386-libvirt                                           pass    
 build-amd64-pvops                                            pass    
 build-arm64-pvops                                            pass    
 build-armhf-pvops                                            pass    
 build-i386-pvops                                             pass    
 test-amd64-amd64-xl                                          pass    
 test-amd64-coresched-amd64-xl                                pass    
 test-arm64-arm64-xl                                          pass    
 test-armhf-armhf-xl                                          pass    
 test-amd64-amd64-libvirt-qemuu-debianhvm-amd64-xsm           pass    
 test-amd64-amd64-xl-qemut-stubdom-debianhvm-amd64-xsm        pass    
 test-amd64-amd64-xl-qemut-debianhvm-i386-xsm                 pass    
 test-amd64-amd64-xl-qemuu-debianhvm-i386-xsm                 pass    
 test-amd64-amd64-libvirt-xsm                                 pass    
 test-arm64-arm64-libvirt-xsm                                 pass    
 test-amd64-amd64-xl-xsm                                      pass    
 test-arm64-arm64-xl-xsm                                      pass    
 test-amd64-amd64-qemuu-nested-amd                            fail    
 test-amd64-amd64-xl-pvhv2-amd                                pass    
 test-amd64-amd64-dom0pvh-xl-amd                              pass    
 test-amd64-amd64-xl-qemut-debianhvm-amd64                    pass    
 test-amd64-amd64-xl-qemuu-debianhvm-amd64                    pass    
 test-amd64-amd64-freebsd11-amd64                             pass    
 test-amd64-amd64-freebsd12-amd64                             pass    
 test-amd64-amd64-xl-qemuu-ovmf-amd64                         pass    
 test-amd64-amd64-xl-qemut-win7-amd64                         fail    
 test-amd64-amd64-xl-qemuu-win7-amd64                         fail    
 test-amd64-amd64-xl-qemut-ws16-amd64                         fail    
 test-amd64-amd64-xl-qemuu-ws16-amd64                         fail    
 test-armhf-armhf-xl-arndale                                  pass    
 test-amd64-amd64-examine-bios                                pass    
 test-amd64-amd64-xl-credit1                                  pass    
 test-arm64-arm64-xl-credit1                                  pass    
 test-armhf-armhf-xl-credit1                                  pass    
 test-amd64-amd64-xl-credit2                                  pass    
 test-arm64-arm64-xl-credit2                                  pass    
 test-armhf-armhf-xl-credit2                                  pass    
 test-armhf-armhf-xl-cubietruck                               pass    
 test-amd64-amd64-xl-qemuu-dmrestrict-amd64-dmrestrict        pass    
 test-amd64-amd64-examine                                     pass    
 test-arm64-arm64-examine                                     pass    
 test-armhf-armhf-examine                                     pass    
 test-amd64-amd64-qemuu-nested-intel                          pass    
 test-amd64-amd64-xl-pvhv2-intel                              pass    
 test-amd64-amd64-dom0pvh-xl-intel                            pass    
 test-amd64-amd64-libvirt                                     pass    
 test-armhf-armhf-libvirt                                     pass    
 test-amd64-amd64-xl-multivcpu                                pass    
 test-armhf-armhf-xl-multivcpu                                pass    
 test-amd64-amd64-pair                                        pass    
 test-amd64-amd64-libvirt-pair                                pass    
 test-amd64-amd64-xl-pvshim                                   pass    
 test-amd64-amd64-pygrub                                      pass    
 test-amd64-amd64-libvirt-qcow2                               pass    
 test-armhf-armhf-libvirt-qcow2                               pass    
 test-amd64-amd64-libvirt-raw                                 pass    
 test-arm64-arm64-libvirt-raw                                 pass    
 test-armhf-armhf-libvirt-raw                                 pass    
 test-amd64-amd64-xl-rtds                                     fail    
 test-armhf-armhf-xl-rtds                                     pass    
 test-arm64-arm64-xl-seattle                                  pass    
 test-amd64-amd64-xl-qemuu-debianhvm-amd64-shadow             pass    
 test-amd64-amd64-xl-shadow                                   pass    
 test-arm64-arm64-xl-thunderx                                 pass    
 test-amd64-amd64-examine-uefi                                pass    
 test-amd64-amd64-xl-vhd                                      pass    
 test-arm64-arm64-xl-vhd                                      pass    
 test-armhf-armhf-xl-vhd                                      pass    


------------------------------------------------------------
sg-report-flight on osstest.test-lab.xenproject.org
logs: /home/logs/logs
images: /home/logs/images

Logs, config files, etc. are available at
    http://logs.test-lab.xenproject.org/osstest/logs

Explanation of these reports, and of osstest in general, is at
    http://xenbits.xen.org/gitweb/?p=osstest.git;a=blob;f=README.email;hb=master
    http://xenbits.xen.org/gitweb/?p=osstest.git;a=blob;f=README;hb=master

Test harness code can be found at
    http://xenbits.xen.org/gitweb?p=osstest.git;a=summary


Pushing revision :

hint: The 'hooks/update' hook was ignored because it's not set as executable.
hint: You can disable this warning with `git config advice.ignoredHook false`.
hint: The 'hooks/post-receive' hook was ignored because it's not set as 
executable.
hint: You can disable this warning with `git config advice.ignoredHook false`.
hint: The 'hooks/post-update' hook was ignored because it's not set as 
executable.
hint: You can disable this warning with `git config advice.ignoredHook false`.
To xenbits.xen.org:/home/xen/git/linux-pvops.git
   f443e374ae13..eaa54b1458ca  eaa54b1458ca84092e513d554dd6d234245e6bef -> 
tested/linux-linus

Reply via email to