flight 168383 linux-linus real [real]
flight 168391 linux-linus real-retest [real]
http://logs.test-lab.xenproject.org/osstest/logs/168383/
http://logs.test-lab.xenproject.org/osstest/logs/168391/

Failures :-/ but no regressions.

Tests which are failing intermittently (not blocking):
 test-armhf-armhf-xl-vhd       8 xen-boot            fail pass in 168391-retest
 test-amd64-amd64-xl-xsm 22 guest-start/debian.repeat fail pass in 168391-retest

Tests which did not succeed, but are not blocking:
 test-armhf-armhf-xl-vhd     14 migrate-support-check fail in 168391 never pass
 test-armhf-armhf-xl-vhd 15 saverestore-support-check fail in 168391 never pass
 test-amd64-amd64-xl-qemut-win7-amd64 19 guest-stop            fail like 168355
 test-amd64-amd64-xl-qemuu-ws16-amd64 19 guest-stop            fail like 168355
 test-amd64-amd64-xl-qemut-ws16-amd64 19 guest-stop            fail like 168355
 test-amd64-amd64-xl-qemuu-win7-amd64 19 guest-stop            fail like 168355
 test-armhf-armhf-libvirt-qcow2 15 saverestore-support-check   fail like 168355
 test-armhf-armhf-libvirt     16 saverestore-support-check    fail  like 168355
 test-armhf-armhf-libvirt-raw 15 saverestore-support-check    fail  like 168355
 test-amd64-amd64-qemuu-nested-amd 20 debian-hvm-install/l1/l2 fail like 168355
 test-amd64-amd64-libvirt     15 migrate-support-check        fail   never pass
 test-amd64-amd64-libvirt-xsm 15 migrate-support-check        fail   never pass
 test-arm64-arm64-xl-seattle  15 migrate-support-check        fail   never pass
 test-arm64-arm64-xl-seattle  16 saverestore-support-check    fail   never pass
 test-arm64-arm64-xl          15 migrate-support-check        fail   never pass
 test-arm64-arm64-xl          16 saverestore-support-check    fail   never pass
 test-arm64-arm64-xl-credit1  15 migrate-support-check        fail   never pass
 test-arm64-arm64-xl-credit1  16 saverestore-support-check    fail   never pass
 test-arm64-arm64-xl-xsm      15 migrate-support-check        fail   never pass
 test-arm64-arm64-xl-credit2  15 migrate-support-check        fail   never pass
 test-arm64-arm64-xl-xsm      16 saverestore-support-check    fail   never pass
 test-arm64-arm64-xl-credit2  16 saverestore-support-check    fail   never pass
 test-arm64-arm64-libvirt-xsm 15 migrate-support-check        fail   never pass
 test-arm64-arm64-xl-thunderx 15 migrate-support-check        fail   never pass
 test-arm64-arm64-libvirt-xsm 16 saverestore-support-check    fail   never pass
 test-arm64-arm64-xl-thunderx 16 saverestore-support-check    fail   never pass
 test-armhf-armhf-xl-arndale  15 migrate-support-check        fail   never pass
 test-armhf-armhf-xl-arndale  16 saverestore-support-check    fail   never pass
 test-amd64-amd64-libvirt-qemuu-debianhvm-amd64-xsm 13 migrate-support-check 
fail never pass
 test-amd64-amd64-libvirt-qcow2 14 migrate-support-check        fail never pass
 test-amd64-amd64-libvirt-raw 14 migrate-support-check        fail   never pass
 test-arm64-arm64-libvirt-raw 14 migrate-support-check        fail   never pass
 test-arm64-arm64-libvirt-raw 15 saverestore-support-check    fail   never pass
 test-armhf-armhf-xl          15 migrate-support-check        fail   never pass
 test-armhf-armhf-xl          16 saverestore-support-check    fail   never pass
 test-armhf-armhf-xl-credit1  15 migrate-support-check        fail   never pass
 test-armhf-armhf-xl-credit1  16 saverestore-support-check    fail   never pass
 test-arm64-arm64-xl-vhd      14 migrate-support-check        fail   never pass
 test-arm64-arm64-xl-vhd      15 saverestore-support-check    fail   never pass
 test-armhf-armhf-xl-cubietruck 15 migrate-support-check        fail never pass
 test-armhf-armhf-xl-cubietruck 16 saverestore-support-check    fail never pass
 test-armhf-armhf-xl-multivcpu 15 migrate-support-check        fail  never pass
 test-armhf-armhf-xl-multivcpu 16 saverestore-support-check    fail  never pass
 test-armhf-armhf-xl-rtds     15 migrate-support-check        fail   never pass
 test-armhf-armhf-xl-rtds     16 saverestore-support-check    fail   never pass
 test-armhf-armhf-libvirt-qcow2 14 migrate-support-check        fail never pass
 test-armhf-armhf-xl-credit2  15 migrate-support-check        fail   never pass
 test-armhf-armhf-xl-credit2  16 saverestore-support-check    fail   never pass
 test-armhf-armhf-libvirt     15 migrate-support-check        fail   never pass
 test-armhf-armhf-libvirt-raw 14 migrate-support-check        fail   never pass

version targeted for testing:
 linux                b949c21fc23ecaccef89582f251e6281cad1f81e
baseline version:
 linux                5859a2b1991101d6b978f3feb5325dad39421f29

Last test of basis   168355  2022-03-03 05:19:36 Z    0 days
Testing same since   168383  2022-03-03 19:41:08 Z    0 days    1 attempts

------------------------------------------------------------
People who touched revisions under test:
  Alex Elder <[email protected]>
  Alexander Lobakin <[email protected]>
  Amit Cohen <[email protected]>
  Andy Shevchenko <[email protected]>
  Antony Antony <[email protected]>
  Ben Dooks <[email protected]>
  Brian Gix <[email protected]>
  Casper Andersson <[email protected]>
  Christophe JAILLET <[email protected]>
  Chuanhong Guo <[email protected]>
  Corinna Vinschen <[email protected]>
  D. Wythe <[email protected]>
  Daniel Borkmann <[email protected]>
  David S. Miller <[email protected]>
  Deren Wu <[email protected]>
  Emmanuel Grumbach <[email protected]>
  Eric Dumazet <[email protected]>
  Florian Westphal <[email protected]>
  Golan Ben Ami <[email protected]>
  Ido Schimmel <[email protected]>
  Ilya Lipnitskiy <[email protected]>
  [email protected] <[email protected]>
  Jacob Keller <[email protected]>
  Jakub Kicinski <[email protected]>
  Jakub Sitnicki <[email protected]>
  Jia-Ju Bai <[email protected]>
  Jiasheng Jiang <[email protected]>
  Jiri Bohac <[email protected]>
  Joe Stringer <[email protected]>
  Johannes Berg <[email protected]>
  Johannes Nixdorf <[email protected]>
  John Fastabend <[email protected]>
  Jonathan Lemon <[email protected]>
  Kai-Heng Feng <[email protected]>
  Karsten Graul <[email protected]>
  Konrad Jankowski <[email protected]>
  Lad Prabhakar <[email protected]>
  lena wang <[email protected]>
  Leon Romanovsky <[email protected]>
  Lin Ma <[email protected]>
  Linus Torvalds <[email protected]>
  Luca Coelho <[email protected]>
  Luiz Augusto von Dentz <[email protected]>
  Maciej Fijalkowski <[email protected]>
  Marc Kleine-Budde <[email protected]>
  Marcel Holtmann <[email protected]>
  Marek Marczykowski-Górecki <[email protected]>
  Martin Habets <[email protected]>
  Mat Martineau <[email protected]>
  Mateusz Palczewski <[email protected]>
  Maurice Baijens <[email protected]>
  Maxim Levitsky <[email protected]>
  Miguel Ojeda <[email protected]>
  Naama Meir <[email protected]>
  Nicolas Escande <[email protected]>
  Niels Dossche <[email protected]>
  Oleksandr Natalenko <[email protected]>
  Pablo Neira Ayuso <[email protected]>
  Paolo Abeni <[email protected]>
  Paul Blakey <[email protected]>
  Paul Menzel <[email protected]> (Nokia N9 (MeeGo/Harmattan)
  Phani Burra <[email protected]>
  Randy Dunlap <[email protected]>
  Remi Pommarel <[email protected]>
  Richard Cochran <[email protected]>
  Rui Salvaterra <[email protected]>
  Sandeep Penigalapati <[email protected]>
  Sasha Neftin <[email protected]>
  Sergio Paracuellos <[email protected]>
  Simon Wunderlich <[email protected]>
  Slawomir Laba <[email protected]>
  Sreeramya Soratkal <[email protected]>
  Steffen Klassert <[email protected]>
  Sukadev Bhattiprolu <[email protected]>
  Sven Eckelmann <[email protected]>
  Thomas Bogendoerfer <[email protected]>
  Tony Lu <[email protected]>
  Tony Nguyen <[email protected]>
  Vincent Mailhol <[email protected]>
  Vincent Whitchurch <[email protected]>
  Vladimir Oltean <[email protected]>
  Wang Qing <[email protected]>
  Yan Yan <[email protected]>
  Zheyu Ma <[email protected]>

jobs:
 build-amd64-xsm                                              pass    
 build-arm64-xsm                                              pass    
 build-i386-xsm                                               pass    
 build-amd64                                                  pass    
 build-arm64                                                  pass    
 build-armhf                                                  pass    
 build-i386                                                   pass    
 build-amd64-libvirt                                          pass    
 build-arm64-libvirt                                          pass    
 build-armhf-libvirt                                          pass    
 build-i386-libvirt                                           pass    
 build-amd64-pvops                                            pass    
 build-arm64-pvops                                            pass    
 build-armhf-pvops                                            pass    
 build-i386-pvops                                             pass    
 test-amd64-amd64-xl                                          pass    
 test-amd64-coresched-amd64-xl                                pass    
 test-arm64-arm64-xl                                          pass    
 test-armhf-armhf-xl                                          pass    
 test-amd64-amd64-libvirt-qemuu-debianhvm-amd64-xsm           pass    
 test-amd64-amd64-xl-qemut-stubdom-debianhvm-amd64-xsm        pass    
 test-amd64-amd64-xl-qemut-debianhvm-i386-xsm                 pass    
 test-amd64-amd64-xl-qemuu-debianhvm-i386-xsm                 pass    
 test-amd64-amd64-libvirt-xsm                                 pass    
 test-arm64-arm64-libvirt-xsm                                 pass    
 test-amd64-amd64-xl-xsm                                      fail    
 test-arm64-arm64-xl-xsm                                      pass    
 test-amd64-amd64-qemuu-nested-amd                            fail    
 test-amd64-amd64-xl-pvhv2-amd                                pass    
 test-amd64-amd64-dom0pvh-xl-amd                              pass    
 test-amd64-amd64-xl-qemut-debianhvm-amd64                    pass    
 test-amd64-amd64-xl-qemuu-debianhvm-amd64                    pass    
 test-amd64-amd64-freebsd11-amd64                             pass    
 test-amd64-amd64-freebsd12-amd64                             pass    
 test-amd64-amd64-xl-qemuu-ovmf-amd64                         pass    
 test-amd64-amd64-xl-qemut-win7-amd64                         fail    
 test-amd64-amd64-xl-qemuu-win7-amd64                         fail    
 test-amd64-amd64-xl-qemut-ws16-amd64                         fail    
 test-amd64-amd64-xl-qemuu-ws16-amd64                         fail    
 test-armhf-armhf-xl-arndale                                  pass    
 test-amd64-amd64-examine-bios                                pass    
 test-amd64-amd64-xl-credit1                                  pass    
 test-arm64-arm64-xl-credit1                                  pass    
 test-armhf-armhf-xl-credit1                                  pass    
 test-amd64-amd64-xl-credit2                                  pass    
 test-arm64-arm64-xl-credit2                                  pass    
 test-armhf-armhf-xl-credit2                                  pass    
 test-armhf-armhf-xl-cubietruck                               pass    
 test-amd64-amd64-xl-qemuu-dmrestrict-amd64-dmrestrict        pass    
 test-amd64-amd64-examine                                     pass    
 test-arm64-arm64-examine                                     pass    
 test-armhf-armhf-examine                                     pass    
 test-amd64-amd64-qemuu-nested-intel                          pass    
 test-amd64-amd64-xl-pvhv2-intel                              pass    
 test-amd64-amd64-dom0pvh-xl-intel                            pass    
 test-amd64-amd64-libvirt                                     pass    
 test-armhf-armhf-libvirt                                     pass    
 test-amd64-amd64-xl-multivcpu                                pass    
 test-armhf-armhf-xl-multivcpu                                pass    
 test-amd64-amd64-pair                                        pass    
 test-amd64-amd64-libvirt-pair                                pass    
 test-amd64-amd64-xl-pvshim                                   pass    
 test-amd64-amd64-pygrub                                      pass    
 test-amd64-amd64-libvirt-qcow2                               pass    
 test-armhf-armhf-libvirt-qcow2                               pass    
 test-amd64-amd64-libvirt-raw                                 pass    
 test-arm64-arm64-libvirt-raw                                 pass    
 test-armhf-armhf-libvirt-raw                                 pass    
 test-amd64-amd64-xl-rtds                                     pass    
 test-armhf-armhf-xl-rtds                                     pass    
 test-arm64-arm64-xl-seattle                                  pass    
 test-amd64-amd64-xl-qemuu-debianhvm-amd64-shadow             pass    
 test-amd64-amd64-xl-shadow                                   pass    
 test-arm64-arm64-xl-thunderx                                 pass    
 test-amd64-amd64-examine-uefi                                pass    
 test-amd64-amd64-xl-vhd                                      pass    
 test-arm64-arm64-xl-vhd                                      pass    
 test-armhf-armhf-xl-vhd                                      fail    


------------------------------------------------------------
sg-report-flight on osstest.test-lab.xenproject.org
logs: /home/logs/logs
images: /home/logs/images

Logs, config files, etc. are available at
    http://logs.test-lab.xenproject.org/osstest/logs

Explanation of these reports, and of osstest in general, is at
    http://xenbits.xen.org/gitweb/?p=osstest.git;a=blob;f=README.email;hb=master
    http://xenbits.xen.org/gitweb/?p=osstest.git;a=blob;f=README;hb=master

Test harness code can be found at
    http://xenbits.xen.org/gitweb?p=osstest.git;a=summary


Pushing revision :

hint: The 'hooks/update' hook was ignored because it's not set as executable.
hint: You can disable this warning with `git config advice.ignoredHook false`.
hint: The 'hooks/post-receive' hook was ignored because it's not set as 
executable.
hint: You can disable this warning with `git config advice.ignoredHook false`.
hint: The 'hooks/post-update' hook was ignored because it's not set as 
executable.
hint: You can disable this warning with `git config advice.ignoredHook false`.
To xenbits.xen.org:/home/xen/git/linux-pvops.git
   5859a2b19911..b949c21fc23e  b949c21fc23ecaccef89582f251e6281cad1f81e -> 
tested/linux-linus

Reply via email to