flight 168227 linux-linus real [real]
http://logs.test-lab.xenproject.org/osstest/logs/168227/

Failures :-/ but no regressions.

Tests which did not succeed, but are not blocking:
 test-amd64-amd64-xl-qemut-win7-amd64 19 guest-stop            fail like 168221
 test-amd64-amd64-xl-qemuu-ws16-amd64 19 guest-stop            fail like 168221
 test-amd64-amd64-qemuu-nested-amd 20 debian-hvm-install/l1/l2 fail like 168221
 test-amd64-amd64-xl-qemut-ws16-amd64 19 guest-stop            fail like 168221
 test-amd64-amd64-xl-qemuu-win7-amd64 19 guest-stop            fail like 168221
 test-armhf-armhf-xl-rtds     18 guest-start/debian.repeat    fail  like 168221
 test-armhf-armhf-libvirt     16 saverestore-support-check    fail  like 168221
 test-armhf-armhf-libvirt-raw 15 saverestore-support-check    fail  like 168221
 test-armhf-armhf-libvirt-qcow2 15 saverestore-support-check   fail like 168221
 test-amd64-amd64-libvirt     15 migrate-support-check        fail   never pass
 test-amd64-amd64-libvirt-xsm 15 migrate-support-check        fail   never pass
 test-arm64-arm64-xl-seattle  15 migrate-support-check        fail   never pass
 test-arm64-arm64-xl-seattle  16 saverestore-support-check    fail   never pass
 test-arm64-arm64-xl          15 migrate-support-check        fail   never pass
 test-arm64-arm64-xl          16 saverestore-support-check    fail   never pass
 test-arm64-arm64-xl-xsm      15 migrate-support-check        fail   never pass
 test-arm64-arm64-xl-xsm      16 saverestore-support-check    fail   never pass
 test-arm64-arm64-xl-credit1  15 migrate-support-check        fail   never pass
 test-arm64-arm64-xl-credit1  16 saverestore-support-check    fail   never pass
 test-arm64-arm64-xl-credit2  15 migrate-support-check        fail   never pass
 test-arm64-arm64-xl-credit2  16 saverestore-support-check    fail   never pass
 test-arm64-arm64-libvirt-xsm 15 migrate-support-check        fail   never pass
 test-arm64-arm64-libvirt-xsm 16 saverestore-support-check    fail   never pass
 test-arm64-arm64-xl-thunderx 15 migrate-support-check        fail   never pass
 test-arm64-arm64-xl-thunderx 16 saverestore-support-check    fail   never pass
 test-amd64-amd64-libvirt-qemuu-debianhvm-amd64-xsm 13 migrate-support-check 
fail never pass
 test-armhf-armhf-xl-arndale  15 migrate-support-check        fail   never pass
 test-armhf-armhf-xl-arndale  16 saverestore-support-check    fail   never pass
 test-amd64-amd64-libvirt-qcow2 14 migrate-support-check        fail never pass
 test-amd64-amd64-libvirt-raw 14 migrate-support-check        fail   never pass
 test-arm64-arm64-libvirt-raw 14 migrate-support-check        fail   never pass
 test-arm64-arm64-libvirt-raw 15 saverestore-support-check    fail   never pass
 test-armhf-armhf-xl-credit1  15 migrate-support-check        fail   never pass
 test-armhf-armhf-xl-credit1  16 saverestore-support-check    fail   never pass
 test-armhf-armhf-xl-credit2  15 migrate-support-check        fail   never pass
 test-armhf-armhf-xl-credit2  16 saverestore-support-check    fail   never pass
 test-armhf-armhf-xl-multivcpu 15 migrate-support-check        fail  never pass
 test-armhf-armhf-xl-multivcpu 16 saverestore-support-check    fail  never pass
 test-armhf-armhf-xl          15 migrate-support-check        fail   never pass
 test-armhf-armhf-xl          16 saverestore-support-check    fail   never pass
 test-armhf-armhf-xl-cubietruck 15 migrate-support-check        fail never pass
 test-armhf-armhf-xl-cubietruck 16 saverestore-support-check    fail never pass
 test-armhf-armhf-xl-rtds     15 migrate-support-check        fail   never pass
 test-armhf-armhf-xl-rtds     16 saverestore-support-check    fail   never pass
 test-armhf-armhf-libvirt     15 migrate-support-check        fail   never pass
 test-armhf-armhf-xl-vhd      14 migrate-support-check        fail   never pass
 test-armhf-armhf-xl-vhd      15 saverestore-support-check    fail   never pass
 test-armhf-armhf-libvirt-raw 14 migrate-support-check        fail   never pass
 test-arm64-arm64-xl-vhd      14 migrate-support-check        fail   never pass
 test-arm64-arm64-xl-vhd      15 saverestore-support-check    fail   never pass
 test-armhf-armhf-libvirt-qcow2 14 migrate-support-check        fail never pass

version targeted for testing:
 linux                53ab78cd6d5aba25575a7cfb95729336ba9497d8
baseline version:
 linux                73878e5eb1bd3c9656685ca60bc3a49d17311e0c

Last test of basis   168221  2022-02-24 19:41:23 Z    0 days
Testing same since   168227  2022-02-25 08:51:05 Z    0 days    1 attempts

------------------------------------------------------------
People who touched revisions under test:
  Aaron Lewis <[email protected]>
  Alex Deucher <[email protected]>
  Alex Vesker <[email protected]>
  Alexei Starovoitov <[email protected]>
  Alexey Bayduraev <[email protected]>
  Alok Prasad <[email protected]>
  Alvin Šipraga <[email protected]>
  Anton Romanov <[email protected]>
  Ariel Elior <[email protected]>
  Ariel Levkovich <[email protected]>
  Arnaldo Carvalho de Melo <[email protected]>
  Baruch Siach <[email protected]>
  Bas Nieuwenhuizen <[email protected]>
  Bjorn Helgaas <[email protected]>
  Brian Vazquez <[email protected]>
  Chen Gong <[email protected]>
  Chris Mi <[email protected]>
  Christian König <[email protected]>
  Christophe JAILLET <[email protected]>
  Christophe Leroy <[email protected]>
  Dan Carpenter <[email protected]>
  Daniel Borkmann <[email protected]>
  Daniel Wheeler <[email protected]>
  Dany Madden <[email protected]>
  Dave Airlie <[email protected]>
  David S. Miller <[email protected]>
  Dmitry Osipenko <[email protected]>
  Duoming Zhou <[email protected]>
  Eric Dumazet <[email protected]>
  Evan Quan <[email protected]>
  Fabio M. De Francesco <[email protected]>
  Felix Maurer <[email protected]>
  Florian Westphal <[email protected]>
  Gal Pressman <[email protected]>
  German Gomez <[email protected]>
  Guchun Chen <[email protected]>
  Gurucharan G <[email protected]> (A Contingent worker at Intel)
  Heyi Guo <[email protected]>
  Imre Deak <[email protected]>
  Jacob Keller <[email protected]>
  Jakub Kicinski <[email protected]>
  Jasdeep Dhillon <[email protected]>
  Jason Wang <[email protected]>
  Jeremy Linton <[email protected]>
  Jiri Olsa <[email protected]>
  John Fastabend <[email protected]>
  John Garry <[email protected]>
  Jon Hunter <[email protected]>
  Jon Hunter <[email protected]> # T186
  Kalesh AP <[email protected]>
  Karsten Graul <[email protected]>
  [email protected]
  Konrad Dybcio <[email protected]>
  Konrad Jankowski <[email protected]>
  Kumar Kartikeya Dwivedi <[email protected]>
  Lama Kayal <[email protected]>
  Laurentiu Palcu <[email protected]>
  Leo Yan <[email protected]>
  Leonardo Bras <[email protected]>
  Leslie Shi <[email protected]>
  Liang Zhang <[email protected]>
  Linus Torvalds <[email protected]>
  Maher Sanalla <[email protected]>
  Manish Chopra <[email protected]>
  Maor Dickman <[email protected]>
  Maor Gottlieb <[email protected]>
  Marcelo Ricardo Leitner <[email protected]>
  Marco Elver <[email protected]>
  Marek Marczykowski-Górecki <[email protected]>
  Mario Limonciello <[email protected]>
  Mat Martineau <[email protected]>
  Mateusz Palczewski <[email protected]>
  Matt Roper <[email protected]>
  Mauri Sandberg <[email protected]>
  Maxim Levitsky <[email protected]>
  Maxime Ripard <[email protected]>
  Meir Lichtinger <[email protected]>
  Michael Chan <[email protected]>
  Michal Swiatkowski <[email protected]>
  Michel Dänzer <[email protected]>
  Mikko Perttunen <[email protected]>
  Nicholas Kazlauskas <[email protected]>
  Nicholas Piggin <[email protected]>
  Niels Dossche <[email protected]>
  Niels Dossche <[email protected]>
  Oleksij Rempel <[email protected]>
  Oliver Neukum <[email protected]>
  Pablo Neira Ayuso <[email protected]>
  Pali Rohár <[email protected]>
  Paolo Abeni <[email protected]>
  Paolo Bonzini <[email protected]>
  Paul Blakey <[email protected]>
  Paul Menzel <[email protected]>
  Pavan Chebbi <[email protected]>
  Qiang Yu <[email protected]>
  Roi Dayan <[email protected]>
  Rudi Heitbaum <[email protected]>
  Saeed Mahameed <[email protected]>
  Sandeep Penigalapati <[email protected]>
  Sean Tranchetti <[email protected]>
  Siarhei Volkau <[email protected]>
  Simon Horman <[email protected]>
  Somnath Kotur <[email protected]>
  Stefano Garzarella <[email protected]>
  Stephen Boyd <[email protected]>
  Subash Abhinov Kasiviswanathan <[email protected]>
  Sukadev Bhattiprolu <[email protected]>
  suresh kumar <[email protected]>
  Svenning Sørensen <[email protected]>
  Tao Liu <[email protected]>
  Tariq Toukan <[email protected]>
  Thierry Reding <[email protected]>
  Thierry Reding <[email protected]>
  Thomas Zimmermann <[email protected]>
  Tom Rix <[email protected]>
  Tony Nguyen <[email protected]>
  Tvrtko Ursulin <[email protected]>
  Tvrtko Ursulin <[email protected]>
  Ville Syrjälä <[email protected]>
  Vladimir Oltean <[email protected]>
  Wan Jiabing <[email protected]>
  Wanpeng Li <[email protected]>
  Wojciech Drewek <[email protected]>
  Xiaoke Wang <[email protected]>
  Xin Long <[email protected]>
  Yevgeny Kliteynik <[email protected]>
  Yonghong Song <[email protected]>
  Zhengjun Xing <[email protected]>

jobs:
 build-amd64-xsm                                              pass    
 build-arm64-xsm                                              pass    
 build-i386-xsm                                               pass    
 build-amd64                                                  pass    
 build-arm64                                                  pass    
 build-armhf                                                  pass    
 build-i386                                                   pass    
 build-amd64-libvirt                                          pass    
 build-arm64-libvirt                                          pass    
 build-armhf-libvirt                                          pass    
 build-i386-libvirt                                           pass    
 build-amd64-pvops                                            pass    
 build-arm64-pvops                                            pass    
 build-armhf-pvops                                            pass    
 build-i386-pvops                                             pass    
 test-amd64-amd64-xl                                          pass    
 test-amd64-coresched-amd64-xl                                pass    
 test-arm64-arm64-xl                                          pass    
 test-armhf-armhf-xl                                          pass    
 test-amd64-amd64-libvirt-qemuu-debianhvm-amd64-xsm           pass    
 test-amd64-amd64-xl-qemut-stubdom-debianhvm-amd64-xsm        pass    
 test-amd64-amd64-xl-qemut-debianhvm-i386-xsm                 pass    
 test-amd64-amd64-xl-qemuu-debianhvm-i386-xsm                 pass    
 test-amd64-amd64-libvirt-xsm                                 pass    
 test-arm64-arm64-libvirt-xsm                                 pass    
 test-amd64-amd64-xl-xsm                                      pass    
 test-arm64-arm64-xl-xsm                                      pass    
 test-amd64-amd64-qemuu-nested-amd                            fail    
 test-amd64-amd64-xl-pvhv2-amd                                pass    
 test-amd64-amd64-dom0pvh-xl-amd                              pass    
 test-amd64-amd64-xl-qemut-debianhvm-amd64                    pass    
 test-amd64-amd64-xl-qemuu-debianhvm-amd64                    pass    
 test-amd64-amd64-freebsd11-amd64                             pass    
 test-amd64-amd64-freebsd12-amd64                             pass    
 test-amd64-amd64-xl-qemuu-ovmf-amd64                         pass    
 test-amd64-amd64-xl-qemut-win7-amd64                         fail    
 test-amd64-amd64-xl-qemuu-win7-amd64                         fail    
 test-amd64-amd64-xl-qemut-ws16-amd64                         fail    
 test-amd64-amd64-xl-qemuu-ws16-amd64                         fail    
 test-armhf-armhf-xl-arndale                                  pass    
 test-amd64-amd64-examine-bios                                pass    
 test-amd64-amd64-xl-credit1                                  pass    
 test-arm64-arm64-xl-credit1                                  pass    
 test-armhf-armhf-xl-credit1                                  pass    
 test-amd64-amd64-xl-credit2                                  pass    
 test-arm64-arm64-xl-credit2                                  pass    
 test-armhf-armhf-xl-credit2                                  pass    
 test-armhf-armhf-xl-cubietruck                               pass    
 test-amd64-amd64-xl-qemuu-dmrestrict-amd64-dmrestrict        pass    
 test-amd64-amd64-examine                                     pass    
 test-arm64-arm64-examine                                     pass    
 test-armhf-armhf-examine                                     pass    
 test-amd64-amd64-qemuu-nested-intel                          pass    
 test-amd64-amd64-xl-pvhv2-intel                              pass    
 test-amd64-amd64-dom0pvh-xl-intel                            pass    
 test-amd64-amd64-libvirt                                     pass    
 test-armhf-armhf-libvirt                                     pass    
 test-amd64-amd64-xl-multivcpu                                pass    
 test-armhf-armhf-xl-multivcpu                                pass    
 test-amd64-amd64-pair                                        pass    
 test-amd64-amd64-libvirt-pair                                pass    
 test-amd64-amd64-xl-pvshim                                   pass    
 test-amd64-amd64-pygrub                                      pass    
 test-amd64-amd64-libvirt-qcow2                               pass    
 test-armhf-armhf-libvirt-qcow2                               pass    
 test-amd64-amd64-libvirt-raw                                 pass    
 test-arm64-arm64-libvirt-raw                                 pass    
 test-armhf-armhf-libvirt-raw                                 pass    
 test-amd64-amd64-xl-rtds                                     pass    
 test-armhf-armhf-xl-rtds                                     fail    
 test-arm64-arm64-xl-seattle                                  pass    
 test-amd64-amd64-xl-qemuu-debianhvm-amd64-shadow             pass    
 test-amd64-amd64-xl-shadow                                   pass    
 test-arm64-arm64-xl-thunderx                                 pass    
 test-amd64-amd64-examine-uefi                                pass    
 test-amd64-amd64-xl-vhd                                      pass    
 test-arm64-arm64-xl-vhd                                      pass    
 test-armhf-armhf-xl-vhd                                      pass    


------------------------------------------------------------
sg-report-flight on osstest.test-lab.xenproject.org
logs: /home/logs/logs
images: /home/logs/images

Logs, config files, etc. are available at
    http://logs.test-lab.xenproject.org/osstest/logs

Explanation of these reports, and of osstest in general, is at
    http://xenbits.xen.org/gitweb/?p=osstest.git;a=blob;f=README.email;hb=master
    http://xenbits.xen.org/gitweb/?p=osstest.git;a=blob;f=README;hb=master

Test harness code can be found at
    http://xenbits.xen.org/gitweb?p=osstest.git;a=summary


Pushing revision :

hint: The 'hooks/update' hook was ignored because it's not set as executable.
hint: You can disable this warning with `git config advice.ignoredHook false`.
hint: The 'hooks/post-receive' hook was ignored because it's not set as 
executable.
hint: You can disable this warning with `git config advice.ignoredHook false`.
hint: The 'hooks/post-update' hook was ignored because it's not set as 
executable.
hint: You can disable this warning with `git config advice.ignoredHook false`.
To xenbits.xen.org:/home/xen/git/linux-pvops.git
   73878e5eb1bd..53ab78cd6d5a  53ab78cd6d5aba25575a7cfb95729336ba9497d8 -> 
tested/linux-linus

Reply via email to