flight 168206 linux-5.4 real [real]
http://logs.test-lab.xenproject.org/osstest/logs/168206/

Failures :-/ but no regressions.

Regressions which are regarded as allowable (not blocking):
 test-armhf-armhf-xl-rtds     19 guest-start.2            fail REGR. vs. 168130

Tests which did not succeed, but are not blocking:
 test-amd64-amd64-xl-qemuu-win7-amd64 19 guest-stop            fail like 168130
 test-amd64-i386-xl-qemut-win7-amd64 19 guest-stop             fail like 168130
 test-amd64-amd64-xl-qemut-win7-amd64 19 guest-stop            fail like 168130
 test-armhf-armhf-libvirt     16 saverestore-support-check    fail  like 168130
 test-amd64-amd64-xl-qemuu-ws16-amd64 19 guest-stop            fail like 168130
 test-amd64-amd64-qemuu-nested-amd 20 debian-hvm-install/l1/l2 fail like 168130
 test-amd64-amd64-xl-qemut-ws16-amd64 19 guest-stop            fail like 168130
 test-amd64-i386-xl-qemuu-win7-amd64 19 guest-stop             fail like 168130
 test-amd64-i386-xl-qemut-ws16-amd64 19 guest-stop             fail like 168130
 test-armhf-armhf-libvirt-raw 15 saverestore-support-check    fail  like 168130
 test-armhf-armhf-libvirt-qcow2 15 saverestore-support-check   fail like 168130
 test-amd64-i386-xl-qemuu-ws16-amd64 19 guest-stop             fail like 168130
 test-amd64-i386-xl-pvshim    14 guest-start                  fail   never pass
 test-amd64-i386-libvirt-xsm  15 migrate-support-check        fail   never pass
 test-arm64-arm64-xl-seattle  15 migrate-support-check        fail   never pass
 test-arm64-arm64-xl-seattle  16 saverestore-support-check    fail   never pass
 test-amd64-amd64-libvirt-xsm 15 migrate-support-check        fail   never pass
 test-amd64-amd64-libvirt     15 migrate-support-check        fail   never pass
 test-amd64-i386-libvirt      15 migrate-support-check        fail   never pass
 test-arm64-arm64-xl-thunderx 15 migrate-support-check        fail   never pass
 test-arm64-arm64-xl-thunderx 16 saverestore-support-check    fail   never pass
 test-arm64-arm64-xl-credit1  15 migrate-support-check        fail   never pass
 test-arm64-arm64-xl-xsm      15 migrate-support-check        fail   never pass
 test-arm64-arm64-xl-credit1  16 saverestore-support-check    fail   never pass
 test-arm64-arm64-xl-xsm      16 saverestore-support-check    fail   never pass
 test-arm64-arm64-libvirt-xsm 15 migrate-support-check        fail   never pass
 test-arm64-arm64-libvirt-xsm 16 saverestore-support-check    fail   never pass
 test-arm64-arm64-xl-credit2  15 migrate-support-check        fail   never pass
 test-arm64-arm64-xl-credit2  16 saverestore-support-check    fail   never pass
 test-arm64-arm64-xl          15 migrate-support-check        fail   never pass
 test-arm64-arm64-xl          16 saverestore-support-check    fail   never pass
 test-amd64-amd64-libvirt-qemuu-debianhvm-amd64-xsm 13 migrate-support-check 
fail never pass
 test-armhf-armhf-xl-arndale  15 migrate-support-check        fail   never pass
 test-armhf-armhf-xl-arndale  16 saverestore-support-check    fail   never pass
 test-amd64-i386-libvirt-qemuu-debianhvm-amd64-xsm 13 migrate-support-check 
fail never pass
 test-amd64-i386-libvirt-raw  14 migrate-support-check        fail   never pass
 test-amd64-amd64-libvirt-vhd 14 migrate-support-check        fail   never pass
 test-arm64-arm64-libvirt-raw 14 migrate-support-check        fail   never pass
 test-arm64-arm64-libvirt-raw 15 saverestore-support-check    fail   never pass
 test-armhf-armhf-xl-multivcpu 15 migrate-support-check        fail  never pass
 test-armhf-armhf-xl-multivcpu 16 saverestore-support-check    fail  never pass
 test-armhf-armhf-xl-credit2  15 migrate-support-check        fail   never pass
 test-armhf-armhf-xl-credit2  16 saverestore-support-check    fail   never pass
 test-armhf-armhf-libvirt     15 migrate-support-check        fail   never pass
 test-arm64-arm64-xl-vhd      14 migrate-support-check        fail   never pass
 test-arm64-arm64-xl-vhd      15 saverestore-support-check    fail   never pass
 test-armhf-armhf-xl          15 migrate-support-check        fail   never pass
 test-armhf-armhf-xl          16 saverestore-support-check    fail   never pass
 test-armhf-armhf-xl-credit1  15 migrate-support-check        fail   never pass
 test-armhf-armhf-xl-rtds     15 migrate-support-check        fail   never pass
 test-armhf-armhf-xl-credit1  16 saverestore-support-check    fail   never pass
 test-armhf-armhf-xl-rtds     16 saverestore-support-check    fail   never pass
 test-armhf-armhf-xl-cubietruck 15 migrate-support-check        fail never pass
 test-armhf-armhf-xl-cubietruck 16 saverestore-support-check    fail never pass
 test-armhf-armhf-libvirt-raw 14 migrate-support-check        fail   never pass
 test-armhf-armhf-libvirt-qcow2 14 migrate-support-check        fail never pass
 test-armhf-armhf-xl-vhd      14 migrate-support-check        fail   never pass
 test-armhf-armhf-xl-vhd      15 saverestore-support-check    fail   never pass

version targeted for testing:
 linux                b6e8856b8a5f7fb8b2fc10636aa05cffed1781b9
baseline version:
 linux                7b3eb66d0daf61e91cccdb2fe5d271ae5adc5a76

Last test of basis   168130  2022-02-16 12:13:29 Z    7 days
Testing same since   168206  2022-02-23 11:14:00 Z    0 days    1 attempts

------------------------------------------------------------
People who touched revisions under test:
  "Eric W. Biederman" <[email protected]>
  Al Viro <[email protected]>
  Alex Deucher <[email protected]>
  Alexander Aring <[email protected]>
  Alexandre Belloni <[email protected]>
  Amit Daniel Kachhap <[email protected]>
  Anders Roxell <[email protected]>
  Anna Schumaker <[email protected]>
  Arnaldo Carvalho de Melo <[email protected]>
  Benjamin Tissoires <[email protected]>
  Bjørn Mork <[email protected]>
  Borislav Petkov <[email protected]>
  Brenda Streiff <[email protected]>
  Bryan O'Donoghue <[email protected]>
  Chris Leech <[email protected]>
  Christian Brauner <[email protected]>
  Christian Eggers <[email protected]>
  Christian Hewitt <[email protected]>
  Christian König <[email protected]>
  Christian Loehle <[email protected]>
  Christian Löhle <[email protected]>
  Conor Dooley <[email protected]>
  Damien Le Moal <[email protected]>
  Darrick J. Wong <[email protected]>
  david regan <[email protected]>
  David S. Miller <[email protected]>
  David Sterba <[email protected]>
  Donald Buczek <[email protected]>
  Duoming Zhou <[email protected]>
  Dāvis Mosāns <[email protected]>
  Eliav Farber <[email protected]>
  Eric Dumazet <[email protected]>
  Eric W. Biederman <[email protected]>
  Florian Fainelli <[email protected]>
  Florian Westphal <[email protected]>
  Greg Kroah-Hartman <[email protected]>
  Guenter Roeck <[email protected]>
  Guo Ren <[email protected]>
  Hans de Goede <[email protected]>
  Harini Katakam <[email protected]>
  Heiko Stuebner <[email protected]>
  Helge Deller <[email protected]>
  Hulk Robot <[email protected]>
  Igor Pylypiv <[email protected]>
  JaeSang Yoo <[email protected]>
  JaeSang Yoo <[email protected]>
  Jakub Kicinski <[email protected]>
  Jamal Hadi Salim <[email protected]>
  James Smart <[email protected]>
  Jay Vosburgh <[email protected]>
  Jens Axboe <[email protected]>
  Jiasheng Jiang <[email protected]>
  Jim Mattson <[email protected]>
  Jing Leng <[email protected]>
  Johannes Berg <[email protected]>
  John David Anglin <[email protected]>
  Jon Hunter <[email protected]>
  Josh Poimboeuf <[email protected]>
  Justin M. Forbes <[email protected]>
  Kalle Valo <[email protected]>
  Kees Cook <[email protected]>
  Kees Kook <[email protected]>
  Laibin Qiu <[email protected]>
  Leah Rumancik <[email protected]>
  Linus Torvalds <[email protected]>
  Linux Kernel Functional Testing <[email protected]>
  Luca Coelho <[email protected]>
  Mans Rullgard <[email protected]>
  Marc St-Amand <[email protected]>
  Marc Zyngier <[email protected]>
  Mark Brown <[email protected]>
  Mark Rutland <[email protected]>
  Martin K. Petersen <[email protected]>
  Masahiro Yamada <[email protected]>
  Max Kellermann <[email protected]>
  Miaoqian Lin <[email protected]>
  Michael Ellerman <[email protected]>
  Mickael GARDET <[email protected]>
  Ming Lei <[email protected]>
  Miquel Raynal <[email protected]>
  Nathan Chancellor <[email protected]>
  Neil Armstrong <[email protected]>
  Nicholas Bishop <[email protected]>
  Nicolas Ferre <[email protected]>
  Nícolas F. R. A. Prado <[email protected]>
  Pablo Neira Ayuso <[email protected]>
  Paolo Bonzini <[email protected]>
  Rafał Miłecki <[email protected]>
  Randy Dunlap <[email protected]>
  Sagi Grimberg <[email protected]>
  Samuel Holland <[email protected]>
  Sascha Hauer <[email protected]>
  Sasha Levin <[email protected]>
  Sean Christopherson <[email protected]>
  Sergio Costas <[email protected]>
  Seth Forshee <[email protected]>
  Shuah Khan <[email protected]>
  Slade Watkins <[email protected]>
  Slark Xiao <[email protected]>
  Srinivas Pandruvada <[email protected]>
  Stefan Schmidt <[email protected]>
  Steven Rostedt (Google) <[email protected]>
  Steven Rostedt (VMware) <[email protected]>
  Sudip Mukherjee <[email protected]>
  Sudip Mukherjee <[email protected]>
  Sven Schnelle <[email protected]>
  Takashi Iwai <[email protected]>
  Tejun Heo <[email protected]>
  Theodore Ts'o <[email protected]>
  Tony Lindgren <[email protected]>
  Torsten Duwe <[email protected]>
  Trond Myklebust <[email protected]>
  Tudor Ambarus <[email protected]>
  Ulf Hansson <[email protected]>
  Valdis Klētnieks <[email protected]>
  Vinod Koul <[email protected]>
  Waiman Long <[email protected]>
  Wan Jiabing <[email protected]>
  Wei Liu <[email protected]>
  Wolfram Sang <[email protected]>
  Xin Long <[email protected]>
  Yang Xu <[email protected]>
  Ye Guojin <[email protected]>
  Zhang Changzhong <[email protected]>
  Zhang Yi <[email protected]>
  Zoltán Böszörményi <[email protected]>

jobs:
 build-amd64-xsm                                              pass    
 build-arm64-xsm                                              pass    
 build-i386-xsm                                               pass    
 build-amd64                                                  pass    
 build-arm64                                                  pass    
 build-armhf                                                  pass    
 build-i386                                                   pass    
 build-amd64-libvirt                                          pass    
 build-arm64-libvirt                                          pass    
 build-armhf-libvirt                                          pass    
 build-i386-libvirt                                           pass    
 build-amd64-pvops                                            pass    
 build-arm64-pvops                                            pass    
 build-armhf-pvops                                            pass    
 build-i386-pvops                                             pass    
 test-amd64-amd64-xl                                          pass    
 test-amd64-coresched-amd64-xl                                pass    
 test-arm64-arm64-xl                                          pass    
 test-armhf-armhf-xl                                          pass    
 test-amd64-i386-xl                                           pass    
 test-amd64-coresched-i386-xl                                 pass    
 test-amd64-amd64-libvirt-qemuu-debianhvm-amd64-xsm           pass    
 test-amd64-i386-libvirt-qemuu-debianhvm-amd64-xsm            pass    
 test-amd64-amd64-xl-qemut-stubdom-debianhvm-amd64-xsm        pass    
 test-amd64-i386-xl-qemut-stubdom-debianhvm-amd64-xsm         pass    
 test-amd64-amd64-xl-qemut-debianhvm-i386-xsm                 pass    
 test-amd64-i386-xl-qemut-debianhvm-i386-xsm                  pass    
 test-amd64-amd64-xl-qemuu-debianhvm-i386-xsm                 pass    
 test-amd64-i386-xl-qemuu-debianhvm-i386-xsm                  pass    
 test-amd64-amd64-libvirt-xsm                                 pass    
 test-arm64-arm64-libvirt-xsm                                 pass    
 test-amd64-i386-libvirt-xsm                                  pass    
 test-amd64-amd64-xl-xsm                                      pass    
 test-arm64-arm64-xl-xsm                                      pass    
 test-amd64-i386-xl-xsm                                       pass    
 test-amd64-amd64-qemuu-nested-amd                            fail    
 test-amd64-amd64-xl-pvhv2-amd                                pass    
 test-amd64-i386-qemut-rhel6hvm-amd                           pass    
 test-amd64-i386-qemuu-rhel6hvm-amd                           pass    
 test-amd64-amd64-dom0pvh-xl-amd                              pass    
 test-amd64-amd64-xl-qemut-debianhvm-amd64                    pass    
 test-amd64-i386-xl-qemut-debianhvm-amd64                     pass    
 test-amd64-amd64-xl-qemuu-debianhvm-amd64                    pass    
 test-amd64-i386-xl-qemuu-debianhvm-amd64                     pass    
 test-amd64-i386-freebsd10-amd64                              pass    
 test-amd64-amd64-qemuu-freebsd11-amd64                       pass    
 test-amd64-amd64-qemuu-freebsd12-amd64                       pass    
 test-amd64-amd64-xl-qemuu-ovmf-amd64                         pass    
 test-amd64-i386-xl-qemuu-ovmf-amd64                          pass    
 test-amd64-amd64-xl-qemut-win7-amd64                         fail    
 test-amd64-i386-xl-qemut-win7-amd64                          fail    
 test-amd64-amd64-xl-qemuu-win7-amd64                         fail    
 test-amd64-i386-xl-qemuu-win7-amd64                          fail    
 test-amd64-amd64-xl-qemut-ws16-amd64                         fail    
 test-amd64-i386-xl-qemut-ws16-amd64                          fail    
 test-amd64-amd64-xl-qemuu-ws16-amd64                         fail    
 test-amd64-i386-xl-qemuu-ws16-amd64                          fail    
 test-armhf-armhf-xl-arndale                                  pass    
 test-amd64-amd64-examine-bios                                pass    
 test-amd64-i386-examine-bios                                 pass    
 test-amd64-amd64-xl-credit1                                  pass    
 test-arm64-arm64-xl-credit1                                  pass    
 test-armhf-armhf-xl-credit1                                  pass    
 test-amd64-amd64-xl-credit2                                  pass    
 test-arm64-arm64-xl-credit2                                  pass    
 test-armhf-armhf-xl-credit2                                  pass    
 test-armhf-armhf-xl-cubietruck                               pass    
 test-amd64-amd64-xl-qemuu-dmrestrict-amd64-dmrestrict        pass    
 test-amd64-i386-xl-qemuu-dmrestrict-amd64-dmrestrict         pass    
 test-amd64-amd64-examine                                     pass    
 test-arm64-arm64-examine                                     pass    
 test-armhf-armhf-examine                                     pass    
 test-amd64-i386-examine                                      pass    
 test-amd64-i386-freebsd10-i386                               pass    
 test-amd64-amd64-qemuu-nested-intel                          pass    
 test-amd64-amd64-xl-pvhv2-intel                              pass    
 test-amd64-i386-qemut-rhel6hvm-intel                         pass    
 test-amd64-i386-qemuu-rhel6hvm-intel                         pass    
 test-amd64-amd64-dom0pvh-xl-intel                            pass    
 test-amd64-amd64-libvirt                                     pass    
 test-armhf-armhf-libvirt                                     pass    
 test-amd64-i386-libvirt                                      pass    
 test-amd64-amd64-xl-multivcpu                                pass    
 test-armhf-armhf-xl-multivcpu                                pass    
 test-amd64-amd64-pair                                        pass    
 test-amd64-i386-pair                                         pass    
 test-amd64-amd64-libvirt-pair                                pass    
 test-amd64-i386-libvirt-pair                                 pass    
 test-amd64-amd64-xl-pvshim                                   pass    
 test-amd64-i386-xl-pvshim                                    fail    
 test-amd64-amd64-pygrub                                      pass    
 test-armhf-armhf-libvirt-qcow2                               pass    
 test-amd64-amd64-xl-qcow2                                    pass    
 test-arm64-arm64-libvirt-raw                                 pass    
 test-armhf-armhf-libvirt-raw                                 pass    
 test-amd64-i386-libvirt-raw                                  pass    
 test-amd64-amd64-xl-rtds                                     pass    
 test-armhf-armhf-xl-rtds                                     fail    
 test-arm64-arm64-xl-seattle                                  pass    
 test-amd64-amd64-xl-qemuu-debianhvm-amd64-shadow             pass    
 test-amd64-i386-xl-qemuu-debianhvm-amd64-shadow              pass    
 test-amd64-amd64-xl-shadow                                   pass    
 test-amd64-i386-xl-shadow                                    pass    
 test-arm64-arm64-xl-thunderx                                 pass    
 test-amd64-amd64-examine-uefi                                pass    
 test-amd64-i386-examine-uefi                                 pass    
 test-amd64-amd64-libvirt-vhd                                 pass    
 test-arm64-arm64-xl-vhd                                      pass    
 test-armhf-armhf-xl-vhd                                      pass    
 test-amd64-i386-xl-vhd                                       pass    


------------------------------------------------------------
sg-report-flight on osstest.test-lab.xenproject.org
logs: /home/logs/logs
images: /home/logs/images

Logs, config files, etc. are available at
    http://logs.test-lab.xenproject.org/osstest/logs

Explanation of these reports, and of osstest in general, is at
    http://xenbits.xen.org/gitweb/?p=osstest.git;a=blob;f=README.email;hb=master
    http://xenbits.xen.org/gitweb/?p=osstest.git;a=blob;f=README;hb=master

Test harness code can be found at
    http://xenbits.xen.org/gitweb?p=osstest.git;a=summary


Pushing revision :

hint: The 'hooks/update' hook was ignored because it's not set as executable.
hint: You can disable this warning with `git config advice.ignoredHook false`.
hint: The 'hooks/post-receive' hook was ignored because it's not set as 
executable.
hint: You can disable this warning with `git config advice.ignoredHook false`.
hint: The 'hooks/post-update' hook was ignored because it's not set as 
executable.
hint: You can disable this warning with `git config advice.ignoredHook false`.
To xenbits.xen.org:/home/xen/git/linux-pvops.git
   7b3eb66d0daf..b6e8856b8a5f  b6e8856b8a5f7fb8b2fc10636aa05cffed1781b9 -> 
tested/linux-5.4

Reply via email to