flight 168086 linux-linus real [real]
http://logs.test-lab.xenproject.org/osstest/logs/168086/

Failures and problems with tests :-(

Tests which did not succeed and are blocking,
including tests which could not be run:
 build-arm64                     <job status>                 broken
 build-arm64-pvops               <job status>                 broken
 build-arm64-xsm                 <job status>                 broken
 build-arm64-xsm               4 host-install(4)        broken REGR. vs. 168080
 build-arm64                   4 host-install(4)        broken REGR. vs. 168080
 build-arm64-pvops             4 host-install(4)        broken REGR. vs. 168080

Tests which did not succeed, but are not blocking:
 test-arm64-arm64-examine      1 build-check(1)               blocked  n/a
 build-arm64-libvirt           1 build-check(1)               blocked  n/a
 test-arm64-arm64-libvirt-raw  1 build-check(1)               blocked  n/a
 test-arm64-arm64-libvirt-xsm  1 build-check(1)               blocked  n/a
 test-arm64-arm64-xl           1 build-check(1)               blocked  n/a
 test-arm64-arm64-xl-credit1   1 build-check(1)               blocked  n/a
 test-arm64-arm64-xl-credit2   1 build-check(1)               blocked  n/a
 test-arm64-arm64-xl-seattle   1 build-check(1)               blocked  n/a
 test-arm64-arm64-xl-thunderx  1 build-check(1)               blocked  n/a
 test-arm64-arm64-xl-vhd       1 build-check(1)               blocked  n/a
 test-arm64-arm64-xl-xsm       1 build-check(1)               blocked  n/a
 test-amd64-amd64-xl-qemut-win7-amd64 19 guest-stop            fail like 168080
 test-amd64-amd64-qemuu-nested-amd 20 debian-hvm-install/l1/l2 fail like 168080
 test-amd64-amd64-xl-qemuu-ws16-amd64 19 guest-stop            fail like 168080
 test-amd64-amd64-xl-qemut-ws16-amd64 19 guest-stop            fail like 168080
 test-amd64-amd64-xl-qemuu-win7-amd64 19 guest-stop            fail like 168080
 test-amd64-amd64-xl-qemut-debianhvm-i386-xsm 12 debian-hvm-install fail like 
168080
 test-armhf-armhf-libvirt-raw 15 saverestore-support-check    fail  like 168080
 test-armhf-armhf-libvirt     16 saverestore-support-check    fail  like 168080
 test-armhf-armhf-libvirt-qcow2 15 saverestore-support-check   fail like 168080
 test-amd64-amd64-libvirt     15 migrate-support-check        fail   never pass
 test-amd64-amd64-libvirt-xsm 15 migrate-support-check        fail   never pass
 test-amd64-amd64-libvirt-qemuu-debianhvm-amd64-xsm 13 migrate-support-check 
fail never pass
 test-armhf-armhf-xl-arndale  15 migrate-support-check        fail   never pass
 test-armhf-armhf-xl-arndale  16 saverestore-support-check    fail   never pass
 test-amd64-amd64-libvirt-qcow2 14 migrate-support-check        fail never pass
 test-amd64-amd64-libvirt-raw 14 migrate-support-check        fail   never pass
 test-armhf-armhf-xl-multivcpu 15 migrate-support-check        fail  never pass
 test-armhf-armhf-xl-multivcpu 16 saverestore-support-check    fail  never pass
 test-armhf-armhf-xl-cubietruck 15 migrate-support-check        fail never pass
 test-armhf-armhf-xl-cubietruck 16 saverestore-support-check    fail never pass
 test-armhf-armhf-xl-rtds     15 migrate-support-check        fail   never pass
 test-armhf-armhf-xl-rtds     16 saverestore-support-check    fail   never pass
 test-armhf-armhf-xl          15 migrate-support-check        fail   never pass
 test-armhf-armhf-xl          16 saverestore-support-check    fail   never pass
 test-armhf-armhf-xl-credit1  15 migrate-support-check        fail   never pass
 test-armhf-armhf-libvirt-raw 14 migrate-support-check        fail   never pass
 test-armhf-armhf-xl-credit1  16 saverestore-support-check    fail   never pass
 test-armhf-armhf-xl-credit2  15 migrate-support-check        fail   never pass
 test-armhf-armhf-xl-credit2  16 saverestore-support-check    fail   never pass
 test-armhf-armhf-libvirt     15 migrate-support-check        fail   never pass
 test-armhf-armhf-xl-vhd      14 migrate-support-check        fail   never pass
 test-armhf-armhf-xl-vhd      15 saverestore-support-check    fail   never pass
 test-armhf-armhf-libvirt-qcow2 14 migrate-support-check        fail never pass

version targeted for testing:
 linux                1d41d2e82623b40ee27811fe9ea38bafe2e722e9
baseline version:
 linux                f1baf68e1383f6ed93eb9cff2866d46562607a43

Last test of basis   168080  2022-02-11 00:09:22 Z    1 days
Testing same since   168086  2022-02-11 20:11:19 Z    0 days    1 attempts

------------------------------------------------------------
People who touched revisions under test:
  Aaron Liu <[email protected]>
  Alex Deucher <[email protected]>
  Alexandre Ghiti <[email protected]>
  Alviro Iskandar Setiawan <[email protected]>
  Ammar Faizi <[email protected]>
  Andreas Gruenbacher <[email protected]>
  Andrzej Pietrasiewicz <[email protected]>
  Andy Shevchenko <[email protected]>
  Aurelien Jarno <[email protected]>
  Bartosz Golaszewski <[email protected]>
  Bean Huo <[email protected]>
  Bob Peterson <[email protected]>
  Brian Norris <[email protected]>
  Catalin Marinas <[email protected]>
  Changbin Du <[email protected]>
  Christoph Hellwig <[email protected]>
  Christoph Niedermaier <[email protected]>
  Damien Le Moal <[email protected]>
  Daniel Bristot de Oliveira <[email protected]>
  Daniel Stone <[email protected]>
  Daniel Vetter <[email protected]>
  Daniel Vetter <[email protected]>
  Daniel Wheeler <[email protected]>
  Dave Airlie <[email protected]>
  Dave Stevenson <[email protected]>
  Dmytro Laktyushkin <[email protected]>
  Geert Uytterhoeven <[email protected]>
  Geert Uytterhoeven <[email protected]>
  Greg Kroah-Hartman <[email protected]>Cc: Dave Airlie 
<[email protected]>
  Hans de Goede <[email protected]>
  Heiko Stuebner <[email protected]>
  Helge Deller <[email protected]>
  JaeSang Yoo <[email protected]>
  JaeSang Yoo <[email protected]>
  Jan Kara <[email protected]>
  Jani Nikula <[email protected]>
  Jasdeep Dhillon <[email protected]>
  Jens Axboe <[email protected]>
  Jisheng Zhang <[email protected]>
  Kai-Heng Feng <[email protected]>
  Linus Torvalds <[email protected]>
  Lorenzo Pieralisi <[email protected]>
  Lucas De Marchi <[email protected]>
  Marek Vasut <[email protected]>
  Mario Limonciello <[email protected]>
  Mark Brown <[email protected]>
  Maxime Ripard <[email protected]>
  Myrtle Shah <[email protected]>
  Niklas Cassel <[email protected]>
  Palmer Dabbelt <[email protected]>
  Pingfan Liu <[email protected]>
  Rafael J. Wysocki <[email protected]>
  Robin Murphy <[email protected]>
  Roman Li <[email protected]>
  Sagi Grimberg <[email protected]>
  Sam Ravnborg <[email protected]>
  Sascha Hauer <[email protected]>
  Shakeel Butt <[email protected]>
  Steven Rostedt (Google) <[email protected]>
  Tetsuo Handa <[email protected]>
  Thomas Hellström <[email protected]>
  Thomas Zimmermann <[email protected]>
  Tomi Valkeinen <[email protected]>
  Tvrtko Ursulin <[email protected]>
  Tvrtko Ursulin <[email protected]>
  Ville Syrjälä <[email protected]>
  Vlastimil Babka <[email protected]>
  Yang Wang <[email protected]>
  Yizhuo Zhai <[email protected]>
  Zhan Liu <[email protected]>
  Zoltán Böszörményi <[email protected]>

jobs:
 build-amd64-xsm                                              pass    
 build-arm64-xsm                                              broken  
 build-i386-xsm                                               pass    
 build-amd64                                                  pass    
 build-arm64                                                  broken  
 build-armhf                                                  pass    
 build-i386                                                   pass    
 build-amd64-libvirt                                          pass    
 build-arm64-libvirt                                          blocked 
 build-armhf-libvirt                                          pass    
 build-i386-libvirt                                           pass    
 build-amd64-pvops                                            pass    
 build-arm64-pvops                                            broken  
 build-armhf-pvops                                            pass    
 build-i386-pvops                                             pass    
 test-amd64-amd64-xl                                          pass    
 test-amd64-coresched-amd64-xl                                pass    
 test-arm64-arm64-xl                                          blocked 
 test-armhf-armhf-xl                                          pass    
 test-amd64-amd64-libvirt-qemuu-debianhvm-amd64-xsm           pass    
 test-amd64-amd64-xl-qemut-stubdom-debianhvm-amd64-xsm        pass    
 test-amd64-amd64-xl-qemut-debianhvm-i386-xsm                 fail    
 test-amd64-amd64-xl-qemuu-debianhvm-i386-xsm                 pass    
 test-amd64-amd64-libvirt-xsm                                 pass    
 test-arm64-arm64-libvirt-xsm                                 blocked 
 test-amd64-amd64-xl-xsm                                      pass    
 test-arm64-arm64-xl-xsm                                      blocked 
 test-amd64-amd64-qemuu-nested-amd                            fail    
 test-amd64-amd64-xl-pvhv2-amd                                pass    
 test-amd64-amd64-dom0pvh-xl-amd                              pass    
 test-amd64-amd64-xl-qemut-debianhvm-amd64                    pass    
 test-amd64-amd64-xl-qemuu-debianhvm-amd64                    pass    
 test-amd64-amd64-freebsd11-amd64                             pass    
 test-amd64-amd64-freebsd12-amd64                             pass    
 test-amd64-amd64-xl-qemuu-ovmf-amd64                         pass    
 test-amd64-amd64-xl-qemut-win7-amd64                         fail    
 test-amd64-amd64-xl-qemuu-win7-amd64                         fail    
 test-amd64-amd64-xl-qemut-ws16-amd64                         fail    
 test-amd64-amd64-xl-qemuu-ws16-amd64                         fail    
 test-armhf-armhf-xl-arndale                                  pass    
 test-amd64-amd64-examine-bios                                pass    
 test-amd64-amd64-xl-credit1                                  pass    
 test-arm64-arm64-xl-credit1                                  blocked 
 test-armhf-armhf-xl-credit1                                  pass    
 test-amd64-amd64-xl-credit2                                  pass    
 test-arm64-arm64-xl-credit2                                  blocked 
 test-armhf-armhf-xl-credit2                                  pass    
 test-armhf-armhf-xl-cubietruck                               pass    
 test-amd64-amd64-xl-qemuu-dmrestrict-amd64-dmrestrict        pass    
 test-amd64-amd64-examine                                     pass    
 test-arm64-arm64-examine                                     blocked 
 test-armhf-armhf-examine                                     pass    
 test-amd64-amd64-qemuu-nested-intel                          pass    
 test-amd64-amd64-xl-pvhv2-intel                              pass    
 test-amd64-amd64-dom0pvh-xl-intel                            pass    
 test-amd64-amd64-libvirt                                     pass    
 test-armhf-armhf-libvirt                                     pass    
 test-amd64-amd64-xl-multivcpu                                pass    
 test-armhf-armhf-xl-multivcpu                                pass    
 test-amd64-amd64-pair                                        pass    
 test-amd64-amd64-libvirt-pair                                pass    
 test-amd64-amd64-xl-pvshim                                   pass    
 test-amd64-amd64-pygrub                                      pass    
 test-amd64-amd64-libvirt-qcow2                               pass    
 test-armhf-armhf-libvirt-qcow2                               pass    
 test-amd64-amd64-libvirt-raw                                 pass    
 test-arm64-arm64-libvirt-raw                                 blocked 
 test-armhf-armhf-libvirt-raw                                 pass    
 test-amd64-amd64-xl-rtds                                     pass    
 test-armhf-armhf-xl-rtds                                     pass    
 test-arm64-arm64-xl-seattle                                  blocked 
 test-amd64-amd64-xl-qemuu-debianhvm-amd64-shadow             pass    
 test-amd64-amd64-xl-shadow                                   pass    
 test-arm64-arm64-xl-thunderx                                 blocked 
 test-amd64-amd64-examine-uefi                                pass    
 test-amd64-amd64-xl-vhd                                      pass    
 test-arm64-arm64-xl-vhd                                      blocked 
 test-armhf-armhf-xl-vhd                                      pass    


------------------------------------------------------------
sg-report-flight on osstest.test-lab.xenproject.org
logs: /home/logs/logs
images: /home/logs/images

Logs, config files, etc. are available at
    http://logs.test-lab.xenproject.org/osstest/logs

Explanation of these reports, and of osstest in general, is at
    http://xenbits.xen.org/gitweb/?p=osstest.git;a=blob;f=README.email;hb=master
    http://xenbits.xen.org/gitweb/?p=osstest.git;a=blob;f=README;hb=master

Test harness code can be found at
    http://xenbits.xen.org/gitweb?p=osstest.git;a=summary

broken-job build-arm64 broken
broken-job build-arm64-pvops broken
broken-job build-arm64-xsm broken
broken-step build-arm64-xsm host-install(4)
broken-step build-arm64 host-install(4)
broken-step build-arm64-pvops host-install(4)

Not pushing.

(No revision log; it would be 1680 lines long.)

Reply via email to