flight 168022 linux-linus real [real]
flight 168028 linux-linus real-retest [real]
http://logs.test-lab.xenproject.org/osstest/logs/168022/
http://logs.test-lab.xenproject.org/osstest/logs/168028/

Failures :-/ but no regressions.

Tests which are failing intermittently (not blocking):
 test-amd64-amd64-libvirt-qcow2 19 guest-start/debian.repeat fail pass in 
168028-retest

Tests which did not succeed, but are not blocking:
 test-amd64-amd64-xl-qemut-win7-amd64 19 guest-stop            fail like 168012
 test-armhf-armhf-libvirt     16 saverestore-support-check    fail  like 168012
 test-amd64-amd64-qemuu-nested-amd 20 debian-hvm-install/l1/l2 fail like 168012
 test-amd64-amd64-xl-qemuu-ws16-amd64 19 guest-stop            fail like 168012
 test-amd64-amd64-xl-qemut-ws16-amd64 19 guest-stop            fail like 168012
 test-amd64-amd64-xl-qemuu-win7-amd64 19 guest-stop            fail like 168012
 test-armhf-armhf-libvirt-raw 15 saverestore-support-check    fail  like 168012
 test-armhf-armhf-libvirt-qcow2 15 saverestore-support-check   fail like 168012
 test-arm64-arm64-xl-seattle  15 migrate-support-check        fail   never pass
 test-arm64-arm64-xl-seattle  16 saverestore-support-check    fail   never pass
 test-amd64-amd64-libvirt-xsm 15 migrate-support-check        fail   never pass
 test-amd64-amd64-libvirt     15 migrate-support-check        fail   never pass
 test-arm64-arm64-xl-credit1  15 migrate-support-check        fail   never pass
 test-arm64-arm64-xl-credit1  16 saverestore-support-check    fail   never pass
 test-arm64-arm64-xl-thunderx 15 migrate-support-check        fail   never pass
 test-arm64-arm64-xl-thunderx 16 saverestore-support-check    fail   never pass
 test-arm64-arm64-libvirt-xsm 15 migrate-support-check        fail   never pass
 test-arm64-arm64-libvirt-xsm 16 saverestore-support-check    fail   never pass
 test-arm64-arm64-xl-xsm      15 migrate-support-check        fail   never pass
 test-arm64-arm64-xl-xsm      16 saverestore-support-check    fail   never pass
 test-arm64-arm64-xl          15 migrate-support-check        fail   never pass
 test-arm64-arm64-xl          16 saverestore-support-check    fail   never pass
 test-armhf-armhf-xl-arndale  15 migrate-support-check        fail   never pass
 test-armhf-armhf-xl-arndale  16 saverestore-support-check    fail   never pass
 test-amd64-amd64-libvirt-qemuu-debianhvm-amd64-xsm 13 migrate-support-check 
fail never pass
 test-amd64-amd64-libvirt-qcow2 14 migrate-support-check        fail never pass
 test-amd64-amd64-libvirt-raw 14 migrate-support-check        fail   never pass
 test-arm64-arm64-libvirt-raw 14 migrate-support-check        fail   never pass
 test-arm64-arm64-libvirt-raw 15 saverestore-support-check    fail   never pass
 test-arm64-arm64-xl-vhd      14 migrate-support-check        fail   never pass
 test-arm64-arm64-xl-vhd      15 saverestore-support-check    fail   never pass
 test-armhf-armhf-xl-cubietruck 15 migrate-support-check        fail never pass
 test-armhf-armhf-xl-cubietruck 16 saverestore-support-check    fail never pass
 test-armhf-armhf-xl-rtds     15 migrate-support-check        fail   never pass
 test-armhf-armhf-xl-rtds     16 saverestore-support-check    fail   never pass
 test-armhf-armhf-xl-multivcpu 15 migrate-support-check        fail  never pass
 test-armhf-armhf-xl-multivcpu 16 saverestore-support-check    fail  never pass
 test-armhf-armhf-libvirt     15 migrate-support-check        fail   never pass
 test-arm64-arm64-xl-credit2  15 migrate-support-check        fail   never pass
 test-arm64-arm64-xl-credit2  16 saverestore-support-check    fail   never pass
 test-armhf-armhf-xl          15 migrate-support-check        fail   never pass
 test-armhf-armhf-xl          16 saverestore-support-check    fail   never pass
 test-armhf-armhf-xl-credit1  15 migrate-support-check        fail   never pass
 test-armhf-armhf-xl-credit1  16 saverestore-support-check    fail   never pass
 test-armhf-armhf-xl-credit2  15 migrate-support-check        fail   never pass
 test-armhf-armhf-xl-credit2  16 saverestore-support-check    fail   never pass
 test-armhf-armhf-xl-vhd      14 migrate-support-check        fail   never pass
 test-armhf-armhf-xl-vhd      15 saverestore-support-check    fail   never pass
 test-armhf-armhf-libvirt-raw 14 migrate-support-check        fail   never pass
 test-armhf-armhf-libvirt-qcow2 14 migrate-support-check        fail never pass

version targeted for testing:
 linux                0457e5153e0e8420134f60921349099e907264ca
baseline version:
 linux                dcb85f85fa6f142aae1fe86f399d4503d49f2b60

Last test of basis   168012  2022-02-04 16:57:25 Z    1 days
Testing same since   168022  2022-02-05 05:38:07 Z    0 days    1 attempts

------------------------------------------------------------
People who touched revisions under test:
  Aditya Garg <[email protected]>
  Agustin Gutierrez <[email protected]>
  Ajish Koshy <[email protected]>
  Ajit Kumar Pandey <[email protected]>
  Albert Geantă <[email protected]>
  Alex Deucher <[email protected]>
  Alexander Stein <[email protected]>
  Andrew Morton <[email protected]>
  Anitha Chrisanthus <[email protected]>
  Anton Lundin <[email protected]>
  Aun-Ali Zaidi <[email protected]>
  Bernard Metzler <[email protected]>
  Bjorn Helgaas <[email protected]>
  Catalin Marinas <[email protected]>
  Charles Keepax <[email protected]>
  Chen Wandun <[email protected]>
  Chris Leech <[email protected]>
  Christian Gmeiner <[email protected]>
  Christian König <[email protected]>
  Christian Lachner <[email protected]>
  Christoph Hellwig <[email protected]>
  Christophe JAILLET <[email protected]>
  Damien Le Moal <[email protected]>
  Dan Carpenter <[email protected]>
  Daniel Vetter <[email protected]>
  Daniel Wheeler <[email protected]>
  Dave Airlie <[email protected]>
  David Hildenbrand <[email protected]>
  David Howells <[email protected]>
  David Rientjes <[email protected]>
  David Sterba <[email protected]>
  Dmitry Ivanov <[email protected]>
  Dmitry Osipenko <[email protected]>
  Dominik Brodowski <[email protected]>
  Dominique Martinet <[email protected]>
  Dong Aisheng <[email protected]>
  Evan Quan <[email protected]>
  Filipe Manana <[email protected]>
  Francesco Dolcini <[email protected]>
  Gao Xiang <[email protected]>
  Geert Uytterhoeven <[email protected]>
  Geert Uytterhoeven <[email protected]>
  Guangwu Zhang <[email protected]>
  Guennadi Liakhovetski <[email protected]>
  Guenter Roeck <[email protected]>
  Guoqing Jiang <[email protected]>
  Helge Deller <[email protected]>
  Ilya Dryomov <[email protected]>
  Imre Deak <[email protected]>
  Jack Wang <[email protected]>
  Jason A. Donenfeld <[email protected]>
  Jason Gunthorpe <[email protected]>
  Jeff Layton <[email protected]>
  Jens Axboe <[email protected]>
  Jiasheng Jiang <[email protected]>
  Joerg Roedel <[email protected]>
  John Garry <[email protected]>
  John Harrison <[email protected]>
  John Meneghini <[email protected]>
  John Stultz <[email protected]>
  Jonas Hahnfeld <[email protected]>
  Joonas Lahtinen <[email protected]>
  Jordy Zomer <[email protected]>
  Jukka Heikintalo <[email protected]>
  Julian Braha <[email protected]>
  Karol Herbst <[email protected]>
  Lang Yu <[email protected]>
  Leon Möller <[email protected]>
  Leon Romanovsky <[email protected]>
  Linus Torvalds <[email protected]>
  Lu Baolu <[email protected]>
  Maor Gottlieb <[email protected]>
  Marek Vasut <[email protected]>
  Mario Limonciello <[email protected]>
  Mark Brown <[email protected]>
  Mark Zhang <[email protected]>
  Martin K. Petersen <[email protected]>
  Martin Wilck <[email protected]>
  Matthew Brost <[email protected]>
  Miaoqian Lin <[email protected]>
  Mike Marciniszyn <[email protected]>
  Mike Rapoport <[email protected]>
  Miles Chen <[email protected]>
  Ming Lei <[email protected]>
  Minghao Chi <[email protected]>
  Nathan Chancellor <[email protected]>
  Nick Desaulniers <[email protected]>
  Nick Lopez <[email protected]>
  Pasha Tatashin <[email protected]>
  Paul Hsieh <[email protected]>
  Paweł Susicki <[email protected]>
  Peter Ujfalusi <[email protected]>
  Qu Wenruo <[email protected]>
  Rafael J. Wysocki <[email protected]>
  Randy Dunlap <[email protected]>
  Robert Hancock <[email protected]>
  Rohith Surabattula <[email protected]>
  Ryan Bair <[email protected]>
  Sagi Grimberg <[email protected]>
  Saurav Kashyap <[email protected]>
  Sergey Shtylyov <[email protected]>
  Shin'ichiro Kawasaki <[email protected]>
  Shuah Khan <[email protected]>
  Shyam Prasad N <[email protected]>
  Song Liu <[email protected]>
  Srinivas Kandagatla <[email protected]>
  Steve French <[email protected]>
  Stylon Wang <[email protected]>
  Su Yue <[email protected]>
  Sumit Semwal <[email protected]>
  Sven Schnelle <[email protected]>
  Takashi Iwai <[email protected]>
  Thomas Zimmermann <[email protected]>
  Tom Rix <[email protected]>
  Tvrtko Ursulin <[email protected]>
  Uday Shankar <[email protected]>
  Umesh Nerlige Ramappa <[email protected]>
  Vijayanand Jitta <[email protected]>
  Ville Syrjälä <[email protected]>
  Viswas G <[email protected]>
  Vlastimil Babka <[email protected]>
  Zhan Liu <[email protected]>
  Zi Yan <[email protected]>

jobs:
 build-amd64-xsm                                              pass    
 build-arm64-xsm                                              pass    
 build-i386-xsm                                               pass    
 build-amd64                                                  pass    
 build-arm64                                                  pass    
 build-armhf                                                  pass    
 build-i386                                                   pass    
 build-amd64-libvirt                                          pass    
 build-arm64-libvirt                                          pass    
 build-armhf-libvirt                                          pass    
 build-i386-libvirt                                           pass    
 build-amd64-pvops                                            pass    
 build-arm64-pvops                                            pass    
 build-armhf-pvops                                            pass    
 build-i386-pvops                                             pass    
 test-amd64-amd64-xl                                          pass    
 test-amd64-coresched-amd64-xl                                pass    
 test-arm64-arm64-xl                                          pass    
 test-armhf-armhf-xl                                          pass    
 test-amd64-amd64-libvirt-qemuu-debianhvm-amd64-xsm           pass    
 test-amd64-amd64-xl-qemut-stubdom-debianhvm-amd64-xsm        pass    
 test-amd64-amd64-xl-qemut-debianhvm-i386-xsm                 pass    
 test-amd64-amd64-xl-qemuu-debianhvm-i386-xsm                 pass    
 test-amd64-amd64-libvirt-xsm                                 pass    
 test-arm64-arm64-libvirt-xsm                                 pass    
 test-amd64-amd64-xl-xsm                                      pass    
 test-arm64-arm64-xl-xsm                                      pass    
 test-amd64-amd64-qemuu-nested-amd                            fail    
 test-amd64-amd64-xl-pvhv2-amd                                pass    
 test-amd64-amd64-dom0pvh-xl-amd                              pass    
 test-amd64-amd64-xl-qemut-debianhvm-amd64                    pass    
 test-amd64-amd64-xl-qemuu-debianhvm-amd64                    pass    
 test-amd64-amd64-freebsd11-amd64                             pass    
 test-amd64-amd64-freebsd12-amd64                             pass    
 test-amd64-amd64-xl-qemuu-ovmf-amd64                         pass    
 test-amd64-amd64-xl-qemut-win7-amd64                         fail    
 test-amd64-amd64-xl-qemuu-win7-amd64                         fail    
 test-amd64-amd64-xl-qemut-ws16-amd64                         fail    
 test-amd64-amd64-xl-qemuu-ws16-amd64                         fail    
 test-armhf-armhf-xl-arndale                                  pass    
 test-amd64-amd64-examine-bios                                pass    
 test-amd64-amd64-xl-credit1                                  pass    
 test-arm64-arm64-xl-credit1                                  pass    
 test-armhf-armhf-xl-credit1                                  pass    
 test-amd64-amd64-xl-credit2                                  pass    
 test-arm64-arm64-xl-credit2                                  pass    
 test-armhf-armhf-xl-credit2                                  pass    
 test-armhf-armhf-xl-cubietruck                               pass    
 test-amd64-amd64-xl-qemuu-dmrestrict-amd64-dmrestrict        pass    
 test-amd64-amd64-examine                                     pass    
 test-arm64-arm64-examine                                     pass    
 test-armhf-armhf-examine                                     pass    
 test-amd64-amd64-qemuu-nested-intel                          pass    
 test-amd64-amd64-xl-pvhv2-intel                              pass    
 test-amd64-amd64-dom0pvh-xl-intel                            pass    
 test-amd64-amd64-libvirt                                     pass    
 test-armhf-armhf-libvirt                                     pass    
 test-amd64-amd64-xl-multivcpu                                pass    
 test-armhf-armhf-xl-multivcpu                                pass    
 test-amd64-amd64-pair                                        pass    
 test-amd64-amd64-libvirt-pair                                pass    
 test-amd64-amd64-xl-pvshim                                   pass    
 test-amd64-amd64-pygrub                                      pass    
 test-amd64-amd64-libvirt-qcow2                               fail    
 test-armhf-armhf-libvirt-qcow2                               pass    
 test-amd64-amd64-libvirt-raw                                 pass    
 test-arm64-arm64-libvirt-raw                                 pass    
 test-armhf-armhf-libvirt-raw                                 pass    
 test-amd64-amd64-xl-rtds                                     pass    
 test-armhf-armhf-xl-rtds                                     pass    
 test-arm64-arm64-xl-seattle                                  pass    
 test-amd64-amd64-xl-qemuu-debianhvm-amd64-shadow             pass    
 test-amd64-amd64-xl-shadow                                   pass    
 test-arm64-arm64-xl-thunderx                                 pass    
 test-amd64-amd64-examine-uefi                                pass    
 test-amd64-amd64-xl-vhd                                      pass    
 test-arm64-arm64-xl-vhd                                      pass    
 test-armhf-armhf-xl-vhd                                      pass    


------------------------------------------------------------
sg-report-flight on osstest.test-lab.xenproject.org
logs: /home/logs/logs
images: /home/logs/images

Logs, config files, etc. are available at
    http://logs.test-lab.xenproject.org/osstest/logs

Explanation of these reports, and of osstest in general, is at
    http://xenbits.xen.org/gitweb/?p=osstest.git;a=blob;f=README.email;hb=master
    http://xenbits.xen.org/gitweb/?p=osstest.git;a=blob;f=README;hb=master

Test harness code can be found at
    http://xenbits.xen.org/gitweb?p=osstest.git;a=summary


Pushing revision :

hint: The 'hooks/update' hook was ignored because it's not set as executable.
hint: You can disable this warning with `git config advice.ignoredHook false`.
hint: The 'hooks/post-receive' hook was ignored because it's not set as 
executable.
hint: You can disable this warning with `git config advice.ignoredHook false`.
hint: The 'hooks/post-update' hook was ignored because it's not set as 
executable.
hint: You can disable this warning with `git config advice.ignoredHook false`.
To xenbits.xen.org:/home/xen/git/linux-pvops.git
   dcb85f85fa6f1..0457e5153e0e8  0457e5153e0e8420134f60921349099e907264ca -> 
tested/linux-linus

Reply via email to