flight 167679 linux-linus real [real]
http://logs.test-lab.xenproject.org/osstest/logs/167679/

Failures :-/ but no regressions.

Tests which did not succeed, but are not blocking:
 test-amd64-amd64-xl-qemut-win7-amd64 19 guest-stop            fail like 167668
 test-armhf-armhf-libvirt     16 saverestore-support-check    fail  like 167668
 test-amd64-amd64-qemuu-nested-amd 20 debian-hvm-install/l1/l2 fail like 167668
 test-amd64-amd64-xl-qemuu-ws16-amd64 19 guest-stop            fail like 167668
 test-amd64-amd64-xl-qemut-ws16-amd64 19 guest-stop            fail like 167668
 test-amd64-amd64-xl-qemuu-win7-amd64 19 guest-stop            fail like 167668
 test-armhf-armhf-libvirt-raw 15 saverestore-support-check    fail  like 167668
 test-armhf-armhf-libvirt-qcow2 15 saverestore-support-check   fail like 167668
 test-arm64-arm64-xl-seattle  15 migrate-support-check        fail   never pass
 test-arm64-arm64-xl-seattle  16 saverestore-support-check    fail   never pass
 test-amd64-amd64-libvirt-xsm 15 migrate-support-check        fail   never pass
 test-amd64-amd64-libvirt     15 migrate-support-check        fail   never pass
 test-arm64-arm64-xl          15 migrate-support-check        fail   never pass
 test-arm64-arm64-xl          16 saverestore-support-check    fail   never pass
 test-arm64-arm64-xl-credit2  15 migrate-support-check        fail   never pass
 test-arm64-arm64-xl-credit2  16 saverestore-support-check    fail   never pass
 test-arm64-arm64-xl-credit1  15 migrate-support-check        fail   never pass
 test-arm64-arm64-xl-credit1  16 saverestore-support-check    fail   never pass
 test-arm64-arm64-libvirt-xsm 15 migrate-support-check        fail   never pass
 test-arm64-arm64-libvirt-xsm 16 saverestore-support-check    fail   never pass
 test-arm64-arm64-xl-thunderx 15 migrate-support-check        fail   never pass
 test-arm64-arm64-xl-thunderx 16 saverestore-support-check    fail   never pass
 test-amd64-amd64-libvirt-qemuu-debianhvm-amd64-xsm 13 migrate-support-check 
fail never pass
 test-amd64-amd64-libvirt-qcow2 14 migrate-support-check        fail never pass
 test-amd64-amd64-libvirt-raw 14 migrate-support-check        fail   never pass
 test-arm64-arm64-libvirt-raw 14 migrate-support-check        fail   never pass
 test-arm64-arm64-libvirt-raw 15 saverestore-support-check    fail   never pass
 test-armhf-armhf-xl-multivcpu 15 migrate-support-check        fail  never pass
 test-armhf-armhf-xl-multivcpu 16 saverestore-support-check    fail  never pass
 test-armhf-armhf-xl          15 migrate-support-check        fail   never pass
 test-armhf-armhf-xl          16 saverestore-support-check    fail   never pass
 test-armhf-armhf-xl-credit2  15 migrate-support-check        fail   never pass
 test-armhf-armhf-xl-credit2  16 saverestore-support-check    fail   never pass
 test-arm64-arm64-xl-vhd      14 migrate-support-check        fail   never pass
 test-arm64-arm64-xl-vhd      15 saverestore-support-check    fail   never pass
 test-armhf-armhf-xl-cubietruck 15 migrate-support-check        fail never pass
 test-armhf-armhf-xl-cubietruck 16 saverestore-support-check    fail never pass
 test-armhf-armhf-libvirt     15 migrate-support-check        fail   never pass
 test-armhf-armhf-xl-rtds     15 migrate-support-check        fail   never pass
 test-armhf-armhf-xl-rtds     16 saverestore-support-check    fail   never pass
 test-arm64-arm64-xl-xsm      15 migrate-support-check        fail   never pass
 test-arm64-arm64-xl-xsm      16 saverestore-support-check    fail   never pass
 test-armhf-armhf-libvirt-raw 14 migrate-support-check        fail   never pass
 test-armhf-armhf-libvirt-qcow2 14 migrate-support-check        fail never pass
 test-armhf-armhf-xl-arndale  15 migrate-support-check        fail   never pass
 test-armhf-armhf-xl-arndale  16 saverestore-support-check    fail   never pass
 test-armhf-armhf-xl-vhd      14 migrate-support-check        fail   never pass
 test-armhf-armhf-xl-vhd      15 saverestore-support-check    fail   never pass
 test-armhf-armhf-xl-credit1  15 migrate-support-check        fail   never pass
 test-armhf-armhf-xl-credit1  16 saverestore-support-check    fail   never pass

version targeted for testing:
 linux                81ff0be4b9e3bcfee022d71cf89d72f7e2ed41ba
baseline version:
 linux                daadb3bd0e8d3e317e36bc2c1542e86c528665e5

Last test of basis   167668  2022-01-12 01:56:17 Z    1 days
Testing same since   167679  2022-01-12 19:42:44 Z    0 days    1 attempts

------------------------------------------------------------
People who touched revisions under test:
  Abdun Nihaal <[email protected]>
  Abel Vesa <[email protected]>
  Adrian Hunter <[email protected]>
  Alan Stern <[email protected]>
  Alberto Merciai <[email protected]>
  Alyssa Ross <[email protected]>
  Amelie Delaunay <[email protected]>
  Amjad Ouled-Ameur <[email protected]>
  Andy Shevchenko <[email protected]>
  AngeloGioacchino Del Regno <[email protected]>
  Arnd Bergmann <[email protected]>
  Balamanikandan Gunasundar <[email protected]>
  Bartosz Golaszewski <[email protected]>
  Benjamin Herrenschmidt <[email protected]>
  Biju Das <[email protected]>
  Bjorn Helgaas <[email protected]>
  Cai Huoqing <[email protected]>
  Cai Huoqing <[email protected]>
  Candy Febriyanto <[email protected]>
  Changcheng Deng <[email protected]>
  Charles Keepax <[email protected]>
  Christoph Hellwig <[email protected]>
  Christophe JAILLET <[email protected]>
  Chunfeng Yun <[email protected]>
  Clément Léger <[email protected]>
  Colin Foster <[email protected]>
  Colin Ian King <[email protected]>
  Colin Ian King <[email protected]>
  Dan Carpenter <[email protected]>
  Daniel Mack <[email protected]>
  Daniel Scally <[email protected]>
  David E. Box <[email protected]>
  David Heidelberg <[email protected]>
  David Rientjes <[email protected]>
  David Virag <[email protected]>
  Davidlohr Bueso <[email protected]>
  Davidlohr Bueso <[email protected]>
  Denis Efremov <[email protected]>
  Dinh Nguyen <[email protected]>
  Dirk Müller <[email protected]>
  Dmitry Baryshkov <[email protected]>
  Dmitry Torokhov <[email protected]>
  Dominik Kobinski <[email protected]>
  Dongliang Mu <[email protected]>
  Emil Renner Berthing <[email protected]>
  Eric Biggers <[email protected]>
  Erwan Le Ray <[email protected]>
  Fabio Estevam <[email protected]>
  Fabrice Gasnier <[email protected]>
  Florian Fainelli <[email protected]>
  Fugang Duan <[email protected]>
  Gabriel Goller <[email protected]>
  Gaston Gonzalez <[email protected]>
  Gautam Menghani <[email protected]>
  Geert Uytterhoeven <[email protected]>
  Geliang Tang <[email protected]>
  Gil Fine <[email protected]>
  Giulio Benetti <[email protected]>
  Greg Kroah-Hartman <[email protected]>
  Guo Zhengkui <[email protected]>
  Guoqing Jiang <[email protected]>
  GuoYong Zheng <[email protected]>
  Haimin Zhang <[email protected]>
  Hangyu Hua <[email protected]>
  Hannes Reinecke <[email protected]>
  Hans de Goede <[email protected]>
  Hans Verkuil <[email protected]>
  Hao Xu <[email protected]>
  Heikki Krogerus <[email protected]>
  Heiko Carstens <[email protected]>
  Heiner Kallweit <[email protected]>
  Herve Codina <[email protected]>
  Ingo Molnar <[email protected]>
  Ira Weiny <[email protected]>
  Ismayil Mirzali <[email protected]>
  Jack Wang <[email protected]>
  Jacky Bai <[email protected]>
  Jan Kara <[email protected]>
  Jason Wang <[email protected]>
  Jay Dolan <[email protected]>
  Jens Axboe <[email protected]>
  Jesse Taube <[email protected]>
  Jiasheng Jiang <[email protected]>
  Jing Yao <[email protected]>
  Jiri Slaby <[email protected]>
  Joe Thornber <[email protected]>
  Joey Gouly <[email protected]>
  Johan Hovold <[email protected]>
  John Garry <[email protected]>
  John Keeping <[email protected]>
  Jonathan McDowell <[email protected]>
  Juergen Gross <[email protected]>
  Julia Lawall <[email protected]>
  Julian Braha <[email protected]>
  Kai-Heng Feng <[email protected]>
  Karolina Drobnik <[email protected]>
  Kashyap Desai <[email protected]>
  Kavyasree Kotagiri <[email protected]>
  Kees Cook <[email protected]>
  Keith Busch <[email protected]>
  kernel test robot <[email protected]>
  Kiran Kumar S <[email protected]>
  Kohei Tarumizu <[email protected]>
  Konrad Dybcio <[email protected]>
  Konrad Rzeszutek Wilk <[email protected]>
  Krzysztof Kozlowski <[email protected]>
  Krzysztof Kozlowski <[email protected]> [NFC]
  Kunihiko Hayashi <[email protected]>
  Lad Prabhakar <[email protected]>
  Lakshmi Sowjanya D <[email protected]>
  lianzhi chang <[email protected]>
  Lino Sanfilippo <[email protected]>
  Linus Torvalds <[email protected]>
  Linus Walleij <[email protected]>
  Linyu Yuan <[email protected]>
  Liu Junqi <[email protected]>
  Lizhi Hou <[email protected]>
  Logan Gunthorpe <[email protected]>
  Loic Poulain <[email protected]>
  Lu Baolu <[email protected]>
  Luca Weiss <[email protected]>
  Lukas Bulwahn <[email protected]>
  Lukas Wunner <[email protected]>
  luo penghao <[email protected]>
  Magnus Damm <[email protected]>
  Manish Narani <[email protected]>
  Marc Kleine-Budde <[email protected]>
  Marek Szyprowski <[email protected]>
  Mariusz Tkaczyk <[email protected]>
  Mark Greer <[email protected]>
  Mark Pearson <[email protected]>
  Mark-PK Tsai <[email protected]>
  Martin Kaiser <[email protected]>
  Mathias Nyman <[email protected]>
  Matthew Wilcox (Oracle) <[email protected]>
  Mauro Carvalho Chehab <[email protected]>
  Mauro Carvalho Chehab <[email protected]>
  Miaoqian Lin <[email protected]>
  Michael S. Tsirkin <[email protected]>
  Michael Straube <[email protected]>
  Michal Suchanek <[email protected]>
  Mika Westerberg <[email protected]>
  Mike Snitzer <[email protected]>
  Minas Harutyunyan <[email protected]>
  Minchan Kim <[email protected]>
  Ming Lei <[email protected]>
  Muhammad Usama Anjum <[email protected]>
  Nathan Chancellor <[email protected]>
  Neal Liu <[email protected]>
  NeilBrown <[email protected]>
  Ngo Tak Fong <[email protected]>
  Nikita Yushchenko <[email protected]>
  Noralf Trønnes <[email protected]>
  Paolo Valente <[email protected]>
  Paul Menzel <[email protected]>
  Paulo Miguel Almeida <[email protected]>
  Pavankumar Kondeti <[email protected]>
  Pavel Begunkov <[email protected]>
  Pavel Hofman <[email protected]>
  Peng Fan <[email protected]>
  Peter Chen <[email protected]> # for chipidea part
  Peter Chen <[email protected]>
  Peter Zijlstra (Intel) <[email protected]>
  Phil Elwell <[email protected]>
  Philipp Hortmann <[email protected]>
  Phillip Potter <[email protected]>
  Prasad Sodagudi <[email protected]>
  Qihang Hu <[email protected]>
  Rafael J. Wysocki <[email protected]>
  Rafał Miłecki <[email protected]>
  Rajaram Regupathy <[email protected]>
  Rajendra Nayak <[email protected]>
  Randy Dunlap <[email protected]>
  Razvan Heghedus <[email protected]>
  Richard Genoud <[email protected]>
  Rob Herring <[email protected]>
  Rob Landley <[email protected]>
  Robert Schlabbach <[email protected]>
  Ryusuke Konishi <[email protected]>
  Sam Protsenko <[email protected]>
  Sam Ravnborg <[email protected]>
  Saranya Gopal <[email protected]>
  Saurav Girepunje <[email protected]>
  Sebastian Andrzej Siewior <[email protected]>
  Sergey Shtylyov <[email protected]>
  Sergio Paracuellos <[email protected]>
  Sherry Sun <[email protected]>
  Shuah Khan <[email protected]>
  Shubhrajyoti Datta <[email protected]>
  Sidong Yang <[email protected]>
  Song Liu <[email protected]>
  Song Liu <[email protected]>
  syzbot <[email protected]>
  [email protected]
  Tasos Sahanidis <[email protected]>
  Tejun Heo <[email protected]>
  Tetsuo Handa <[email protected]>
  Thierry Reding <[email protected]>
  Thinh Nguyen <[email protected]>
  Tinghan Shen <[email protected]>
  Tommaso Merciai <[email protected]>
  Tommaso Merciai <[email protected]>
  Tudor Ambarus <[email protected]>
  Ulf Hansson <[email protected]>
  Uwe Kleine-König <[email protected]>
  Vaibhav Gupta <[email protected]>
  Valentin Caron <[email protected]>
  Vamsi Krishna Lanka <[email protected]>
  Vihas Mak <[email protected]>
  Vinod Koul <[email protected]>
  Viresh Kumar <[email protected]>
  Vishal Verma <[email protected]>
  Wander Lairson Costa <[email protected]>
  Wedson Almeida Filho <[email protected]>
  Wei Ming Chen <[email protected]>
  Wei Yongjun <[email protected]>
  Xiang wangx <[email protected]>
  Xianwei Zhao <[email protected]>
  Xiao Ni <[email protected]>
  Xiaoke Wang <[email protected]>
  Xiongwei Song <[email protected]>
  Yang Li <[email protected]>
  Yang Yingliang <[email protected]>
  Yanteng Si <[email protected]>
  Yanteng Si <[email protected]>
  Ye Bin <[email protected]>
  Yoshihiro Shimoda <[email protected]>
  Yu Tu <[email protected]>
  Zameer Manji <[email protected]>

jobs:
 build-amd64-xsm                                              pass    
 build-arm64-xsm                                              pass    
 build-i386-xsm                                               pass    
 build-amd64                                                  pass    
 build-arm64                                                  pass    
 build-armhf                                                  pass    
 build-i386                                                   pass    
 build-amd64-libvirt                                          pass    
 build-arm64-libvirt                                          pass    
 build-armhf-libvirt                                          pass    
 build-i386-libvirt                                           pass    
 build-amd64-pvops                                            pass    
 build-arm64-pvops                                            pass    
 build-armhf-pvops                                            pass    
 build-i386-pvops                                             pass    
 test-amd64-amd64-xl                                          pass    
 test-amd64-coresched-amd64-xl                                pass    
 test-arm64-arm64-xl                                          pass    
 test-armhf-armhf-xl                                          pass    
 test-amd64-amd64-libvirt-qemuu-debianhvm-amd64-xsm           pass    
 test-amd64-amd64-xl-qemut-stubdom-debianhvm-amd64-xsm        pass    
 test-amd64-amd64-xl-qemut-debianhvm-i386-xsm                 pass    
 test-amd64-amd64-xl-qemuu-debianhvm-i386-xsm                 pass    
 test-amd64-amd64-libvirt-xsm                                 pass    
 test-arm64-arm64-libvirt-xsm                                 pass    
 test-amd64-amd64-xl-xsm                                      pass    
 test-arm64-arm64-xl-xsm                                      pass    
 test-amd64-amd64-qemuu-nested-amd                            fail    
 test-amd64-amd64-xl-pvhv2-amd                                pass    
 test-amd64-amd64-dom0pvh-xl-amd                              pass    
 test-amd64-amd64-xl-qemut-debianhvm-amd64                    pass    
 test-amd64-amd64-xl-qemuu-debianhvm-amd64                    pass    
 test-amd64-amd64-freebsd11-amd64                             pass    
 test-amd64-amd64-freebsd12-amd64                             pass    
 test-amd64-amd64-xl-qemuu-ovmf-amd64                         pass    
 test-amd64-amd64-xl-qemut-win7-amd64                         fail    
 test-amd64-amd64-xl-qemuu-win7-amd64                         fail    
 test-amd64-amd64-xl-qemut-ws16-amd64                         fail    
 test-amd64-amd64-xl-qemuu-ws16-amd64                         fail    
 test-armhf-armhf-xl-arndale                                  pass    
 test-amd64-amd64-examine-bios                                pass    
 test-amd64-amd64-xl-credit1                                  pass    
 test-arm64-arm64-xl-credit1                                  pass    
 test-armhf-armhf-xl-credit1                                  pass    
 test-amd64-amd64-xl-credit2                                  pass    
 test-arm64-arm64-xl-credit2                                  pass    
 test-armhf-armhf-xl-credit2                                  pass    
 test-armhf-armhf-xl-cubietruck                               pass    
 test-amd64-amd64-xl-qemuu-dmrestrict-amd64-dmrestrict        pass    
 test-amd64-amd64-examine                                     pass    
 test-arm64-arm64-examine                                     pass    
 test-armhf-armhf-examine                                     pass    
 test-amd64-amd64-qemuu-nested-intel                          pass    
 test-amd64-amd64-xl-pvhv2-intel                              pass    
 test-amd64-amd64-dom0pvh-xl-intel                            pass    
 test-amd64-amd64-libvirt                                     pass    
 test-armhf-armhf-libvirt                                     pass    
 test-amd64-amd64-xl-multivcpu                                pass    
 test-armhf-armhf-xl-multivcpu                                pass    
 test-amd64-amd64-pair                                        pass    
 test-amd64-amd64-libvirt-pair                                pass    
 test-amd64-amd64-xl-pvshim                                   pass    
 test-amd64-amd64-pygrub                                      pass    
 test-amd64-amd64-libvirt-qcow2                               pass    
 test-armhf-armhf-libvirt-qcow2                               pass    
 test-amd64-amd64-libvirt-raw                                 pass    
 test-arm64-arm64-libvirt-raw                                 pass    
 test-armhf-armhf-libvirt-raw                                 pass    
 test-amd64-amd64-xl-rtds                                     pass    
 test-armhf-armhf-xl-rtds                                     pass    
 test-arm64-arm64-xl-seattle                                  pass    
 test-amd64-amd64-xl-qemuu-debianhvm-amd64-shadow             pass    
 test-amd64-amd64-xl-shadow                                   pass    
 test-arm64-arm64-xl-thunderx                                 pass    
 test-amd64-amd64-examine-uefi                                pass    
 test-amd64-amd64-xl-vhd                                      pass    
 test-arm64-arm64-xl-vhd                                      pass    
 test-armhf-armhf-xl-vhd                                      pass    


------------------------------------------------------------
sg-report-flight on osstest.test-lab.xenproject.org
logs: /home/logs/logs
images: /home/logs/images

Logs, config files, etc. are available at
    http://logs.test-lab.xenproject.org/osstest/logs

Explanation of these reports, and of osstest in general, is at
    http://xenbits.xen.org/gitweb/?p=osstest.git;a=blob;f=README.email;hb=master
    http://xenbits.xen.org/gitweb/?p=osstest.git;a=blob;f=README;hb=master

Test harness code can be found at
    http://xenbits.xen.org/gitweb?p=osstest.git;a=summary


Pushing revision :

hint: The 'hooks/update' hook was ignored because it's not set as executable.
hint: You can disable this warning with `git config advice.ignoredHook false`.
hint: The 'hooks/post-receive' hook was ignored because it's not set as 
executable.
hint: You can disable this warning with `git config advice.ignoredHook false`.
hint: The 'hooks/post-update' hook was ignored because it's not set as 
executable.
hint: You can disable this warning with `git config advice.ignoredHook false`.
To xenbits.xen.org:/home/xen/git/linux-pvops.git
   daadb3bd0e8d..81ff0be4b9e3  81ff0be4b9e3bcfee022d71cf89d72f7e2ed41ba -> 
tested/linux-linus

Reply via email to