flight 167422 linux-5.4 real [real] http://logs.test-lab.xenproject.org/osstest/logs/167422/
Failures :-/ but no regressions. Tests which are failing intermittently (not blocking): test-amd64-i386-xl-qemuu-debianhvm-amd64 18 guest-localmigrate/x10 fail in 167413 pass in 167422 test-amd64-amd64-xl-qemut-stubdom-debianhvm-amd64-xsm 18 guest-localmigrate/x10 fail in 167413 pass in 167422 test-arm64-arm64-libvirt-raw 13 guest-start fail pass in 167413 Tests which did not succeed, but are not blocking: test-amd64-amd64-xl-qemut-debianhvm-i386-xsm 12 debian-hvm-install fail in 167413 like 167230 test-arm64-arm64-libvirt-raw 14 migrate-support-check fail in 167413 never pass test-arm64-arm64-libvirt-raw 15 saverestore-support-check fail in 167413 never pass test-amd64-amd64-xl-qemuu-win7-amd64 19 guest-stop fail like 167230 test-amd64-amd64-xl-qemut-win7-amd64 19 guest-stop fail like 167230 test-amd64-i386-xl-qemut-win7-amd64 19 guest-stop fail like 167230 test-armhf-armhf-libvirt 16 saverestore-support-check fail like 167230 test-amd64-amd64-qemuu-nested-amd 20 debian-hvm-install/l1/l2 fail like 167230 test-amd64-amd64-xl-qemuu-ws16-amd64 19 guest-stop fail like 167230 test-amd64-amd64-xl-qemut-ws16-amd64 19 guest-stop fail like 167230 test-amd64-i386-xl-qemuu-win7-amd64 19 guest-stop fail like 167230 test-amd64-i386-xl-qemut-ws16-amd64 19 guest-stop fail like 167230 test-armhf-armhf-libvirt-raw 15 saverestore-support-check fail like 167230 test-armhf-armhf-libvirt-qcow2 15 saverestore-support-check fail like 167230 test-amd64-i386-xl-qemuu-ws16-amd64 19 guest-stop fail like 167230 test-amd64-i386-libvirt-xsm 15 migrate-support-check fail never pass test-amd64-i386-xl-pvshim 14 guest-start fail never pass test-amd64-amd64-libvirt-xsm 15 migrate-support-check fail never pass test-amd64-amd64-libvirt 15 migrate-support-check fail never pass test-arm64-arm64-xl-seattle 15 migrate-support-check fail never pass test-arm64-arm64-xl-seattle 16 saverestore-support-check fail never pass test-amd64-i386-libvirt 15 migrate-support-check fail never pass test-amd64-i386-libvirt-qemuu-debianhvm-amd64-xsm 13 migrate-support-check fail never pass test-arm64-arm64-xl 15 migrate-support-check fail never pass test-arm64-arm64-xl 16 saverestore-support-check fail never pass test-arm64-arm64-xl-xsm 15 migrate-support-check fail never pass test-arm64-arm64-xl-xsm 16 saverestore-support-check fail never pass test-arm64-arm64-libvirt-xsm 15 migrate-support-check fail never pass test-arm64-arm64-libvirt-xsm 16 saverestore-support-check fail never pass test-arm64-arm64-xl-credit2 15 migrate-support-check fail never pass test-arm64-arm64-xl-credit2 16 saverestore-support-check fail never pass test-arm64-arm64-xl-thunderx 15 migrate-support-check fail never pass test-arm64-arm64-xl-thunderx 16 saverestore-support-check fail never pass test-arm64-arm64-xl-credit1 15 migrate-support-check fail never pass test-arm64-arm64-xl-credit1 16 saverestore-support-check fail never pass test-amd64-amd64-libvirt-qemuu-debianhvm-amd64-xsm 13 migrate-support-check fail never pass test-amd64-amd64-libvirt-vhd 14 migrate-support-check fail never pass test-amd64-i386-libvirt-raw 14 migrate-support-check fail never pass test-armhf-armhf-libvirt 15 migrate-support-check fail never pass test-arm64-arm64-xl-vhd 14 migrate-support-check fail never pass test-arm64-arm64-xl-vhd 15 saverestore-support-check fail never pass test-armhf-armhf-xl 15 migrate-support-check fail never pass test-armhf-armhf-xl 16 saverestore-support-check fail never pass test-armhf-armhf-xl-multivcpu 15 migrate-support-check fail never pass test-armhf-armhf-xl-multivcpu 16 saverestore-support-check fail never pass test-armhf-armhf-xl-cubietruck 15 migrate-support-check fail never pass test-armhf-armhf-xl-credit2 15 migrate-support-check fail never pass test-armhf-armhf-xl-cubietruck 16 saverestore-support-check fail never pass test-armhf-armhf-xl-credit2 16 saverestore-support-check fail never pass test-armhf-armhf-xl-credit1 15 migrate-support-check fail never pass test-armhf-armhf-xl-credit1 16 saverestore-support-check fail never pass test-armhf-armhf-xl-rtds 15 migrate-support-check fail never pass test-armhf-armhf-xl-rtds 16 saverestore-support-check fail never pass test-armhf-armhf-xl-vhd 14 migrate-support-check fail never pass test-armhf-armhf-xl-vhd 15 saverestore-support-check fail never pass test-armhf-armhf-libvirt-raw 14 migrate-support-check fail never pass test-armhf-armhf-xl-arndale 15 migrate-support-check fail never pass test-armhf-armhf-xl-arndale 16 saverestore-support-check fail never pass test-armhf-armhf-libvirt-qcow2 14 migrate-support-check fail never pass version targeted for testing: linux 7f70428f0109470aa9177d1a9e5ce02de736f480 baseline version: linux e3c95128def1c937754a5cdc3d297fa47968e9f6 Last test of basis 167230 2021-12-08 08:12:55 Z 7 days Testing same since 167413 2021-12-14 14:15:06 Z 1 days 2 attempts ------------------------------------------------------------ People who touched revisions under test: Alan Stern <[email protected]> Alan Young <[email protected]> Alexander Stein <[email protected]> Alexander Sverdlin <[email protected]> Alok Prasad <[email protected]> Alyssa Ross <[email protected]> Andrea Mayer <[email protected]> Andrew Morton <[email protected]> Anirudh Venkataramanan <[email protected]> Anton Altaparmakov <[email protected]> Ard Biesheuvel <[email protected]> Ariel Elior <[email protected]> Arnaldo Carvalho de Melo <[email protected]> Bas Nieuwenhuizen <[email protected]> Benjamin Tissoires <[email protected]> Bindushree P <[email protected]> Brian Silverman <[email protected]> Chen-Yu Tsai <[email protected]> Christian König <[email protected]> Damien Le Moal <[email protected]> Dan Carpenter <[email protected]> Daniel Borkmann <[email protected]> David Ahern <[email protected]> David S. Miller <[email protected]> David Sterba <[email protected]> Davidlohr Bueso <[email protected]> Davidlohr Bueso <[email protected]> Dennis Dalessandro <[email protected]> Dmitry Baryshkov <[email protected]> Eric Biggers <[email protected]> Eric Dumazet <[email protected]> Evgeny Boger <[email protected]> Florian Fainelli <[email protected]> Florian Westphal <[email protected]> freak07 <[email protected]> George Kuruvinakunnel <[email protected]> Greg Kroah-Hartman <[email protected]> Grzegorz Szczurek <[email protected]> Guenter Roeck <[email protected]> Gurucharan G <[email protected]> Gwendal Grignou <[email protected]> Hannes Reinecke <[email protected]> Hans de Goede <[email protected]> Herve Codina <[email protected]> J. Bruce Fields <[email protected]> Jakub Kicinski <[email protected]> Jason Gunthorpe <[email protected]> Jens Axboe <[email protected]> Jesse Brandeburg <[email protected]> Jeya R <[email protected]> Jianglei Nie <[email protected]> Jianguo Wu <[email protected]> Jimmy Assarsson <[email protected]> Jiri Kosina <[email protected]> Joakim Zhang <[email protected]> Jon Hunter <[email protected]> Jonathan Cameron <[email protected]> Josef Bacik <[email protected]> Kai-Heng Feng <[email protected]> Kailang Yang <[email protected]> Karen Sornek <[email protected]> Konrad Jankowski <[email protected]> Krzysztof Kozlowski <[email protected]> Lars-Peter Clausen <[email protected]> Lee Jones <[email protected]> Linus Torvalds <[email protected]> Linux Kernel Functional Testing <[email protected]> Lionel Landwerlin <[email protected]> Luca Stefani <[email protected]> Manish Chopra <[email protected]> Manjong Lee <[email protected]> Marc Kleine-Budde <[email protected]> Marc Zyngier <[email protected]> Mark Brown <[email protected]> Mateusz Palczewski <[email protected]> Mathias Nyman <[email protected]> Maxim Mikityanskiy <[email protected]> Michal Maloszewski <[email protected]> Mike Marciniszyn <[email protected]> Miquel Raynal <[email protected]> Mitch Williams <[email protected]> Nicolas Dichtel <[email protected]> Noralf Trønnes <[email protected]> Nuno Sá <[email protected]> Oleg Nesterov <[email protected]> Oliver Hartkopp <[email protected]> Pablo Neira Ayuso <[email protected]> Pali Rohár <[email protected]> Patrik John <[email protected]> Pavel Hofman <[email protected]> Peilin Ye <[email protected]> Peter Zijlstra (Intel) <[email protected]> Prabhakar Kushwaha <[email protected]> Qu Wenruo <[email protected]> Rob Herring <[email protected]> Shaokun Zhang <[email protected]> Shuah Khan <[email protected]> Simon Horman <[email protected]> Srinivas Kandagatla <[email protected]> Stephen Boyd <[email protected]> Steven Rostedt (VMware) <[email protected]> Sudip Mukherjee <[email protected]> Szymon Heidrich <[email protected]> Takashi Iwai <[email protected]> Tom Lendacky <[email protected]> Tony Brelinski <[email protected]> Tony Nguyen <[email protected]> Vincent Mailhol <[email protected]> Vladimir Murzin <[email protected]> Wudi Wang <[email protected]> xiazhengqiao <[email protected]> Yang Yingliang <[email protected]> jobs: build-amd64-xsm pass build-arm64-xsm pass build-i386-xsm pass build-amd64 pass build-arm64 pass build-armhf pass build-i386 pass build-amd64-libvirt pass build-arm64-libvirt pass build-armhf-libvirt pass build-i386-libvirt pass build-amd64-pvops pass build-arm64-pvops pass build-armhf-pvops pass build-i386-pvops pass test-amd64-amd64-xl pass test-amd64-coresched-amd64-xl pass test-arm64-arm64-xl pass test-armhf-armhf-xl pass test-amd64-i386-xl pass test-amd64-coresched-i386-xl pass test-amd64-amd64-libvirt-qemuu-debianhvm-amd64-xsm pass test-amd64-i386-libvirt-qemuu-debianhvm-amd64-xsm pass test-amd64-amd64-xl-qemut-stubdom-debianhvm-amd64-xsm pass test-amd64-i386-xl-qemut-stubdom-debianhvm-amd64-xsm pass test-amd64-amd64-xl-qemut-debianhvm-i386-xsm pass test-amd64-i386-xl-qemut-debianhvm-i386-xsm pass test-amd64-amd64-xl-qemuu-debianhvm-i386-xsm pass test-amd64-i386-xl-qemuu-debianhvm-i386-xsm pass test-amd64-amd64-libvirt-xsm pass test-arm64-arm64-libvirt-xsm pass test-amd64-i386-libvirt-xsm pass test-amd64-amd64-xl-xsm pass test-arm64-arm64-xl-xsm pass test-amd64-i386-xl-xsm pass test-amd64-amd64-qemuu-nested-amd fail test-amd64-amd64-xl-pvhv2-amd pass test-amd64-i386-qemut-rhel6hvm-amd pass test-amd64-i386-qemuu-rhel6hvm-amd pass test-amd64-amd64-dom0pvh-xl-amd pass test-amd64-amd64-xl-qemut-debianhvm-amd64 pass test-amd64-i386-xl-qemut-debianhvm-amd64 pass test-amd64-amd64-xl-qemuu-debianhvm-amd64 pass test-amd64-i386-xl-qemuu-debianhvm-amd64 pass test-amd64-i386-freebsd10-amd64 pass test-amd64-amd64-qemuu-freebsd11-amd64 pass test-amd64-amd64-qemuu-freebsd12-amd64 pass test-amd64-amd64-xl-qemuu-ovmf-amd64 pass test-amd64-i386-xl-qemuu-ovmf-amd64 pass test-amd64-amd64-xl-qemut-win7-amd64 fail test-amd64-i386-xl-qemut-win7-amd64 fail test-amd64-amd64-xl-qemuu-win7-amd64 fail test-amd64-i386-xl-qemuu-win7-amd64 fail test-amd64-amd64-xl-qemut-ws16-amd64 fail test-amd64-i386-xl-qemut-ws16-amd64 fail test-amd64-amd64-xl-qemuu-ws16-amd64 fail test-amd64-i386-xl-qemuu-ws16-amd64 fail test-armhf-armhf-xl-arndale pass test-amd64-amd64-examine-bios pass test-amd64-i386-examine-bios pass test-amd64-amd64-xl-credit1 pass test-arm64-arm64-xl-credit1 pass test-armhf-armhf-xl-credit1 pass test-amd64-amd64-xl-credit2 pass test-arm64-arm64-xl-credit2 pass test-armhf-armhf-xl-credit2 pass test-armhf-armhf-xl-cubietruck pass test-amd64-amd64-xl-qemuu-dmrestrict-amd64-dmrestrict pass test-amd64-i386-xl-qemuu-dmrestrict-amd64-dmrestrict pass test-amd64-amd64-examine pass test-arm64-arm64-examine pass test-armhf-armhf-examine pass test-amd64-i386-examine pass test-amd64-i386-freebsd10-i386 pass test-amd64-amd64-qemuu-nested-intel pass test-amd64-amd64-xl-pvhv2-intel pass test-amd64-i386-qemut-rhel6hvm-intel pass test-amd64-i386-qemuu-rhel6hvm-intel pass test-amd64-amd64-dom0pvh-xl-intel pass test-amd64-amd64-libvirt pass test-armhf-armhf-libvirt pass test-amd64-i386-libvirt pass test-amd64-amd64-xl-multivcpu pass test-armhf-armhf-xl-multivcpu pass test-amd64-amd64-pair pass test-amd64-i386-pair pass test-amd64-amd64-libvirt-pair pass test-amd64-i386-libvirt-pair pass test-amd64-amd64-xl-pvshim pass test-amd64-i386-xl-pvshim fail test-amd64-amd64-pygrub pass test-armhf-armhf-libvirt-qcow2 pass test-amd64-amd64-xl-qcow2 pass test-arm64-arm64-libvirt-raw fail test-armhf-armhf-libvirt-raw pass test-amd64-i386-libvirt-raw pass test-amd64-amd64-xl-rtds pass test-armhf-armhf-xl-rtds pass test-arm64-arm64-xl-seattle pass test-amd64-amd64-xl-qemuu-debianhvm-amd64-shadow pass test-amd64-i386-xl-qemuu-debianhvm-amd64-shadow pass test-amd64-amd64-xl-shadow pass test-amd64-i386-xl-shadow pass test-arm64-arm64-xl-thunderx pass test-amd64-amd64-examine-uefi pass test-amd64-i386-examine-uefi pass test-amd64-amd64-libvirt-vhd pass test-arm64-arm64-xl-vhd pass test-armhf-armhf-xl-vhd pass test-amd64-i386-xl-vhd pass ------------------------------------------------------------ sg-report-flight on osstest.test-lab.xenproject.org logs: /home/logs/logs images: /home/logs/images Logs, config files, etc. are available at http://logs.test-lab.xenproject.org/osstest/logs Explanation of these reports, and of osstest in general, is at http://xenbits.xen.org/gitweb/?p=osstest.git;a=blob;f=README.email;hb=master http://xenbits.xen.org/gitweb/?p=osstest.git;a=blob;f=README;hb=master Test harness code can be found at http://xenbits.xen.org/gitweb?p=osstest.git;a=summary Pushing revision : hint: The 'hooks/update' hook was ignored because it's not set as executable. hint: You can disable this warning with `git config advice.ignoredHook false`. hint: The 'hooks/post-receive' hook was ignored because it's not set as executable. hint: You can disable this warning with `git config advice.ignoredHook false`. hint: The 'hooks/post-update' hook was ignored because it's not set as executable. hint: You can disable this warning with `git config advice.ignoredHook false`. To xenbits.xen.org:/home/xen/git/linux-pvops.git e3c95128def1..7f70428f0109 7f70428f0109470aa9177d1a9e5ce02de736f480 -> tested/linux-5.4
