flight 167089 linux-linus real [real] http://logs.test-lab.xenproject.org/osstest/logs/167089/
Regressions :-( Tests which did not succeed and are blocking, including tests which could not be run: test-amd64-amd64-qemuu-nested-amd 13 nested-setup fail REGR. vs. 166942 test-arm64-arm64-xl-seattle 18 guest-start/debian.repeat fail REGR. vs. 166942 test-amd64-coresched-amd64-xl 22 guest-start/debian.repeat fail REGR. vs. 166942 test-amd64-amd64-xl-credit1 22 guest-start/debian.repeat fail REGR. vs. 166942 test-amd64-amd64-xl-xsm 22 guest-start/debian.repeat fail REGR. vs. 166942 test-amd64-amd64-xl-pvshim 22 guest-start/debian.repeat fail REGR. vs. 166942 test-amd64-amd64-xl-multivcpu 22 guest-start/debian.repeat fail REGR. vs. 166942 test-amd64-amd64-xl 22 guest-start/debian.repeat fail REGR. vs. 166942 test-arm64-arm64-xl-credit2 18 guest-start/debian.repeat fail REGR. vs. 166942 test-arm64-arm64-xl-thunderx 18 guest-start/debian.repeat fail REGR. vs. 166942 test-arm64-arm64-libvirt-xsm 18 guest-start/debian.repeat fail REGR. vs. 166942 test-amd64-amd64-xl-qemuu-dmrestrict-amd64-dmrestrict 14 guest-start/debianhvm.repeat fail REGR. vs. 166942 test-amd64-amd64-libvirt-qemuu-debianhvm-amd64-xsm 18 guest-start/debianhvm.repeat fail REGR. vs. 166942 test-amd64-amd64-xl-qemut-debianhvm-i386-xsm 20 guest-start/debianhvm.repeat fail REGR. vs. 166942 test-amd64-amd64-xl-qemut-debianhvm-amd64 20 guest-start/debianhvm.repeat fail REGR. vs. 166942 test-armhf-armhf-xl-multivcpu 18 guest-start/debian.repeat fail REGR. vs. 166942 test-amd64-amd64-xl-qemuu-ovmf-amd64 20 guest-start/debianhvm.repeat fail REGR. vs. 166942 test-armhf-armhf-xl-credit2 19 guest-start.2 fail REGR. vs. 166942 test-armhf-armhf-xl 18 guest-start/debian.repeat fail REGR. vs. 166942 test-amd64-amd64-xl-qemut-stubdom-debianhvm-amd64-xsm 20 guest-start/debianhvm.repeat fail REGR. vs. 166942 test-armhf-armhf-libvirt 18 guest-start/debian.repeat fail REGR. vs. 166942 test-arm64-arm64-xl-xsm 18 guest-start/debian.repeat fail REGR. vs. 166942 test-arm64-arm64-xl-credit1 18 guest-start/debian.repeat fail REGR. vs. 166942 Tests which are failing intermittently (not blocking): test-arm64-arm64-libvirt-xsm 8 xen-boot fail in 167055 pass in 167089 test-amd64-amd64-dom0pvh-xl-intel 22 guest-start/debian.repeat fail in 167055 pass in 167089 test-amd64-amd64-xl-shadow 22 guest-start/debian.repeat fail in 167055 pass in 167089 test-amd64-amd64-libvirt-xsm 20 guest-start/debian.repeat fail in 167055 pass in 167089 test-amd64-amd64-xl-rtds 22 guest-start/debian.repeat fail in 167055 pass in 167089 test-armhf-armhf-xl-credit1 12 debian-install fail in 167055 pass in 167089 test-armhf-armhf-xl-credit2 18 guest-start/debian.repeat fail in 167055 pass in 167089 test-amd64-amd64-xl-qemuu-debianhvm-i386-xsm 20 guest-start/debianhvm.repeat fail in 167055 pass in 167089 test-armhf-armhf-libvirt-raw 17 guest-start/debian.repeat fail in 167055 pass in 167089 test-amd64-amd64-libvirt 20 guest-start/debian.repeat fail pass in 167055 test-arm64-arm64-xl 18 guest-start/debian.repeat fail pass in 167055 test-amd64-amd64-xl-qemuu-debianhvm-amd64 20 guest-start/debianhvm.repeat fail pass in 167055 test-amd64-amd64-xl-qemuu-debianhvm-amd64-shadow 20 guest-start/debianhvm.repeat fail pass in 167055 test-armhf-armhf-xl-cubietruck 19 guest-start.2 fail pass in 167055 Regressions which are regarded as allowable (not blocking): test-armhf-armhf-xl-rtds 18 guest-start/debian.repeat fail REGR. vs. 166942 Tests which did not succeed, but are not blocking: test-armhf-armhf-xl-vhd 17 guest-start/debian.repeat fail blocked in 166942 test-armhf-armhf-xl-vhd 19 guest-destroy fail in 167055 blocked in 166942 test-amd64-amd64-xl-qemut-win7-amd64 19 guest-stop fail like 166942 test-armhf-armhf-libvirt 16 saverestore-support-check fail like 166942 test-amd64-amd64-xl-qemuu-ws16-amd64 19 guest-stop fail like 166942 test-amd64-amd64-xl-qemut-ws16-amd64 19 guest-stop fail like 166942 test-amd64-amd64-xl-qemuu-win7-amd64 19 guest-stop fail like 166942 test-armhf-armhf-libvirt-raw 15 saverestore-support-check fail like 166942 test-armhf-armhf-libvirt-qcow2 15 saverestore-support-check fail like 166942 test-amd64-amd64-libvirt 15 migrate-support-check fail never pass test-arm64-arm64-xl-seattle 15 migrate-support-check fail never pass test-arm64-arm64-xl-seattle 16 saverestore-support-check fail never pass test-amd64-amd64-libvirt-xsm 15 migrate-support-check fail never pass test-arm64-arm64-xl 15 migrate-support-check fail never pass test-arm64-arm64-xl 16 saverestore-support-check fail never pass test-arm64-arm64-xl-thunderx 15 migrate-support-check fail never pass test-arm64-arm64-xl-thunderx 16 saverestore-support-check fail never pass test-arm64-arm64-libvirt-xsm 15 migrate-support-check fail never pass test-arm64-arm64-libvirt-xsm 16 saverestore-support-check fail never pass test-arm64-arm64-xl-credit2 15 migrate-support-check fail never pass test-arm64-arm64-xl-credit2 16 saverestore-support-check fail never pass test-amd64-amd64-libvirt-qemuu-debianhvm-amd64-xsm 13 migrate-support-check fail never pass test-amd64-amd64-libvirt-qcow2 14 migrate-support-check fail never pass test-armhf-armhf-xl-arndale 15 migrate-support-check fail never pass test-armhf-armhf-xl-arndale 16 saverestore-support-check fail never pass test-amd64-amd64-libvirt-raw 14 migrate-support-check fail never pass test-arm64-arm64-libvirt-raw 14 migrate-support-check fail never pass test-arm64-arm64-libvirt-raw 15 saverestore-support-check fail never pass test-arm64-arm64-xl-vhd 14 migrate-support-check fail never pass test-arm64-arm64-xl-vhd 15 saverestore-support-check fail never pass test-armhf-armhf-xl-credit1 15 migrate-support-check fail never pass test-armhf-armhf-xl-credit1 16 saverestore-support-check fail never pass test-armhf-armhf-xl-credit2 15 migrate-support-check fail never pass test-armhf-armhf-xl-credit2 16 saverestore-support-check fail never pass test-armhf-armhf-xl-multivcpu 15 migrate-support-check fail never pass test-armhf-armhf-xl-multivcpu 16 saverestore-support-check fail never pass test-armhf-armhf-libvirt 15 migrate-support-check fail never pass test-armhf-armhf-xl-rtds 15 migrate-support-check fail never pass test-armhf-armhf-xl-rtds 16 saverestore-support-check fail never pass test-armhf-armhf-xl-cubietruck 15 migrate-support-check fail never pass test-armhf-armhf-xl-cubietruck 16 saverestore-support-check fail never pass test-armhf-armhf-xl 15 migrate-support-check fail never pass test-armhf-armhf-xl 16 saverestore-support-check fail never pass test-arm64-arm64-xl-xsm 15 migrate-support-check fail never pass test-arm64-arm64-xl-xsm 16 saverestore-support-check fail never pass test-arm64-arm64-xl-credit1 15 migrate-support-check fail never pass test-arm64-arm64-xl-credit1 16 saverestore-support-check fail never pass test-armhf-armhf-libvirt-raw 14 migrate-support-check fail never pass test-armhf-armhf-xl-vhd 14 migrate-support-check fail never pass test-armhf-armhf-xl-vhd 15 saverestore-support-check fail never pass test-armhf-armhf-libvirt-qcow2 14 migrate-support-check fail never pass version targeted for testing: linux 5f58da2befa58edf3a70b91ed87ed9bf77f1e70e baseline version: linux c5c17547b778975b3d83a73c8d84e8fb5ecf3ba5 Last test of basis 166942 2021-11-27 18:11:40 Z 6 days Failing since 166963 2021-11-30 20:54:02 Z 3 days 6 attempts Testing same since 167055 2021-12-03 01:12:38 Z 1 days 2 attempts ------------------------------------------------------------ People who touched revisions under test: Akhil P Oommen <[email protected]> Alex Bee <[email protected]> Alex Deucher <[email protected]> Alex Deucher <[email protected]> Alex Williamson <[email protected]> Alexandra Winter <[email protected]> Amir Tzin <[email protected]> Andreas Gruenbacher <[email protected]> Andy Shevchenko <[email protected]> Anup Patel <[email protected]> Ard Biesheuvel <[email protected]> Arnd Bergmann <[email protected]> Aya Levin <[email protected]> Bean Huo <[email protected]> Ben Ben-Ishay <[email protected]> Ben Gardon <[email protected]> Benjamin Coddington <[email protected]> Benjamin Poirier <[email protected]> Bhawanpreet Lakha <[email protected]> Borislav Petkov <[email protected]> Catalin Marinas <[email protected]> Chen Jun <[email protected]> chongjiapeng <[email protected]> Christoph Hellwig <[email protected]> Christophe JAILLET <[email protected]> Christophe Leroy <[email protected]> Corey Minyard <[email protected]> Dan Carpenter <[email protected]> Dan Johansen <[email protected]> Daniel Wheeler <[email protected]> Darrick J. Wong <[email protected]> Dave Airlie <[email protected]> David Howells <[email protected]> David S. Miller <[email protected]> David Woodhouse <[email protected]> Deren Wu <[email protected]> Dmitry Bogdanov <[email protected]> Dmytro Linkin <[email protected]> Dongliang Mu <[email protected]> Douglas Anderson <[email protected]> Douglas Gilbert <[email protected]> Dust Li <[email protected]> Eiichi Tsukata <[email protected]> Eric Dumazet <[email protected]> Erik Ekman <[email protected]> Felix Fietkau <[email protected]> Flora Cui <[email protected]> Florian Fainelli <[email protected]> Fuad Tabba <[email protected]> Gal Pressman <[email protected]> Gao Xiang <[email protected]> George Kennedy <[email protected]> George Shen <[email protected]> Gerd Hoffmann <[email protected]> Giovanni Cabiddu <[email protected]> Guangming <[email protected]> Guchun Chen <[email protected]> Guenter Roeck <[email protected]> Gurchetan Singh <[email protected]> Gustavo A. R. Silva <[email protected]> Hangbin Liu <[email protected]> Hans de Goede <[email protected]> Harshit Mogalapalli <[email protected]> Hou Wenlong <[email protected]> Huang Jianan <[email protected]> Huang Pei <[email protected]> Hyunchul Lee <[email protected]> Igor Russkikh <[email protected]> Ioanna Alifieraki <[email protected]> Jakub Kicinski <[email protected]> Jane Jian <[email protected]> Jani Nikula <[email protected]> Jason A. Donenfeld <[email protected]> Jason Wang <[email protected]> Jens Axboe <[email protected]> Jeremy Kerr <[email protected]> Jian-Hong Pan <[email protected]> Jiapeng Chong <[email protected]> Jimmy Kizito <[email protected]> Joerg Roedel <[email protected]> José Roberto de Souza <[email protected]> Juergen Gross <[email protected]> Kai Vehmanen <[email protected]> Kalle Valo <[email protected]> Karsten Graul <[email protected]> Lai Jiangshan <[email protected]> Larry Finger <[email protected]> Li Zhijian <[email protected]> Lijo Lazar <[email protected]> Linus Torvalds <[email protected]> Longpeng <[email protected]> Lorenzo Bianconi <[email protected]> Lu Baolu <[email protected]> Luca Coelho <[email protected]> Lucas Tanure <[email protected]> Luiz Angelo Daros de Luca <[email protected]> Lyude Paul <[email protected]> Maciej Fijalkowski <[email protected]> Maciej S. Szmigiero <[email protected]> Maor Dickman <[email protected]> Maor Gottlieb <[email protected]> Marc Zyngier <[email protected]> Marco Elver <[email protected]> Marek Behún <[email protected]> Mark Bloch <[email protected]> Mark Brown <[email protected]> Mark Rutland <[email protected]> Martin K. Petersen <[email protected]> Masami Hiramatsu <[email protected]> Matt Johnston <[email protected]> Matthew Wilcox (Oracle) <[email protected]> Max Filippov <[email protected]> Maxime Ripard <[email protected]> Michael Ellerman <[email protected]> Michael S. Tsirkin <[email protected]> Michael Stapelberg <[email protected]> Mike Christie <[email protected]> Mordechay Goodstein <[email protected]> Moshe Shemesh <[email protected]> msizanoen1 <[email protected]> Muchun Song <[email protected]> Mustapha Ghaddar <[email protected]> Mustapha Ghaddar <[email protected]> Namjae Jeon <[email protected]> NeilBrown <[email protected]> Nicholas Kazlauskas <[email protected]> Nicholas Piggin <[email protected]> Nicolas Frattaroli <[email protected]> Nikita Danilov <[email protected]> Ole Ernst <[email protected]> Olga Kornievskaia <[email protected]> Paolo Abeni <[email protected]> Paolo Bonzini <[email protected]> Paul Cercueil <[email protected]> Pavel Begunkov <[email protected]> Perry Yuan <[email protected]> Peter Geis <[email protected]> Peter Zijlstra (Intel) <[email protected]> Philip Chen <[email protected]> Philip Yang <[email protected]> Pierre-Louis Bossart <[email protected]> Ping-Ke Shih <[email protected]> Qian Cai <[email protected]> Raed Salem <[email protected]> Randy Dunlap <[email protected]> Ranjani Sridharan <[email protected]> Rob Clark <[email protected]> Rob Clark <[email protected]> Rodrigo Vivi <[email protected]> Saeed Mahameed <[email protected]> Salvatore Bonaccorso <[email protected]> Sameer Pujar <[email protected]> Sameer Saurabh <[email protected]> Santosh Shilimkar <[email protected]> Sean Christopherson <[email protected]> shaoyunl <[email protected]> Shen, George <[email protected]> Shin'ichiro Kawasaki <[email protected]> Sreekanth Reddy <[email protected]> Stanislaw Gruszka <[email protected]> Steev Klimaszewski <[email protected]> Stefan Binding <[email protected]> Stefano Garzarella <[email protected]> Stephen Boyd <[email protected]> Stephen Suryaputra <[email protected]> Steve French <[email protected]> Steven Rostedt (VMware) <[email protected]> Sudarsana Reddy Kalluru <[email protected]> Sukadev Bhattiprolu <[email protected]> Sumit Semwal <[email protected]> Sven Schuchmann <[email protected]> Takashi Iwai <[email protected]> Tariq Toukan <[email protected]> Thiago Rafael Becker <[email protected]> Thomas Bogendoerfer <[email protected]> Tianhao Chai <[email protected]> Tianjia Zhang <[email protected]> Tiezhu Yang <[email protected]> Tony Lu <[email protected]> Tony Nguyen <[email protected]> Trond Myklebust <[email protected]> Vincent Whitchurch <[email protected]> Vitaly Kuznetsov <[email protected]> Vitaly Rodionov <[email protected]> Waiman Long <[email protected]> Wei Yongjun <[email protected]> Wenjia Zhang <[email protected]> William Kucharski <[email protected]> Wu Zongyong <[email protected]> Xiayu Zhang <[email protected]> Yang Xu <[email protected]> Ye Bin <[email protected]> Ye Guojin <[email protected]> Zhou Qingyang <[email protected]> Łukasz Bartosik <[email protected]> jobs: build-amd64-xsm pass build-arm64-xsm pass build-i386-xsm pass build-amd64 pass build-arm64 pass build-armhf pass build-i386 pass build-amd64-libvirt pass build-arm64-libvirt pass build-armhf-libvirt pass build-i386-libvirt pass build-amd64-pvops pass build-arm64-pvops pass build-armhf-pvops pass build-i386-pvops pass test-amd64-amd64-xl fail test-amd64-coresched-amd64-xl fail test-arm64-arm64-xl fail test-armhf-armhf-xl fail test-amd64-amd64-libvirt-qemuu-debianhvm-amd64-xsm fail test-amd64-amd64-xl-qemut-stubdom-debianhvm-amd64-xsm fail test-amd64-amd64-xl-qemut-debianhvm-i386-xsm fail test-amd64-amd64-xl-qemuu-debianhvm-i386-xsm pass test-amd64-amd64-libvirt-xsm pass test-arm64-arm64-libvirt-xsm fail test-amd64-amd64-xl-xsm fail test-arm64-arm64-xl-xsm fail test-amd64-amd64-qemuu-nested-amd fail test-amd64-amd64-xl-pvhv2-amd pass test-amd64-amd64-dom0pvh-xl-amd pass test-amd64-amd64-xl-qemut-debianhvm-amd64 fail test-amd64-amd64-xl-qemuu-debianhvm-amd64 fail test-amd64-amd64-freebsd11-amd64 pass test-amd64-amd64-freebsd12-amd64 pass test-amd64-amd64-xl-qemuu-ovmf-amd64 fail test-amd64-amd64-xl-qemut-win7-amd64 fail test-amd64-amd64-xl-qemuu-win7-amd64 fail test-amd64-amd64-xl-qemut-ws16-amd64 fail test-amd64-amd64-xl-qemuu-ws16-amd64 fail test-armhf-armhf-xl-arndale pass test-amd64-amd64-xl-credit1 fail test-arm64-arm64-xl-credit1 fail test-armhf-armhf-xl-credit1 pass test-amd64-amd64-xl-credit2 pass test-arm64-arm64-xl-credit2 fail test-armhf-armhf-xl-credit2 fail test-armhf-armhf-xl-cubietruck fail test-amd64-amd64-xl-qemuu-dmrestrict-amd64-dmrestrict fail test-amd64-amd64-examine pass test-arm64-arm64-examine pass test-armhf-armhf-examine pass test-amd64-amd64-qemuu-nested-intel pass test-amd64-amd64-xl-pvhv2-intel pass test-amd64-amd64-dom0pvh-xl-intel pass test-amd64-amd64-libvirt fail test-armhf-armhf-libvirt fail test-amd64-amd64-xl-multivcpu fail test-armhf-armhf-xl-multivcpu fail test-amd64-amd64-pair pass test-amd64-amd64-libvirt-pair pass test-amd64-amd64-xl-pvshim fail test-amd64-amd64-pygrub pass test-amd64-amd64-libvirt-qcow2 pass test-armhf-armhf-libvirt-qcow2 pass test-amd64-amd64-libvirt-raw pass test-arm64-arm64-libvirt-raw pass test-armhf-armhf-libvirt-raw pass test-amd64-amd64-xl-rtds pass test-armhf-armhf-xl-rtds fail test-arm64-arm64-xl-seattle fail test-amd64-amd64-xl-qemuu-debianhvm-amd64-shadow fail test-amd64-amd64-xl-shadow pass test-arm64-arm64-xl-thunderx fail test-amd64-amd64-xl-vhd pass test-arm64-arm64-xl-vhd pass test-armhf-armhf-xl-vhd fail ------------------------------------------------------------ sg-report-flight on osstest.test-lab.xenproject.org logs: /home/logs/logs images: /home/logs/images Logs, config files, etc. are available at http://logs.test-lab.xenproject.org/osstest/logs Explanation of these reports, and of osstest in general, is at http://xenbits.xen.org/gitweb/?p=osstest.git;a=blob;f=README.email;hb=master http://xenbits.xen.org/gitweb/?p=osstest.git;a=blob;f=README;hb=master Test harness code can be found at http://xenbits.xen.org/gitweb?p=osstest.git;a=summary Not pushing. (No revision log; it would be 7762 lines long.)
