flight 167071 linux-5.4 real [real]
http://logs.test-lab.xenproject.org/osstest/logs/167071/

Regressions :-(

Tests which did not succeed and are blocking,
including tests which could not be run:
 test-amd64-amd64-dom0pvh-xl-intel 22 guest-start/debian.repeat fail REGR. vs. 
166839
 test-arm64-arm64-xl-seattle 18 guest-start/debian.repeat fail REGR. vs. 166839
 test-amd64-amd64-xl-credit1 22 guest-start/debian.repeat fail REGR. vs. 166839
 test-amd64-coresched-amd64-xl 22 guest-start/debian.repeat fail REGR. vs. 
166839
 test-amd64-amd64-xl-pvhv2-amd 22 guest-start/debian.repeat fail REGR. vs. 
166839
 test-arm64-arm64-xl         18 guest-start/debian.repeat fail REGR. vs. 166839
 test-amd64-i386-xl-shadow    23 guest-start.2            fail REGR. vs. 166839
 test-arm64-arm64-xl-xsm     18 guest-start/debian.repeat fail REGR. vs. 166839
 test-arm64-arm64-xl-credit1 18 guest-start/debian.repeat fail REGR. vs. 166839
 test-amd64-amd64-xl-qemuu-dmrestrict-amd64-dmrestrict 14 
guest-start/debianhvm.repeat fail REGR. vs. 166839
 test-amd64-i386-xl-qemuu-debianhvm-amd64-shadow 20 
guest-start/debianhvm.repeat fail REGR. vs. 166839
 test-amd64-i386-xl-qemuu-dmrestrict-amd64-dmrestrict 14 
guest-start/debianhvm.repeat fail REGR. vs. 166839
 test-amd64-amd64-xl-qemuu-debianhvm-amd64 20 guest-start/debianhvm.repeat fail 
REGR. vs. 166839
 test-amd64-i386-xl-qemut-stubdom-debianhvm-amd64-xsm 20 
guest-start/debianhvm.repeat fail REGR. vs. 166839
 test-amd64-i386-xl-qemut-debianhvm-amd64 20 guest-start/debianhvm.repeat fail 
REGR. vs. 166839
 test-amd64-amd64-xl-qemuu-debianhvm-i386-xsm 20 guest-start/debianhvm.repeat 
fail REGR. vs. 166839
 test-amd64-amd64-xl-qemuu-debianhvm-amd64-shadow 20 
guest-start/debianhvm.repeat fail REGR. vs. 166839
 test-amd64-amd64-xl-qemut-stubdom-debianhvm-amd64-xsm 20 
guest-start/debianhvm.repeat fail REGR. vs. 166839
 test-amd64-amd64-xl-qemuu-ovmf-amd64 20 guest-start/debianhvm.repeat fail 
REGR. vs. 166839
 test-armhf-armhf-xl-credit1 18 guest-start/debian.repeat fail REGR. vs. 166839
 test-amd64-i386-xl-qemuu-ovmf-amd64 20 guest-start/debianhvm.repeat fail REGR. 
vs. 166839
 test-amd64-amd64-qemuu-nested-amd 13 nested-setup fail in 167023 REGR. vs. 
166839
 test-amd64-amd64-xl-pvhv2-intel 22 guest-start/debian.repeat fail in 167023 
REGR. vs. 166839

Tests which are failing intermittently (not blocking):
 test-amd64-amd64-libvirt     14 guest-start      fail in 166970 pass in 167071
 test-arm64-arm64-xl-credit1  14 guest-start      fail in 166970 pass in 167071
 test-amd64-i386-xl-qemuu-debianhvm-amd64 20 guest-start/debianhvm.repeat fail 
in 166970 pass in 167071
 test-amd64-amd64-dom0pvh-xl-amd 23 guest-start.2 fail in 166990 pass in 167023
 test-amd64-amd64-libvirt-qemuu-debianhvm-amd64-xsm 20 guest-destroy fail in 
166990 pass in 167023
 test-amd64-i386-xl           14 guest-start      fail in 166990 pass in 167071
 test-arm64-arm64-xl-seattle  14 guest-start      fail in 166990 pass in 167071
 test-armhf-armhf-libvirt     14 guest-start      fail in 166990 pass in 167071
 test-armhf-armhf-libvirt-qcow2 17 guest-start/debian.repeat fail in 166990 
pass in 167071
 test-arm64-arm64-xl-credit2  19 guest-start.2    fail in 167023 pass in 166970
 test-armhf-armhf-libvirt     20 guest-destroy    fail in 167023 pass in 166970
 test-amd64-amd64-xl-pvshim   14 guest-start      fail in 167023 pass in 167071
 test-amd64-amd64-libvirt-xsm 20 guest-start/debian.repeat fail in 167023 pass 
in 167071
 test-arm64-arm64-xl-xsm      14 guest-start      fail in 167023 pass in 167071
 test-amd64-coresched-i386-xl 22 guest-start/debian.repeat fail in 167023 pass 
in 167071
 test-amd64-i386-xl-shadow 22 guest-start/debian.repeat fail in 167023 pass in 
167071
 test-amd64-amd64-xl 22 guest-start/debian.repeat fail in 167023 pass in 167071
 test-amd64-amd64-xl-credit2 22 guest-start/debian.repeat fail in 167023 pass 
in 167071
 test-amd64-amd64-xl-xsm 22 guest-start/debian.repeat fail in 167023 pass in 
167071
 test-amd64-i386-libvirt-qemuu-debianhvm-amd64-xsm 18 
guest-start/debianhvm.repeat fail in 167023 pass in 167071
 test-armhf-armhf-xl-multivcpu 18 guest-start/debian.repeat fail in 167023 pass 
in 167071
 test-amd64-i386-xl-qemut-debianhvm-i386-xsm 20 guest-start/debianhvm.repeat 
fail in 167023 pass in 167071
 test-armhf-armhf-xl-rtds 18 guest-start/debian.repeat fail in 167023 pass in 
167071
 test-armhf-armhf-xl 18 guest-start/debian.repeat fail in 167023 pass in 167071
 test-amd64-amd64-xl-qemut-debianhvm-i386-xsm 20 guest-start/debianhvm.repeat 
fail in 167023 pass in 167071
 test-amd64-i386-xl-vhd 21 guest-start/debian.repeat fail in 167023 pass in 
167071
 test-armhf-armhf-xl-arndale 18 guest-start/debian.repeat fail in 167023 pass 
in 167071
 test-amd64-amd64-xl-multivcpu 22 guest-start/debian.repeat fail pass in 166970
 test-arm64-arm64-libvirt-xsm 18 guest-start/debian.repeat  fail pass in 166970
 test-amd64-amd64-xl-qemut-debianhvm-amd64 20 guest-start/debianhvm.repeat fail 
pass in 166970
 test-amd64-amd64-xl-pvshim   22 guest-start/debian.repeat  fail pass in 166990
 test-amd64-amd64-libvirt     20 guest-start/debian.repeat  fail pass in 166990
 test-amd64-amd64-xl-rtds     22 guest-start/debian.repeat  fail pass in 166990
 test-amd64-i386-libvirt-xsm  20 guest-start/debian.repeat  fail pass in 166990
 test-amd64-i386-xl-xsm       22 guest-start/debian.repeat  fail pass in 166990
 test-arm64-arm64-xl-thunderx 18 guest-start/debian.repeat  fail pass in 166990
 test-amd64-amd64-xl-pvhv2-intel 14 guest-start             fail pass in 167023
 test-amd64-amd64-qemuu-nested-amd 12 debian-hvm-install    fail pass in 167023
 test-amd64-amd64-dom0pvh-xl-amd 22 guest-start/debian.repeat fail pass in 
167023
 test-amd64-i386-libvirt      20 guest-start/debian.repeat  fail pass in 167023
 test-amd64-i386-xl           22 guest-start/debian.repeat  fail pass in 167023
 test-amd64-amd64-xl-shadow   22 guest-start/debian.repeat  fail pass in 167023
 test-arm64-arm64-xl-credit2  18 guest-start/debian.repeat  fail pass in 167023
 test-amd64-amd64-examine      4 memdisk-try-append         fail pass in 167023
 test-amd64-amd64-libvirt-vhd 19 guest-start/debian.repeat  fail pass in 167023
 test-amd64-amd64-libvirt-qemuu-debianhvm-amd64-xsm 18 
guest-start/debianhvm.repeat fail pass in 167023
 test-armhf-armhf-xl-credit2  18 guest-start/debian.repeat  fail pass in 167023
 test-amd64-i386-libvirt-raw  19 guest-start/debian.repeat  fail pass in 167023
 test-amd64-i386-xl-qemuu-debianhvm-i386-xsm 20 guest-start/debianhvm.repeat 
fail pass in 167023
 test-armhf-armhf-libvirt     18 guest-start/debian.repeat  fail pass in 167023

Tests which did not succeed, but are not blocking:
 test-amd64-amd64-xl-qemuu-win7-amd64 19 guest-stop            fail like 166839
 test-amd64-i386-xl-qemut-win7-amd64 19 guest-stop             fail like 166839
 test-amd64-amd64-xl-qemut-win7-amd64 19 guest-stop            fail like 166839
 test-armhf-armhf-libvirt     16 saverestore-support-check    fail  like 166839
 test-amd64-amd64-xl-qemuu-ws16-amd64 19 guest-stop            fail like 166839
 test-amd64-amd64-xl-qemut-ws16-amd64 19 guest-stop            fail like 166839
 test-amd64-i386-xl-qemuu-win7-amd64 19 guest-stop             fail like 166839
 test-amd64-i386-xl-qemut-ws16-amd64 19 guest-stop             fail like 166839
 test-armhf-armhf-libvirt-raw 15 saverestore-support-check    fail  like 166839
 test-armhf-armhf-libvirt-qcow2 15 saverestore-support-check   fail like 166839
 test-amd64-i386-xl-qemuu-ws16-amd64 19 guest-stop             fail like 166839
 test-amd64-amd64-libvirt-xsm 15 migrate-support-check        fail   never pass
 test-amd64-i386-xl-pvshim    14 guest-start                  fail   never pass
 test-amd64-i386-libvirt-xsm  15 migrate-support-check        fail   never pass
 test-amd64-amd64-libvirt     15 migrate-support-check        fail   never pass
 test-arm64-arm64-xl-seattle  15 migrate-support-check        fail   never pass
 test-arm64-arm64-xl-seattle  16 saverestore-support-check    fail   never pass
 test-amd64-i386-libvirt      15 migrate-support-check        fail   never pass
 test-amd64-amd64-libvirt-qemuu-debianhvm-amd64-xsm 13 migrate-support-check 
fail never pass
 test-amd64-i386-libvirt-qemuu-debianhvm-amd64-xsm 13 migrate-support-check 
fail never pass
 test-arm64-arm64-xl          15 migrate-support-check        fail   never pass
 test-arm64-arm64-xl          16 saverestore-support-check    fail   never pass
 test-arm64-arm64-libvirt-xsm 15 migrate-support-check        fail   never pass
 test-arm64-arm64-xl-xsm      15 migrate-support-check        fail   never pass
 test-arm64-arm64-libvirt-xsm 16 saverestore-support-check    fail   never pass
 test-arm64-arm64-xl-xsm      16 saverestore-support-check    fail   never pass
 test-arm64-arm64-xl-thunderx 15 migrate-support-check        fail   never pass
 test-arm64-arm64-xl-thunderx 16 saverestore-support-check    fail   never pass
 test-arm64-arm64-xl-credit2  15 migrate-support-check        fail   never pass
 test-arm64-arm64-xl-credit2  16 saverestore-support-check    fail   never pass
 test-arm64-arm64-xl-credit1  15 migrate-support-check        fail   never pass
 test-arm64-arm64-xl-credit1  16 saverestore-support-check    fail   never pass
 test-amd64-amd64-libvirt-vhd 14 migrate-support-check        fail   never pass
 test-amd64-i386-libvirt-raw  14 migrate-support-check        fail   never pass
 test-arm64-arm64-libvirt-raw 14 migrate-support-check        fail   never pass
 test-arm64-arm64-libvirt-raw 15 saverestore-support-check    fail   never pass
 test-arm64-arm64-xl-vhd      14 migrate-support-check        fail   never pass
 test-arm64-arm64-xl-vhd      15 saverestore-support-check    fail   never pass
 test-armhf-armhf-xl-credit2  15 migrate-support-check        fail   never pass
 test-armhf-armhf-xl-credit2  16 saverestore-support-check    fail   never pass
 test-armhf-armhf-xl-multivcpu 15 migrate-support-check        fail  never pass
 test-armhf-armhf-xl-multivcpu 16 saverestore-support-check    fail  never pass
 test-armhf-armhf-xl          15 migrate-support-check        fail   never pass
 test-armhf-armhf-xl          16 saverestore-support-check    fail   never pass
 test-armhf-armhf-xl-cubietruck 15 migrate-support-check        fail never pass
 test-armhf-armhf-xl-cubietruck 16 saverestore-support-check    fail never pass
 test-armhf-armhf-xl-credit1  15 migrate-support-check        fail   never pass
 test-armhf-armhf-xl-credit1  16 saverestore-support-check    fail   never pass
 test-armhf-armhf-xl-rtds     15 migrate-support-check        fail   never pass
 test-armhf-armhf-xl-rtds     16 saverestore-support-check    fail   never pass
 test-armhf-armhf-libvirt     15 migrate-support-check        fail   never pass
 test-armhf-armhf-xl-vhd      14 migrate-support-check        fail   never pass
 test-armhf-armhf-xl-vhd      15 saverestore-support-check    fail   never pass
 test-armhf-armhf-libvirt-raw 14 migrate-support-check        fail   never pass
 test-armhf-armhf-xl-arndale  15 migrate-support-check        fail   never pass
 test-armhf-armhf-xl-arndale  16 saverestore-support-check    fail   never pass
 test-armhf-armhf-libvirt-qcow2 14 migrate-support-check        fail never pass

version targeted for testing:
 linux                57899c4e26bf5a02b9b405267a1812f26b9ccce5
baseline version:
 linux                9334f48f567334f54101223012ec9d3b4628bed8

Last test of basis   166839  2021-11-26 10:11:13 Z    7 days
Testing same since   166970  2021-12-01 08:40:40 Z    2 days    4 attempts

------------------------------------------------------------
People who touched revisions under test:
  Adrian Hunter <[email protected]>
  Alexander Aring <[email protected]>
  Alexander Mikhalitsyn <[email protected]>
  Andrew Morton <[email protected]>
  Baoquan He <[email protected]>
  Bjorn Helgaas <[email protected]>
  Boris Ostrovsky <[email protected]>
  Christian Borntraeger <[email protected]>
  Christian Brauner <[email protected]>
  Christian Lamparter <[email protected]>
  Christoph Hellwig <[email protected]>
  Chuanqi Liu <[email protected]>
  Dan Carpenter <[email protected]>
  Daniele Palmas <[email protected]>
  Danielle Ratson <[email protected]>
  David Hildenbrand <[email protected]>
  David S. Miller <[email protected]>
  Diana Wang <[email protected]>
  Dinh Nguyen <[email protected]>
  Dylan Hung <[email protected]>
  Eric Dumazet <[email protected]>
  Florian Fainelli <[email protected]>
  George Kuruvinakunnel <[email protected]>
  Greg Kroah-Hartman <[email protected]>
  Gregory CLEMENT <[email protected]>
  Grzegorz Jaszczyk <[email protected]>
  Guangbin Huang <[email protected]>
  Guenter Roeck <[email protected]>
  Hans de Goede <[email protected]>
  Hans Verkuil <[email protected]>
  Heikki Krogerus <[email protected]>
  Heiko Carstens <[email protected]>
  Helge Deller <[email protected]>
  Huang Pei <[email protected]>
  Hulk Robot <[email protected]>
  Jaegeuk Kim <[email protected]>
  Jakub Kicinski <[email protected]>
  Jason Gerecke <[email protected]>
  Jason Gerecke <[email protected]>
  Jesse Brandeburg <[email protected]>
  Jiri Kosina <[email protected]>
  Jiri Olsa <[email protected]>
  Jiri Olsa <[email protected]>
  Johan Hovold <[email protected]>
  Jon Hunter <[email protected]>
  Joshua Dickens <[email protected]>
  Juergen Gross <[email protected]>
  Julian Anastasov <[email protected]>
  Julian Sikorski <[email protected]>
  Karsten Graul <[email protected]>
  Kumar Thangavel <[email protected]>
  Kumar Thangavel <[email protected]>
  Lin Ma <[email protected]>
  Linus Torvalds <[email protected]>
  Linus Walleij <[email protected]>
  Linux Kernel Functional Testing <[email protected]>
  Lorenzo Pieralisi <[email protected]>
  Manfred Spraul <[email protected]>
  Marek Behún <[email protected]>
  Marek Behún <[email protected]>
  Marek Szyprowski <[email protected]>
  Mark Brown <[email protected]>
  Martin K. Petersen <[email protected]>
  Masami Hiramatsu <[email protected]>
  Mathias Nyman <[email protected]>
  Maurizio Lombardi <[email protected]>
  Mauro Carvalho Chehab <[email protected]>
  Maxime Ripard <[email protected]>
  Michael Ellerman <[email protected]>
  Michael S. Tsirkin <[email protected]>
  Mike Christie <[email protected]>
  Miklos Szeredi <[email protected]>
  Minas Harutyunyan <[email protected]>
  Mingjie Zhang <[email protected]>
  Nathan Chancellor <[email protected]>
  Neal Cardwell <[email protected]>
  Nicholas Piggin <[email protected]>
  Nikolay Aleksandrov <[email protected]>
  Nitesh B Venkatesh <[email protected]>
  Noralf Trønnes <[email protected]>
  Oleksandr Natalenko <[email protected]>
  Ondrej Jirman <[email protected]>
  Pablo Neira Ayuso <[email protected]>
  Pali Rohár <[email protected]>
  Peng Fan <[email protected]>
  Rafael J. Wysocki <[email protected]>
  Remi Pommarel <[email protected]>
  Richard Cochran <[email protected]>
  Rob Herring <[email protected]>
  Roger Pau Monné <[email protected]>
  Russell King <[email protected]>
  Sam Ravnborg <[email protected]>
  Samuel Mendoza-Jonas <[email protected]>
  Sasha Levin <[email protected]>
  Shuah Khan <[email protected]>
  Simon Horman <[email protected]>
  Simon Horman <[email protected]>
  Sreekanth Reddy <[email protected]>
  Srinivas Kandagatla <[email protected]>
  Stefan Schmidt <[email protected]>
  Stefano Garzarella <[email protected]>
  Stefano Stabellini <[email protected]>
  Steve French <[email protected]>
  Steven Rostedt (VMware) <[email protected]>
  Sudeep Holla <[email protected]>
  Sudip Mukherjee <[email protected]>
  Takashi Iwai <[email protected]>
  Thomas Bogendoerfer <[email protected]>
  Thomas Petazzoni <[email protected]>
  Thomas Zeitlhofer <[email protected]>
  Tobias Brunner <[email protected]>
  Todd Kjos <[email protected]>
  Tomasz Maciej Nowak <[email protected]>
  Tony Lu <[email protected]>
  Tony Nguyen <[email protected]>
  Trond Myklebust <[email protected]>
  Ulf Hansson <[email protected]>
  Varun Prakash <[email protected]>
  Vladimir Oltean <[email protected]>
  Weichao Guo <[email protected]>
  yangxingwu <[email protected]>
  Ziyang Xuan <[email protected]>

jobs:
 build-amd64-xsm                                              pass    
 build-arm64-xsm                                              pass    
 build-i386-xsm                                               pass    
 build-amd64                                                  pass    
 build-arm64                                                  pass    
 build-armhf                                                  pass    
 build-i386                                                   pass    
 build-amd64-libvirt                                          pass    
 build-arm64-libvirt                                          pass    
 build-armhf-libvirt                                          pass    
 build-i386-libvirt                                           pass    
 build-amd64-pvops                                            pass    
 build-arm64-pvops                                            pass    
 build-armhf-pvops                                            pass    
 build-i386-pvops                                             pass    
 test-amd64-amd64-xl                                          pass    
 test-amd64-coresched-amd64-xl                                fail    
 test-arm64-arm64-xl                                          fail    
 test-armhf-armhf-xl                                          pass    
 test-amd64-i386-xl                                           fail    
 test-amd64-coresched-i386-xl                                 pass    
 test-amd64-amd64-libvirt-qemuu-debianhvm-amd64-xsm           fail    
 test-amd64-i386-libvirt-qemuu-debianhvm-amd64-xsm            pass    
 test-amd64-amd64-xl-qemut-stubdom-debianhvm-amd64-xsm        fail    
 test-amd64-i386-xl-qemut-stubdom-debianhvm-amd64-xsm         fail    
 test-amd64-amd64-xl-qemut-debianhvm-i386-xsm                 pass    
 test-amd64-i386-xl-qemut-debianhvm-i386-xsm                  pass    
 test-amd64-amd64-xl-qemuu-debianhvm-i386-xsm                 fail    
 test-amd64-i386-xl-qemuu-debianhvm-i386-xsm                  fail    
 test-amd64-amd64-libvirt-xsm                                 pass    
 test-arm64-arm64-libvirt-xsm                                 fail    
 test-amd64-i386-libvirt-xsm                                  fail    
 test-amd64-amd64-xl-xsm                                      pass    
 test-arm64-arm64-xl-xsm                                      fail    
 test-amd64-i386-xl-xsm                                       fail    
 test-amd64-amd64-qemuu-nested-amd                            fail    
 test-amd64-amd64-xl-pvhv2-amd                                fail    
 test-amd64-i386-qemut-rhel6hvm-amd                           pass    
 test-amd64-i386-qemuu-rhel6hvm-amd                           pass    
 test-amd64-amd64-dom0pvh-xl-amd                              fail    
 test-amd64-amd64-xl-qemut-debianhvm-amd64                    fail    
 test-amd64-i386-xl-qemut-debianhvm-amd64                     fail    
 test-amd64-amd64-xl-qemuu-debianhvm-amd64                    fail    
 test-amd64-i386-xl-qemuu-debianhvm-amd64                     pass    
 test-amd64-i386-freebsd10-amd64                              pass    
 test-amd64-amd64-qemuu-freebsd11-amd64                       pass    
 test-amd64-amd64-qemuu-freebsd12-amd64                       pass    
 test-amd64-amd64-xl-qemuu-ovmf-amd64                         fail    
 test-amd64-i386-xl-qemuu-ovmf-amd64                          fail    
 test-amd64-amd64-xl-qemut-win7-amd64                         fail    
 test-amd64-i386-xl-qemut-win7-amd64                          fail    
 test-amd64-amd64-xl-qemuu-win7-amd64                         fail    
 test-amd64-i386-xl-qemuu-win7-amd64                          fail    
 test-amd64-amd64-xl-qemut-ws16-amd64                         fail    
 test-amd64-i386-xl-qemut-ws16-amd64                          fail    
 test-amd64-amd64-xl-qemuu-ws16-amd64                         fail    
 test-amd64-i386-xl-qemuu-ws16-amd64                          fail    
 test-armhf-armhf-xl-arndale                                  pass    
 test-amd64-amd64-xl-credit1                                  fail    
 test-arm64-arm64-xl-credit1                                  fail    
 test-armhf-armhf-xl-credit1                                  fail    
 test-amd64-amd64-xl-credit2                                  pass    
 test-arm64-arm64-xl-credit2                                  fail    
 test-armhf-armhf-xl-credit2                                  fail    
 test-armhf-armhf-xl-cubietruck                               pass    
 test-amd64-amd64-xl-qemuu-dmrestrict-amd64-dmrestrict        fail    
 test-amd64-i386-xl-qemuu-dmrestrict-amd64-dmrestrict         fail    
 test-amd64-amd64-examine                                     pass    
 test-arm64-arm64-examine                                     pass    
 test-armhf-armhf-examine                                     pass    
 test-amd64-i386-examine                                      pass    
 test-amd64-i386-freebsd10-i386                               pass    
 test-amd64-amd64-qemuu-nested-intel                          pass    
 test-amd64-amd64-xl-pvhv2-intel                              fail    
 test-amd64-i386-qemut-rhel6hvm-intel                         pass    
 test-amd64-i386-qemuu-rhel6hvm-intel                         pass    
 test-amd64-amd64-dom0pvh-xl-intel                            fail    
 test-amd64-amd64-libvirt                                     fail    
 test-armhf-armhf-libvirt                                     fail    
 test-amd64-i386-libvirt                                      fail    
 test-amd64-amd64-xl-multivcpu                                fail    
 test-armhf-armhf-xl-multivcpu                                pass    
 test-amd64-amd64-pair                                        pass    
 test-amd64-i386-pair                                         pass    
 test-amd64-amd64-libvirt-pair                                pass    
 test-amd64-i386-libvirt-pair                                 pass    
 test-amd64-amd64-xl-pvshim                                   fail    
 test-amd64-i386-xl-pvshim                                    fail    
 test-amd64-amd64-pygrub                                      pass    
 test-armhf-armhf-libvirt-qcow2                               pass    
 test-amd64-amd64-xl-qcow2                                    pass    
 test-arm64-arm64-libvirt-raw                                 pass    
 test-armhf-armhf-libvirt-raw                                 pass    
 test-amd64-i386-libvirt-raw                                  fail    
 test-amd64-amd64-xl-rtds                                     fail    
 test-armhf-armhf-xl-rtds                                     pass    
 test-arm64-arm64-xl-seattle                                  fail    
 test-amd64-amd64-xl-qemuu-debianhvm-amd64-shadow             fail    
 test-amd64-i386-xl-qemuu-debianhvm-amd64-shadow              fail    
 test-amd64-amd64-xl-shadow                                   fail    
 test-amd64-i386-xl-shadow                                    fail    
 test-arm64-arm64-xl-thunderx                                 fail    
 test-amd64-amd64-libvirt-vhd                                 fail    
 test-arm64-arm64-xl-vhd                                      pass    
 test-armhf-armhf-xl-vhd                                      pass    
 test-amd64-i386-xl-vhd                                       pass    


------------------------------------------------------------
sg-report-flight on osstest.test-lab.xenproject.org
logs: /home/logs/logs
images: /home/logs/images

Logs, config files, etc. are available at
    http://logs.test-lab.xenproject.org/osstest/logs

Explanation of these reports, and of osstest in general, is at
    http://xenbits.xen.org/gitweb/?p=osstest.git;a=blob;f=README.email;hb=master
    http://xenbits.xen.org/gitweb/?p=osstest.git;a=blob;f=README;hb=master

Test harness code can be found at
    http://xenbits.xen.org/gitweb?p=osstest.git;a=summary


Not pushing.

(No revision log; it would be 3389 lines long.)

Reply via email to