flight 167092 xen-unstable-smoke real [real]
http://logs.test-lab.xenproject.org/osstest/logs/167092/

Regressions :-(

Tests which did not succeed and are blocking,
including tests which could not be run:
 test-amd64-amd64-libvirt    20 guest-start/debian.repeat fail REGR. vs. 166958
 test-arm64-arm64-xl-xsm     18 guest-start/debian.repeat fail REGR. vs. 166958
 test-amd64-amd64-xl-qemuu-debianhvm-amd64 20 guest-start/debianhvm.repeat fail 
REGR. vs. 166958

Tests which did not succeed, but are not blocking:
 test-amd64-amd64-libvirt     15 migrate-support-check        fail   never pass
 test-arm64-arm64-xl-xsm      15 migrate-support-check        fail   never pass
 test-arm64-arm64-xl-xsm      16 saverestore-support-check    fail   never pass
 test-armhf-armhf-xl          15 migrate-support-check        fail   never pass
 test-armhf-armhf-xl          16 saverestore-support-check    fail   never pass

version targeted for testing:
 xen                  7b57956b20d90f47dafb7ba1eb52d23e42efd786
baseline version:
 xen                  e7f147bf4ac725492962a501da72f5ab6be682db

Last test of basis   166958  2021-11-30 12:00:32 Z    3 days
Failing since        166977  2021-12-01 17:08:21 Z    2 days   10 attempts
Testing same since   167092  2021-12-03 14:00:28 Z    0 days    1 attempts

------------------------------------------------------------
People who touched revisions under test:
  Andrew Cooper <[email protected]>
  Ayan Kumar Halder <[email protected]>
  Ayan Kumar Halder <[email protected]>
  Ian Jackson <[email protected]>
  Jan Beulich <[email protected]>
  Juergen Gross <[email protected]>
  Julien Grall <[email protected]>
  Luca Fancellu <[email protected]>
  Michal Orzel <[email protected]>
  Oleksandr Andrushchenko <[email protected]>
  Rahul Singh <[email protected]>
  Roger Pau Monne <[email protected]>
  Roger Pau MonnĂ© <[email protected]>
  Stewart Hildebrand <[email protected]>
  Tim Deegan <[email protected]>
  Vikram Garhwal <[email protected]>

jobs:
 build-arm64-xsm                                              pass    
 build-amd64                                                  pass    
 build-armhf                                                  pass    
 build-amd64-libvirt                                          pass    
 test-armhf-armhf-xl                                          pass    
 test-arm64-arm64-xl-xsm                                      fail    
 test-amd64-amd64-xl-qemuu-debianhvm-amd64                    fail    
 test-amd64-amd64-libvirt                                     fail    


------------------------------------------------------------
sg-report-flight on osstest.test-lab.xenproject.org
logs: /home/logs/logs
images: /home/logs/images

Logs, config files, etc. are available at
    http://logs.test-lab.xenproject.org/osstest/logs

Explanation of these reports, and of osstest in general, is at
    http://xenbits.xen.org/gitweb/?p=osstest.git;a=blob;f=README.email;hb=master
    http://xenbits.xen.org/gitweb/?p=osstest.git;a=blob;f=README;hb=master

Test harness code can be found at
    http://xenbits.xen.org/gitweb?p=osstest.git;a=summary


Not pushing.

(No revision log; it would be 552 lines long.)

Reply via email to