flight 166969 linux-linus real [real] http://logs.test-lab.xenproject.org/osstest/logs/166969/
Regressions :-( Tests which did not succeed and are blocking, including tests which could not be run: test-amd64-amd64-xl 14 guest-start fail REGR. vs. 166942 test-amd64-amd64-qemuu-nested-amd 13 nested-setup fail REGR. vs. 166942 test-amd64-coresched-amd64-xl 22 guest-start/debian.repeat fail REGR. vs. 166942 test-amd64-amd64-xl-pvhv2-amd 22 guest-start/debian.repeat fail REGR. vs. 166942 test-amd64-amd64-xl-qemut-stubdom-debianhvm-amd64-xsm 15 guest-saverestore fail REGR. vs. 166942 test-amd64-amd64-dom0pvh-xl-amd 22 guest-start/debian.repeat fail REGR. vs. 166942 test-amd64-amd64-dom0pvh-xl-intel 22 guest-start/debian.repeat fail REGR. vs. 166942 test-amd64-amd64-xl-multivcpu 22 guest-start/debian.repeat fail REGR. vs. 166942 test-amd64-amd64-xl-pvshim 22 guest-start/debian.repeat fail REGR. vs. 166942 test-amd64-amd64-xl-shadow 22 guest-start/debian.repeat fail REGR. vs. 166942 test-amd64-amd64-libvirt-xsm 20 guest-start/debian.repeat fail REGR. vs. 166942 test-amd64-amd64-xl-credit1 22 guest-start/debian.repeat fail REGR. vs. 166942 test-amd64-amd64-xl-credit2 22 guest-start/debian.repeat fail REGR. vs. 166942 test-amd64-amd64-libvirt 20 guest-start/debian.repeat fail REGR. vs. 166942 test-amd64-amd64-xl-pvhv2-intel 22 guest-start/debian.repeat fail REGR. vs. 166942 test-armhf-armhf-xl-multivcpu 14 guest-start fail REGR. vs. 166942 test-armhf-armhf-xl-arndale 18 guest-start/debian.repeat fail REGR. vs. 166942 test-amd64-amd64-libvirt-qemuu-debianhvm-amd64-xsm 18 guest-start/debianhvm.repeat fail REGR. vs. 166942 test-amd64-amd64-xl-qemut-debianhvm-i386-xsm 20 guest-start/debianhvm.repeat fail REGR. vs. 166942 test-amd64-amd64-xl-qemut-debianhvm-amd64 20 guest-start/debianhvm.repeat fail REGR. vs. 166942 test-armhf-armhf-xl-credit2 18 guest-start/debian.repeat fail REGR. vs. 166942 test-armhf-armhf-xl-credit1 18 guest-start/debian.repeat fail REGR. vs. 166942 test-armhf-armhf-xl 18 guest-start/debian.repeat fail REGR. vs. 166942 test-amd64-amd64-xl-qemuu-debianhvm-i386-xsm 20 guest-start/debianhvm.repeat fail REGR. vs. 166942 build-arm64-pvops 6 kernel-build fail REGR. vs. 166942 test-armhf-armhf-libvirt-qcow2 17 guest-start/debian.repeat fail REGR. vs. 166942 Regressions which are regarded as allowable (not blocking): test-amd64-amd64-xl-rtds 22 guest-start/debian.repeat fail REGR. vs. 166942 test-armhf-armhf-xl-rtds 18 guest-start/debian.repeat fail REGR. vs. 166942 Tests which did not succeed, but are not blocking: test-arm64-arm64-libvirt-xsm 1 build-check(1) blocked n/a test-arm64-arm64-libvirt-raw 1 build-check(1) blocked n/a test-arm64-arm64-examine 1 build-check(1) blocked n/a test-arm64-arm64-xl 1 build-check(1) blocked n/a test-arm64-arm64-xl-credit1 1 build-check(1) blocked n/a test-arm64-arm64-xl-credit2 1 build-check(1) blocked n/a test-arm64-arm64-xl-seattle 1 build-check(1) blocked n/a test-arm64-arm64-xl-thunderx 1 build-check(1) blocked n/a test-arm64-arm64-xl-vhd 1 build-check(1) blocked n/a test-arm64-arm64-xl-xsm 1 build-check(1) blocked n/a test-amd64-amd64-xl-qemut-win7-amd64 19 guest-stop fail like 166942 test-armhf-armhf-libvirt 16 saverestore-support-check fail like 166942 test-amd64-amd64-xl-qemuu-ws16-amd64 19 guest-stop fail like 166942 test-amd64-amd64-xl-qemut-ws16-amd64 19 guest-stop fail like 166942 test-amd64-amd64-xl-qemuu-win7-amd64 19 guest-stop fail like 166942 test-armhf-armhf-libvirt-raw 15 saverestore-support-check fail like 166942 test-armhf-armhf-libvirt-qcow2 15 saverestore-support-check fail like 166942 test-amd64-amd64-libvirt-xsm 15 migrate-support-check fail never pass test-amd64-amd64-libvirt 15 migrate-support-check fail never pass test-amd64-amd64-libvirt-qemuu-debianhvm-amd64-xsm 13 migrate-support-check fail never pass test-amd64-amd64-libvirt-qcow2 14 migrate-support-check fail never pass test-armhf-armhf-xl-arndale 15 migrate-support-check fail never pass test-armhf-armhf-xl-arndale 16 saverestore-support-check fail never pass test-amd64-amd64-libvirt-raw 14 migrate-support-check fail never pass test-armhf-armhf-xl-credit1 15 migrate-support-check fail never pass test-armhf-armhf-xl-credit1 16 saverestore-support-check fail never pass test-armhf-armhf-xl-credit2 15 migrate-support-check fail never pass test-armhf-armhf-xl-credit2 16 saverestore-support-check fail never pass test-armhf-armhf-libvirt 15 migrate-support-check fail never pass test-armhf-armhf-xl-rtds 15 migrate-support-check fail never pass test-armhf-armhf-xl-rtds 16 saverestore-support-check fail never pass test-armhf-armhf-xl-cubietruck 15 migrate-support-check fail never pass test-armhf-armhf-xl-cubietruck 16 saverestore-support-check fail never pass test-armhf-armhf-xl 15 migrate-support-check fail never pass test-armhf-armhf-xl 16 saverestore-support-check fail never pass test-armhf-armhf-xl-vhd 14 migrate-support-check fail never pass test-armhf-armhf-xl-vhd 15 saverestore-support-check fail never pass test-armhf-armhf-libvirt-raw 14 migrate-support-check fail never pass test-armhf-armhf-libvirt-qcow2 14 migrate-support-check fail never pass version targeted for testing: linux 58e1100fdc5990b0cc0d4beaf2562a92e621ac7d baseline version: linux c5c17547b778975b3d83a73c8d84e8fb5ecf3ba5 Last test of basis 166942 2021-11-27 18:11:40 Z 4 days Failing since 166963 2021-11-30 20:54:02 Z 0 days 2 attempts Testing same since 166969 2021-12-01 08:33:40 Z 0 days 1 attempts ------------------------------------------------------------ People who touched revisions under test: Alex Bee <[email protected]> Alex Williamson <[email protected]> Andreas Gruenbacher <[email protected]> Andy Shevchenko <[email protected]> Anup Patel <[email protected]> Bean Huo <[email protected]> Ben Gardon <[email protected]> Benjamin Coddington <[email protected]> Borislav Petkov <[email protected]> Catalin Marinas <[email protected]> Christoph Hellwig <[email protected]> Christophe JAILLET <[email protected]> Christophe Leroy <[email protected]> Dan Carpenter <[email protected]> Dan Johansen <[email protected]> Darrick J. Wong <[email protected]> David Howells <[email protected]> David Woodhouse <[email protected]> Douglas Gilbert <[email protected]> Fuad Tabba <[email protected]> Gao Xiang <[email protected]> George Kennedy <[email protected]> Giovanni Cabiddu <[email protected]> Guenter Roeck <[email protected]> Hou Wenlong <[email protected]> Huang Jianan <[email protected]> Huang Pei <[email protected]> Hyunchul Lee <[email protected]> Jason A. Donenfeld <[email protected]> Jason Wang <[email protected]> Jens Axboe <[email protected]> Joerg Roedel <[email protected]> Juergen Gross <[email protected]> Lai Jiangshan <[email protected]> Linus Torvalds <[email protected]> Longpeng <[email protected]> Lu Baolu <[email protected]> Maciej S. Szmigiero <[email protected]> Marc Zyngier <[email protected]> Marco Elver <[email protected]> Mark Rutland <[email protected]> Martin K. Petersen <[email protected]> Matthew Wilcox (Oracle) <[email protected]> Michael Ellerman <[email protected]> Michael S. Tsirkin <[email protected]> Mike Christie <[email protected]> Muchun Song <[email protected]> Namjae Jeon <[email protected]> NeilBrown <[email protected]> Nicholas Piggin <[email protected]> Olga Kornievskaia <[email protected]> Paolo Bonzini <[email protected]> Paul Cercueil <[email protected]> Pavel Begunkov <[email protected]> Peter Geis <[email protected]> Peter Zijlstra (Intel) <[email protected]> Qian Cai <[email protected]> Salvatore Bonaccorso <[email protected]> Sean Christopherson <[email protected]> Shin'ichiro Kawasaki <[email protected]> Sreekanth Reddy <[email protected]> Stefano Garzarella <[email protected]> Steve French <[email protected]> Steven Rostedt (VMware) <[email protected]> Thiago Rafael Becker <[email protected]> Thomas Bogendoerfer <[email protected]> Tiezhu Yang <[email protected]> Trond Myklebust <[email protected]> Vitaly Kuznetsov <[email protected]> Waiman Long <[email protected]> Wu Zongyong <[email protected]> Yang Xu <[email protected]> Ye Bin <[email protected]> Ye Guojin <[email protected]> jobs: build-amd64-xsm pass build-arm64-xsm pass build-i386-xsm pass build-amd64 pass build-arm64 pass build-armhf pass build-i386 pass build-amd64-libvirt pass build-arm64-libvirt pass build-armhf-libvirt pass build-i386-libvirt pass build-amd64-pvops pass build-arm64-pvops fail build-armhf-pvops pass build-i386-pvops pass test-amd64-amd64-xl fail test-amd64-coresched-amd64-xl fail test-arm64-arm64-xl blocked test-armhf-armhf-xl fail test-amd64-amd64-libvirt-qemuu-debianhvm-amd64-xsm fail test-amd64-amd64-xl-qemut-stubdom-debianhvm-amd64-xsm fail test-amd64-amd64-xl-qemut-debianhvm-i386-xsm fail test-amd64-amd64-xl-qemuu-debianhvm-i386-xsm fail test-amd64-amd64-libvirt-xsm fail test-arm64-arm64-libvirt-xsm blocked test-amd64-amd64-xl-xsm pass test-arm64-arm64-xl-xsm blocked test-amd64-amd64-qemuu-nested-amd fail test-amd64-amd64-xl-pvhv2-amd fail test-amd64-amd64-dom0pvh-xl-amd fail test-amd64-amd64-xl-qemut-debianhvm-amd64 fail test-amd64-amd64-xl-qemuu-debianhvm-amd64 pass test-amd64-amd64-freebsd11-amd64 pass test-amd64-amd64-freebsd12-amd64 pass test-amd64-amd64-xl-qemuu-ovmf-amd64 pass test-amd64-amd64-xl-qemut-win7-amd64 fail test-amd64-amd64-xl-qemuu-win7-amd64 fail test-amd64-amd64-xl-qemut-ws16-amd64 fail test-amd64-amd64-xl-qemuu-ws16-amd64 fail test-armhf-armhf-xl-arndale fail test-amd64-amd64-xl-credit1 fail test-arm64-arm64-xl-credit1 blocked test-armhf-armhf-xl-credit1 fail test-amd64-amd64-xl-credit2 fail test-arm64-arm64-xl-credit2 blocked test-armhf-armhf-xl-credit2 fail test-armhf-armhf-xl-cubietruck pass test-amd64-amd64-xl-qemuu-dmrestrict-amd64-dmrestrict pass test-amd64-amd64-examine pass test-arm64-arm64-examine blocked test-armhf-armhf-examine pass test-amd64-amd64-qemuu-nested-intel pass test-amd64-amd64-xl-pvhv2-intel fail test-amd64-amd64-dom0pvh-xl-intel fail test-amd64-amd64-libvirt fail test-armhf-armhf-libvirt pass test-amd64-amd64-xl-multivcpu fail test-armhf-armhf-xl-multivcpu fail test-amd64-amd64-pair pass test-amd64-amd64-libvirt-pair pass test-amd64-amd64-xl-pvshim fail test-amd64-amd64-pygrub pass test-amd64-amd64-libvirt-qcow2 pass test-armhf-armhf-libvirt-qcow2 fail test-amd64-amd64-libvirt-raw pass test-arm64-arm64-libvirt-raw blocked test-armhf-armhf-libvirt-raw pass test-amd64-amd64-xl-rtds fail test-armhf-armhf-xl-rtds fail test-arm64-arm64-xl-seattle blocked test-amd64-amd64-xl-qemuu-debianhvm-amd64-shadow pass test-amd64-amd64-xl-shadow fail test-arm64-arm64-xl-thunderx blocked test-amd64-amd64-xl-vhd pass test-arm64-arm64-xl-vhd blocked test-armhf-armhf-xl-vhd pass ------------------------------------------------------------ sg-report-flight on osstest.test-lab.xenproject.org logs: /home/logs/logs images: /home/logs/images Logs, config files, etc. are available at http://logs.test-lab.xenproject.org/osstest/logs Explanation of these reports, and of osstest in general, is at http://xenbits.xen.org/gitweb/?p=osstest.git;a=blob;f=README.email;hb=master http://xenbits.xen.org/gitweb/?p=osstest.git;a=blob;f=README;hb=master Test harness code can be found at http://xenbits.xen.org/gitweb?p=osstest.git;a=summary Not pushing. (No revision log; it would be 3187 lines long.)
