flight 166839 linux-5.4 real [real]
flight 166938 linux-5.4 real-retest [real]
http://logs.test-lab.xenproject.org/osstest/logs/166839/
http://logs.test-lab.xenproject.org/osstest/logs/166938/

Failures :-/ but no regressions.

Tests which are failing intermittently (not blocking):
 test-arm64-arm64-libvirt-raw 17 guest-start/debian.repeat fail pass in 
166938-retest

Tests which did not succeed, but are not blocking:
 test-amd64-amd64-xl-qemuu-win7-amd64 19 guest-stop            fail like 166259
 test-amd64-i386-xl-qemut-win7-amd64 19 guest-stop             fail like 166259
 test-amd64-amd64-xl-qemut-win7-amd64 19 guest-stop            fail like 166259
 test-armhf-armhf-libvirt     16 saverestore-support-check    fail  like 166259
 test-amd64-amd64-qemuu-nested-amd 20 debian-hvm-install/l1/l2 fail like 166259
 test-amd64-amd64-xl-qemuu-ws16-amd64 19 guest-stop            fail like 166259
 test-amd64-amd64-xl-qemut-ws16-amd64 19 guest-stop            fail like 166259
 test-amd64-i386-xl-qemuu-win7-amd64 19 guest-stop             fail like 166259
 test-armhf-armhf-libvirt-qcow2 15 saverestore-support-check   fail like 166259
 test-amd64-i386-xl-qemut-ws16-amd64 19 guest-stop             fail like 166259
 test-armhf-armhf-libvirt-raw 15 saverestore-support-check    fail  like 166259
 test-amd64-i386-xl-qemuu-ws16-amd64 19 guest-stop             fail like 166259
 test-amd64-i386-xl-pvshim    14 guest-start                  fail   never pass
 test-amd64-amd64-libvirt-xsm 15 migrate-support-check        fail   never pass
 test-arm64-arm64-xl          15 migrate-support-check        fail   never pass
 test-arm64-arm64-xl          16 saverestore-support-check    fail   never pass
 test-arm64-arm64-xl-seattle  15 migrate-support-check        fail   never pass
 test-amd64-i386-libvirt      15 migrate-support-check        fail   never pass
 test-arm64-arm64-xl-seattle  16 saverestore-support-check    fail   never pass
 test-amd64-amd64-libvirt     15 migrate-support-check        fail   never pass
 test-amd64-i386-libvirt-xsm  15 migrate-support-check        fail   never pass
 test-amd64-amd64-libvirt-vhd 14 migrate-support-check        fail   never pass
 test-amd64-amd64-libvirt-qemuu-debianhvm-amd64-xsm 13 migrate-support-check 
fail never pass
 test-amd64-i386-libvirt-qemuu-debianhvm-amd64-xsm 13 migrate-support-check 
fail never pass
 test-arm64-arm64-xl-xsm      15 migrate-support-check        fail   never pass
 test-arm64-arm64-xl-xsm      16 saverestore-support-check    fail   never pass
 test-armhf-armhf-xl-multivcpu 15 migrate-support-check        fail  never pass
 test-armhf-armhf-xl-multivcpu 16 saverestore-support-check    fail  never pass
 test-arm64-arm64-xl-credit1  15 migrate-support-check        fail   never pass
 test-arm64-arm64-xl-credit1  16 saverestore-support-check    fail   never pass
 test-arm64-arm64-xl-thunderx 15 migrate-support-check        fail   never pass
 test-arm64-arm64-xl-thunderx 16 saverestore-support-check    fail   never pass
 test-arm64-arm64-xl-credit2  15 migrate-support-check        fail   never pass
 test-arm64-arm64-xl-credit2  16 saverestore-support-check    fail   never pass
 test-arm64-arm64-libvirt-xsm 15 migrate-support-check        fail   never pass
 test-arm64-arm64-libvirt-xsm 16 saverestore-support-check    fail   never pass
 test-armhf-armhf-xl-arndale  15 migrate-support-check        fail   never pass
 test-armhf-armhf-xl-arndale  16 saverestore-support-check    fail   never pass
 test-armhf-armhf-xl-rtds     15 migrate-support-check        fail   never pass
 test-armhf-armhf-xl-rtds     16 saverestore-support-check    fail   never pass
 test-amd64-i386-libvirt-raw  14 migrate-support-check        fail   never pass
 test-arm64-arm64-libvirt-raw 14 migrate-support-check        fail   never pass
 test-arm64-arm64-libvirt-raw 15 saverestore-support-check    fail   never pass
 test-arm64-arm64-xl-vhd      14 migrate-support-check        fail   never pass
 test-arm64-arm64-xl-vhd      15 saverestore-support-check    fail   never pass
 test-armhf-armhf-xl-credit2  15 migrate-support-check        fail   never pass
 test-armhf-armhf-xl-credit2  16 saverestore-support-check    fail   never pass
 test-armhf-armhf-xl-credit1  15 migrate-support-check        fail   never pass
 test-armhf-armhf-xl-credit1  16 saverestore-support-check    fail   never pass
 test-armhf-armhf-xl-cubietruck 15 migrate-support-check        fail never pass
 test-armhf-armhf-xl-cubietruck 16 saverestore-support-check    fail never pass
 test-armhf-armhf-xl          15 migrate-support-check        fail   never pass
 test-armhf-armhf-xl          16 saverestore-support-check    fail   never pass
 test-armhf-armhf-libvirt     15 migrate-support-check        fail   never pass
 test-armhf-armhf-xl-vhd      14 migrate-support-check        fail   never pass
 test-armhf-armhf-xl-vhd      15 saverestore-support-check    fail   never pass
 test-armhf-armhf-libvirt-qcow2 14 migrate-support-check        fail never pass
 test-armhf-armhf-libvirt-raw 14 migrate-support-check        fail   never pass

version targeted for testing:
 linux                9334f48f567334f54101223012ec9d3b4628bed8
baseline version:
 linux                5c088fba39aff97ae9175948356ef3292369671c

Last test of basis   166259  2021-11-21 13:13:36 Z    5 days
Testing same since   166839  2021-11-26 10:11:13 Z    0 days    1 attempts

------------------------------------------------------------
People who touched revisions under test:
  Abel Vesa <[email protected]>
  Alan Stern <[email protected]>
  Aleksandr Loktionov <[email protected]>
  Alex Deucher <[email protected]>
  Alexander Antonov <[email protected]>
  Alexander Mikhalitsyn <[email protected]>
  Amit Kumar Mahapatra <[email protected]>
  Anatolij Gustschin <[email protected]>
  Andrew Morton <[email protected]>
  AngeloGioacchino Del Regno <[email protected]>
  Arnaldo Carvalho de Melo <[email protected]>
  Artur Rojek <[email protected]>
  Baoquan He <[email protected]>
  Bart Van Assche <[email protected]>
  Bjorn Andersson <[email protected]>
  Brian Cain <[email protected]>
  Catalin Marinas <[email protected]>
  Chengfeng Ye <[email protected]>
  Chris Murphy <[email protected]>
  Christophe JAILLET <[email protected]>
  Colin Ian King <[email protected]>
  Colin Ian King <[email protected]>
  Cong Wang <[email protected]>
  Daniel Vetter <[email protected]>
  Dave Switzer <[email protected]>
  David S. Miller <[email protected]>
  David Sterba <[email protected]>
  Dmitry Baryshkov <[email protected]>
  Eryk Rybak <[email protected]>
  Florian Fainelli <[email protected]>
  Gao Xiang <[email protected]>
  Greg Kroah-Hartman <[email protected]>
  Greg Thelen <[email protected]>
  Grzegorz Szczurek <[email protected]>
  Guanghui Feng <[email protected]>
  Guenter Roeck <[email protected]>
  Guo Zhi <[email protected]>
  Hans de Goede <[email protected]>
  Hans Verkuil <[email protected]>
  Heiko Carstens <[email protected]>
  Helge Deller <[email protected]>
  hongao <[email protected]>
  Hulk Robot <[email protected]>
  Ian Rogers <[email protected]>
  Imre Deak <[email protected]>
  Jacob Keller <[email protected]>
  Jaegeuk Kim <[email protected]>
  Jakub Kicinski <[email protected]>
  James Clark <[email protected]>
  James Smart <[email protected]>
  Jan Kara <[email protected]>
  Jani Nikula <[email protected]>
  Jason Gunthorpe <[email protected]>
  Jedrzej Jagielski <[email protected]>
  Jeremy Cline <[email protected]>
  Joel Stanley <[email protected]>
  Johan Hovold <[email protected]>
  Johannes Berg <[email protected]>
  John Crispin <[email protected]>
  John Paul Adrian Glaubitz <[email protected]>
  Jon Hunter <[email protected]>
  Jonathan Cameron <[email protected]>
  Jonathan Davies <[email protected]>
  Justin Tee <[email protected]>
  Karol Herbst <[email protected]>
  Konrad Jankowski <[email protected]>
  Leon Romanovsky <[email protected]>
  Li Yang <[email protected]>
  Lin Ma <[email protected]>
  Linus Torvalds <[email protected]>
  Linux Kernel Functional Testing <[email protected]>
  Lorenzo Bianconi <[email protected]>
  Lu Wei <[email protected]>
  Luis Chamberlain <[email protected]>
  Maciej Fijalkowski <[email protected]>
  Manfred Spraul <[email protected]>
  Mark Brown <[email protected]>
  Martin K. Petersen <[email protected]>
  Masami Hiramatsu <[email protected]>
  Mateusz Palczewski <[email protected]>
  Matthew Hagan <[email protected]>
  Michael Ellerman <[email protected]>
  Michael Walle <[email protected]>
  Michal Maloszewski <[email protected]>
  Michal Simek <[email protected]>
  Mike Christie <[email protected]>
  Mitch Williams <[email protected]>
  Nadav Amit <[email protected]>
  Nathan Chancellor <[email protected]>
  Nguyen Dinh Phi <[email protected]>
  Nicholas Nunley <[email protected]>
  Nick Desaulniers <[email protected]>
  Nicolas Dichtel <[email protected]>
  Nikolay Borisov <[email protected]>
  Paul Cercueil <[email protected]>
  Pavel Skripkin <[email protected]>
  Peter Zijlstra (Intel) <[email protected]>
  Pierre-Louis Bossart <[email protected]>
  Piotr Marczak <[email protected]>
  Przemyslaw Patynowski <[email protected]>
  Randy Dunlap <[email protected]>
  Rich Felker <[email protected]>
  Rodrigo Vivi <[email protected]>
  Roger Quadros <[email protected]>
  Russell King (Oracle) <[email protected]>
  Rustam Kovhaev <[email protected]>
  Sasha Levin <[email protected]>
  Sean Christopherson <[email protected]>
  Selvin Xavier <[email protected]>
  Shawn Guo <[email protected]>
  Simon Wunderlich <[email protected]>
  Sohaib Mohamed <[email protected]>
  Stefan Riedmueller <[email protected]>
  Stephen Boyd <[email protected]>
  Steven Rostedt (VMware) <[email protected]>
  Sudip Mukherjee <[email protected]>
  Surabhi Boob <[email protected]>
  Sven Eckelmann <[email protected]>
  Sven Peter <[email protected]>
  Sven Schnelle <[email protected]>
  Sylwester Dziedziuch <[email protected]>
  Takashi Iwai <[email protected]>
  Teng Qi <[email protected]>
  Thomas Bogendoerfer <[email protected]>
  Tom Zanussi <[email protected]>
  Tony Brelinski <[email protected]>
  Tony Lindgren <[email protected]>
  Tony Nguyen <[email protected]>
  Uwe Kleine-König <[email protected]>
  Vincent Donnefort <[email protected]>
  Vlastimil Babka <[email protected]>
  Wei Liu <[email protected]>
  Wei Xu <[email protected]>
  Will Deacon <[email protected]>
  Xin Long <[email protected]>
  Yang Yingliang <[email protected]>
  Zhenyu Ye <[email protected]>

jobs:
 build-amd64-xsm                                              pass    
 build-arm64-xsm                                              pass    
 build-i386-xsm                                               pass    
 build-amd64                                                  pass    
 build-arm64                                                  pass    
 build-armhf                                                  pass    
 build-i386                                                   pass    
 build-amd64-libvirt                                          pass    
 build-arm64-libvirt                                          pass    
 build-armhf-libvirt                                          pass    
 build-i386-libvirt                                           pass    
 build-amd64-pvops                                            pass    
 build-arm64-pvops                                            pass    
 build-armhf-pvops                                            pass    
 build-i386-pvops                                             pass    
 test-amd64-amd64-xl                                          pass    
 test-amd64-coresched-amd64-xl                                pass    
 test-arm64-arm64-xl                                          pass    
 test-armhf-armhf-xl                                          pass    
 test-amd64-i386-xl                                           pass    
 test-amd64-coresched-i386-xl                                 pass    
 test-amd64-amd64-libvirt-qemuu-debianhvm-amd64-xsm           pass    
 test-amd64-i386-libvirt-qemuu-debianhvm-amd64-xsm            pass    
 test-amd64-amd64-xl-qemut-stubdom-debianhvm-amd64-xsm        pass    
 test-amd64-i386-xl-qemut-stubdom-debianhvm-amd64-xsm         pass    
 test-amd64-amd64-xl-qemut-debianhvm-i386-xsm                 pass    
 test-amd64-i386-xl-qemut-debianhvm-i386-xsm                  pass    
 test-amd64-amd64-xl-qemuu-debianhvm-i386-xsm                 pass    
 test-amd64-i386-xl-qemuu-debianhvm-i386-xsm                  pass    
 test-amd64-amd64-libvirt-xsm                                 pass    
 test-arm64-arm64-libvirt-xsm                                 pass    
 test-amd64-i386-libvirt-xsm                                  pass    
 test-amd64-amd64-xl-xsm                                      pass    
 test-arm64-arm64-xl-xsm                                      pass    
 test-amd64-i386-xl-xsm                                       pass    
 test-amd64-amd64-qemuu-nested-amd                            fail    
 test-amd64-amd64-xl-pvhv2-amd                                pass    
 test-amd64-i386-qemut-rhel6hvm-amd                           pass    
 test-amd64-i386-qemuu-rhel6hvm-amd                           pass    
 test-amd64-amd64-dom0pvh-xl-amd                              pass    
 test-amd64-amd64-xl-qemut-debianhvm-amd64                    pass    
 test-amd64-i386-xl-qemut-debianhvm-amd64                     pass    
 test-amd64-amd64-xl-qemuu-debianhvm-amd64                    pass    
 test-amd64-i386-xl-qemuu-debianhvm-amd64                     pass    
 test-amd64-i386-freebsd10-amd64                              pass    
 test-amd64-amd64-qemuu-freebsd11-amd64                       pass    
 test-amd64-amd64-qemuu-freebsd12-amd64                       pass    
 test-amd64-amd64-xl-qemuu-ovmf-amd64                         pass    
 test-amd64-i386-xl-qemuu-ovmf-amd64                          pass    
 test-amd64-amd64-xl-qemut-win7-amd64                         fail    
 test-amd64-i386-xl-qemut-win7-amd64                          fail    
 test-amd64-amd64-xl-qemuu-win7-amd64                         fail    
 test-amd64-i386-xl-qemuu-win7-amd64                          fail    
 test-amd64-amd64-xl-qemut-ws16-amd64                         fail    
 test-amd64-i386-xl-qemut-ws16-amd64                          fail    
 test-amd64-amd64-xl-qemuu-ws16-amd64                         fail    
 test-amd64-i386-xl-qemuu-ws16-amd64                          fail    
 test-armhf-armhf-xl-arndale                                  pass    
 test-amd64-amd64-xl-credit1                                  pass    
 test-arm64-arm64-xl-credit1                                  pass    
 test-armhf-armhf-xl-credit1                                  pass    
 test-amd64-amd64-xl-credit2                                  pass    
 test-arm64-arm64-xl-credit2                                  pass    
 test-armhf-armhf-xl-credit2                                  pass    
 test-armhf-armhf-xl-cubietruck                               pass    
 test-amd64-amd64-xl-qemuu-dmrestrict-amd64-dmrestrict        pass    
 test-amd64-i386-xl-qemuu-dmrestrict-amd64-dmrestrict         pass    
 test-amd64-amd64-examine                                     pass    
 test-arm64-arm64-examine                                     pass    
 test-armhf-armhf-examine                                     pass    
 test-amd64-i386-examine                                      pass    
 test-amd64-i386-freebsd10-i386                               pass    
 test-amd64-amd64-qemuu-nested-intel                          pass    
 test-amd64-amd64-xl-pvhv2-intel                              pass    
 test-amd64-i386-qemut-rhel6hvm-intel                         pass    
 test-amd64-i386-qemuu-rhel6hvm-intel                         pass    
 test-amd64-amd64-dom0pvh-xl-intel                            pass    
 test-amd64-amd64-libvirt                                     pass    
 test-armhf-armhf-libvirt                                     pass    
 test-amd64-i386-libvirt                                      pass    
 test-amd64-amd64-xl-multivcpu                                pass    
 test-armhf-armhf-xl-multivcpu                                pass    
 test-amd64-amd64-pair                                        pass    
 test-amd64-i386-pair                                         pass    
 test-amd64-amd64-libvirt-pair                                pass    
 test-amd64-i386-libvirt-pair                                 pass    
 test-amd64-amd64-xl-pvshim                                   pass    
 test-amd64-i386-xl-pvshim                                    fail    
 test-amd64-amd64-pygrub                                      pass    
 test-armhf-armhf-libvirt-qcow2                               pass    
 test-amd64-amd64-xl-qcow2                                    pass    
 test-arm64-arm64-libvirt-raw                                 fail    
 test-armhf-armhf-libvirt-raw                                 pass    
 test-amd64-i386-libvirt-raw                                  pass    
 test-amd64-amd64-xl-rtds                                     pass    
 test-armhf-armhf-xl-rtds                                     pass    
 test-arm64-arm64-xl-seattle                                  pass    
 test-amd64-amd64-xl-qemuu-debianhvm-amd64-shadow             pass    
 test-amd64-i386-xl-qemuu-debianhvm-amd64-shadow              pass    
 test-amd64-amd64-xl-shadow                                   pass    
 test-amd64-i386-xl-shadow                                    pass    
 test-arm64-arm64-xl-thunderx                                 pass    
 test-amd64-amd64-libvirt-vhd                                 pass    
 test-arm64-arm64-xl-vhd                                      pass    
 test-armhf-armhf-xl-vhd                                      pass    
 test-amd64-i386-xl-vhd                                       pass    


------------------------------------------------------------
sg-report-flight on osstest.test-lab.xenproject.org
logs: /home/logs/logs
images: /home/logs/images

Logs, config files, etc. are available at
    http://logs.test-lab.xenproject.org/osstest/logs

Explanation of these reports, and of osstest in general, is at
    http://xenbits.xen.org/gitweb/?p=osstest.git;a=blob;f=README.email;hb=master
    http://xenbits.xen.org/gitweb/?p=osstest.git;a=blob;f=README;hb=master

Test harness code can be found at
    http://xenbits.xen.org/gitweb?p=osstest.git;a=summary


Pushing revision :

hint: The 'hooks/update' hook was ignored because it's not set as executable.
hint: You can disable this warning with `git config advice.ignoredHook false`.
hint: The 'hooks/post-receive' hook was ignored because it's not set as 
executable.
hint: You can disable this warning with `git config advice.ignoredHook false`.
hint: The 'hooks/post-update' hook was ignored because it's not set as 
executable.
hint: You can disable this warning with `git config advice.ignoredHook false`.
To xenbits.xen.org:/home/xen/git/linux-pvops.git
   5c088fba39af..9334f48f5673  9334f48f567334f54101223012ec9d3b4628bed8 -> 
tested/linux-5.4

Reply via email to