flight 165893 linux-5.4 real [real]
flight 165918 linux-5.4 real-retest [real]
http://logs.test-lab.xenproject.org/osstest/logs/165893/
http://logs.test-lab.xenproject.org/osstest/logs/165918/

Failures :-/ but no regressions.

Tests which are failing intermittently (not blocking):
 test-armhf-armhf-libvirt-raw 12 debian-di-install   fail pass in 165918-retest

Tests which did not succeed, but are not blocking:
 test-armhf-armhf-libvirt-raw 15 saverestore-support-check fail in 165918 like 
165696
 test-armhf-armhf-libvirt-raw 14 migrate-support-check fail in 165918 never pass
 test-amd64-amd64-xl-qemuu-win7-amd64 19 guest-stop            fail like 165696
 test-amd64-i386-xl-qemut-win7-amd64 19 guest-stop             fail like 165696
 test-amd64-amd64-xl-qemut-win7-amd64 19 guest-stop            fail like 165696
 test-armhf-armhf-libvirt     16 saverestore-support-check    fail  like 165696
 test-amd64-amd64-xl-qemuu-ws16-amd64 19 guest-stop            fail like 165696
 test-amd64-amd64-qemuu-nested-amd 20 debian-hvm-install/l1/l2 fail like 165696
 test-amd64-amd64-xl-qemut-ws16-amd64 19 guest-stop            fail like 165696
 test-amd64-i386-xl-qemuu-win7-amd64 19 guest-stop             fail like 165696
 test-amd64-i386-xl-qemut-ws16-amd64 19 guest-stop             fail like 165696
 test-armhf-armhf-libvirt-qcow2 15 saverestore-support-check   fail like 165696
 test-amd64-i386-xl-qemuu-ws16-amd64 19 guest-stop             fail like 165696
 test-amd64-amd64-libvirt-xsm 15 migrate-support-check        fail   never pass
 test-amd64-amd64-libvirt     15 migrate-support-check        fail   never pass
 test-amd64-i386-xl-pvshim    14 guest-start                  fail   never pass
 test-arm64-arm64-xl          15 migrate-support-check        fail   never pass
 test-arm64-arm64-xl          16 saverestore-support-check    fail   never pass
 test-arm64-arm64-xl-seattle  15 migrate-support-check        fail   never pass
 test-arm64-arm64-xl-seattle  16 saverestore-support-check    fail   never pass
 test-amd64-i386-libvirt-xsm  15 migrate-support-check        fail   never pass
 test-amd64-i386-libvirt      15 migrate-support-check        fail   never pass
 test-amd64-i386-libvirt-qemuu-debianhvm-amd64-xsm 13 migrate-support-check 
fail never pass
 test-armhf-armhf-xl-multivcpu 15 migrate-support-check        fail  never pass
 test-armhf-armhf-xl-multivcpu 16 saverestore-support-check    fail  never pass
 test-arm64-arm64-xl-xsm      15 migrate-support-check        fail   never pass
 test-arm64-arm64-xl-xsm      16 saverestore-support-check    fail   never pass
 test-arm64-arm64-xl-credit1  15 migrate-support-check        fail   never pass
 test-arm64-arm64-xl-credit1  16 saverestore-support-check    fail   never pass
 test-arm64-arm64-xl-credit2  15 migrate-support-check        fail   never pass
 test-arm64-arm64-xl-credit2  16 saverestore-support-check    fail   never pass
 test-arm64-arm64-libvirt-xsm 15 migrate-support-check        fail   never pass
 test-arm64-arm64-libvirt-xsm 16 saverestore-support-check    fail   never pass
 test-arm64-arm64-xl-thunderx 15 migrate-support-check        fail   never pass
 test-arm64-arm64-xl-thunderx 16 saverestore-support-check    fail   never pass
 test-amd64-i386-libvirt-raw  14 migrate-support-check        fail   never pass
 test-amd64-amd64-libvirt-qemuu-debianhvm-amd64-xsm 13 migrate-support-check 
fail never pass
 test-armhf-armhf-xl-arndale  15 migrate-support-check        fail   never pass
 test-armhf-armhf-xl-arndale  16 saverestore-support-check    fail   never pass
 test-amd64-amd64-libvirt-vhd 14 migrate-support-check        fail   never pass
 test-arm64-arm64-libvirt-raw 14 migrate-support-check        fail   never pass
 test-arm64-arm64-libvirt-raw 15 saverestore-support-check    fail   never pass
 test-arm64-arm64-xl-vhd      14 migrate-support-check        fail   never pass
 test-arm64-arm64-xl-vhd      15 saverestore-support-check    fail   never pass
 test-armhf-armhf-xl-rtds     15 migrate-support-check        fail   never pass
 test-armhf-armhf-xl-rtds     16 saverestore-support-check    fail   never pass
 test-armhf-armhf-xl-credit1  15 migrate-support-check        fail   never pass
 test-armhf-armhf-xl-credit1  16 saverestore-support-check    fail   never pass
 test-armhf-armhf-xl-credit2  15 migrate-support-check        fail   never pass
 test-armhf-armhf-xl-credit2  16 saverestore-support-check    fail   never pass
 test-armhf-armhf-xl-cubietruck 15 migrate-support-check        fail never pass
 test-armhf-armhf-xl-cubietruck 16 saverestore-support-check    fail never pass
 test-armhf-armhf-libvirt     15 migrate-support-check        fail   never pass
 test-armhf-armhf-libvirt-qcow2 14 migrate-support-check        fail never pass
 test-armhf-armhf-xl-vhd      14 migrate-support-check        fail   never pass
 test-armhf-armhf-xl-vhd      15 saverestore-support-check    fail   never pass
 test-armhf-armhf-xl          15 migrate-support-check        fail   never pass
 test-armhf-armhf-xl          16 saverestore-support-check    fail   never pass

version targeted for testing:
 linux                89b6869b942b8730467f2a0760ea466044aa52d2
baseline version:
 linux                4f508aa9dd3bde7a1c5e4e6de72abb8a03fd504a

Last test of basis   165696  2021-10-21 00:12:55 Z    7 days
Testing same since   165893  2021-10-27 08:12:24 Z    0 days    1 attempts

------------------------------------------------------------
People who touched revisions under test:
  Aleksander Jan Bajkowski <[email protected]>
  Andrew Morton <[email protected]>
  Antoine Tenart <[email protected]>
  Arnd Bergmann <[email protected]>
  Ayumi Nakamichi <[email protected]>
  Benjamin Coddington <[email protected]>
  Biju Das <[email protected]>
  Brendan Grieve <[email protected]>
  Brendan Higgins <[email protected]>
  Charles Keepax <[email protected]>
  Christian Brauner <[email protected]>
  Christoph Hellwig <[email protected]>
  Christopher M. Riedl <[email protected]>
  Chuck Lever <[email protected]>
  David S. Miller <[email protected]>
  David Sterba <[email protected]>
  Dexuan Cui <[email protected]>
  Dinh Nguyen <[email protected]>
  Dmitry Torokhov <[email protected]>
  Eugen Hristev <[email protected]>
  Fabien Dessenne <[email protected]>
  Filipe Manana <[email protected]>
  Florian Fainelli <[email protected]>
  Florian Westphal <[email protected]>
  Gang He <[email protected]>
  Gaosheng Cui <[email protected]>
  Gerald Schaefer <[email protected]>
  Greg Kroah-Hartman <[email protected]>
  Guangbin Huang <[email protected]>
  Guenter Roeck <[email protected]>
  Hans de Goede <[email protected]>
  Hauke Mehrtens <[email protected]>
  Helge Deller <[email protected]>
  Herve Codina <[email protected]>
  Ido Schimmel <[email protected]>
  Ilya Dryomov <[email protected]>
  Jakub Kicinski <[email protected]>
  Jan Kara <[email protected]>
  Jeff Layton <[email protected]>
  Jens Wiklander <[email protected]>
  Joseph Qi <[email protected]>
  Julian Anastasov <[email protected]>
  Kai Vehmanen <[email protected]>
  Kees Cook <[email protected]>
  Krzysztof Kozlowski <[email protected]>
  Kurt Kanzenbach <[email protected]>
  Lin Ma <[email protected]>
  Linus Torvalds <[email protected]>
  Linus Walleij <[email protected]>
  Linux Kernel Functional Testing <[email protected]>
  Lukas Bulwahn <[email protected]>
  Marc Kleine-Budde <[email protected]>
  Mark Brown <[email protected]>
  Martin K. Petersen <[email protected]>
  Matthew Wilcox (Oracle) <[email protected]>
  Max Filippov <[email protected]>
  Miaohe Lin <[email protected]>
  Michael Ellerman <[email protected]>
  Nathan Chancellor <[email protected]>
  Nick Desaulniers <[email protected]>
  Nicolas Ferre <[email protected]>
  Oleksij Rempel <[email protected]>
  Pablo Neira Ayuso <[email protected]>
  Paul Moore <[email protected]>
  Peng Li <[email protected]>
  Prashant Malani <[email protected]>
  Randy Dunlap <[email protected]>
  Russell King (Oracle) <[email protected]>
  Russell King <[email protected]>
  Sasha Levin <[email protected]>
  Shengjiu Wang <[email protected]>
  Shuah Khan <[email protected]>
  Stephane Grosjean <[email protected]>
  Steven Clarkson <[email protected]>
  Steven Rostedt (VMware) <[email protected]>
  Sudip Mukherjee <[email protected]>
  Sumit Garg <[email protected]>
  Takashi Iwai <[email protected]>
  Uwe Kleine-König <[email protected]>
  Valentin Vidic <[email protected]>
  Vegard Nossum <[email protected]>
  Vegard Nossum <[email protected]>
  Vladimir Oltean <[email protected]>
  Xiaolong Huang <[email protected]>
  Yanfei Xu <[email protected]>
  Yoshihiro Shimoda <[email protected]>
  Zhang Changzhong <[email protected]>
  Zheyu Ma <[email protected]>
  Ziyang Xuan <[email protected]>

jobs:
 build-amd64-xsm                                              pass    
 build-arm64-xsm                                              pass    
 build-i386-xsm                                               pass    
 build-amd64                                                  pass    
 build-arm64                                                  pass    
 build-armhf                                                  pass    
 build-i386                                                   pass    
 build-amd64-libvirt                                          pass    
 build-arm64-libvirt                                          pass    
 build-armhf-libvirt                                          pass    
 build-i386-libvirt                                           pass    
 build-amd64-pvops                                            pass    
 build-arm64-pvops                                            pass    
 build-armhf-pvops                                            pass    
 build-i386-pvops                                             pass    
 test-amd64-amd64-xl                                          pass    
 test-amd64-coresched-amd64-xl                                pass    
 test-arm64-arm64-xl                                          pass    
 test-armhf-armhf-xl                                          pass    
 test-amd64-i386-xl                                           pass    
 test-amd64-coresched-i386-xl                                 pass    
 test-amd64-amd64-libvirt-qemuu-debianhvm-amd64-xsm           pass    
 test-amd64-i386-libvirt-qemuu-debianhvm-amd64-xsm            pass    
 test-amd64-amd64-xl-qemut-stubdom-debianhvm-amd64-xsm        pass    
 test-amd64-i386-xl-qemut-stubdom-debianhvm-amd64-xsm         pass    
 test-amd64-amd64-xl-qemut-debianhvm-i386-xsm                 pass    
 test-amd64-i386-xl-qemut-debianhvm-i386-xsm                  pass    
 test-amd64-amd64-xl-qemuu-debianhvm-i386-xsm                 pass    
 test-amd64-i386-xl-qemuu-debianhvm-i386-xsm                  pass    
 test-amd64-amd64-libvirt-xsm                                 pass    
 test-arm64-arm64-libvirt-xsm                                 pass    
 test-amd64-i386-libvirt-xsm                                  pass    
 test-amd64-amd64-xl-xsm                                      pass    
 test-arm64-arm64-xl-xsm                                      pass    
 test-amd64-i386-xl-xsm                                       pass    
 test-amd64-amd64-qemuu-nested-amd                            fail    
 test-amd64-amd64-xl-pvhv2-amd                                pass    
 test-amd64-i386-qemut-rhel6hvm-amd                           pass    
 test-amd64-i386-qemuu-rhel6hvm-amd                           pass    
 test-amd64-amd64-dom0pvh-xl-amd                              pass    
 test-amd64-amd64-xl-qemut-debianhvm-amd64                    pass    
 test-amd64-i386-xl-qemut-debianhvm-amd64                     pass    
 test-amd64-amd64-xl-qemuu-debianhvm-amd64                    pass    
 test-amd64-i386-xl-qemuu-debianhvm-amd64                     pass    
 test-amd64-i386-freebsd10-amd64                              pass    
 test-amd64-amd64-qemuu-freebsd11-amd64                       pass    
 test-amd64-amd64-qemuu-freebsd12-amd64                       pass    
 test-amd64-amd64-xl-qemuu-ovmf-amd64                         pass    
 test-amd64-i386-xl-qemuu-ovmf-amd64                          pass    
 test-amd64-amd64-xl-qemut-win7-amd64                         fail    
 test-amd64-i386-xl-qemut-win7-amd64                          fail    
 test-amd64-amd64-xl-qemuu-win7-amd64                         fail    
 test-amd64-i386-xl-qemuu-win7-amd64                          fail    
 test-amd64-amd64-xl-qemut-ws16-amd64                         fail    
 test-amd64-i386-xl-qemut-ws16-amd64                          fail    
 test-amd64-amd64-xl-qemuu-ws16-amd64                         fail    
 test-amd64-i386-xl-qemuu-ws16-amd64                          fail    
 test-armhf-armhf-xl-arndale                                  pass    
 test-amd64-amd64-xl-credit1                                  pass    
 test-arm64-arm64-xl-credit1                                  pass    
 test-armhf-armhf-xl-credit1                                  pass    
 test-amd64-amd64-xl-credit2                                  pass    
 test-arm64-arm64-xl-credit2                                  pass    
 test-armhf-armhf-xl-credit2                                  pass    
 test-armhf-armhf-xl-cubietruck                               pass    
 test-amd64-amd64-xl-qemuu-dmrestrict-amd64-dmrestrict        pass    
 test-amd64-i386-xl-qemuu-dmrestrict-amd64-dmrestrict         pass    
 test-amd64-amd64-examine                                     pass    
 test-arm64-arm64-examine                                     pass    
 test-armhf-armhf-examine                                     pass    
 test-amd64-i386-examine                                      pass    
 test-amd64-i386-freebsd10-i386                               pass    
 test-amd64-amd64-qemuu-nested-intel                          pass    
 test-amd64-amd64-xl-pvhv2-intel                              pass    
 test-amd64-i386-qemut-rhel6hvm-intel                         pass    
 test-amd64-i386-qemuu-rhel6hvm-intel                         pass    
 test-amd64-amd64-dom0pvh-xl-intel                            pass    
 test-amd64-amd64-libvirt                                     pass    
 test-armhf-armhf-libvirt                                     pass    
 test-amd64-i386-libvirt                                      pass    
 test-amd64-amd64-xl-multivcpu                                pass    
 test-armhf-armhf-xl-multivcpu                                pass    
 test-amd64-amd64-pair                                        pass    
 test-amd64-i386-pair                                         pass    
 test-amd64-amd64-libvirt-pair                                pass    
 test-amd64-i386-libvirt-pair                                 pass    
 test-amd64-amd64-xl-pvshim                                   pass    
 test-amd64-i386-xl-pvshim                                    fail    
 test-amd64-amd64-pygrub                                      pass    
 test-armhf-armhf-libvirt-qcow2                               pass    
 test-amd64-amd64-xl-qcow2                                    pass    
 test-arm64-arm64-libvirt-raw                                 pass    
 test-armhf-armhf-libvirt-raw                                 fail    
 test-amd64-i386-libvirt-raw                                  pass    
 test-amd64-amd64-xl-rtds                                     pass    
 test-armhf-armhf-xl-rtds                                     pass    
 test-arm64-arm64-xl-seattle                                  pass    
 test-amd64-amd64-xl-qemuu-debianhvm-amd64-shadow             pass    
 test-amd64-i386-xl-qemuu-debianhvm-amd64-shadow              pass    
 test-amd64-amd64-xl-shadow                                   pass    
 test-amd64-i386-xl-shadow                                    pass    
 test-arm64-arm64-xl-thunderx                                 pass    
 test-amd64-amd64-libvirt-vhd                                 pass    
 test-arm64-arm64-xl-vhd                                      pass    
 test-armhf-armhf-xl-vhd                                      pass    
 test-amd64-i386-xl-vhd                                       pass    


------------------------------------------------------------
sg-report-flight on osstest.test-lab.xenproject.org
logs: /home/logs/logs
images: /home/logs/images

Logs, config files, etc. are available at
    http://logs.test-lab.xenproject.org/osstest/logs

Explanation of these reports, and of osstest in general, is at
    http://xenbits.xen.org/gitweb/?p=osstest.git;a=blob;f=README.email;hb=master
    http://xenbits.xen.org/gitweb/?p=osstest.git;a=blob;f=README;hb=master

Test harness code can be found at
    http://xenbits.xen.org/gitweb?p=osstest.git;a=summary


Pushing revision :

hint: The 'hooks/update' hook was ignored because it's not set as executable.
hint: You can disable this warning with `git config advice.ignoredHook false`.
hint: The 'hooks/post-receive' hook was ignored because it's not set as 
executable.
hint: You can disable this warning with `git config advice.ignoredHook false`.
hint: The 'hooks/post-update' hook was ignored because it's not set as 
executable.
hint: You can disable this warning with `git config advice.ignoredHook false`.
To xenbits.xen.org:/home/xen/git/linux-pvops.git
   4f508aa9dd3b..89b6869b942b  89b6869b942b8730467f2a0760ea466044aa52d2 -> 
tested/linux-5.4

Reply via email to