flight 165855 qemu-mainline real [real] http://logs.test-lab.xenproject.org/osstest/logs/165855/
Regressions :-( Tests which did not succeed and are blocking, including tests which could not be run: build-i386 6 xen-build fail REGR. vs. 165682 build-i386-xsm 6 xen-build fail REGR. vs. 165682 build-armhf 6 xen-build fail REGR. vs. 165682 Tests which did not succeed, but are not blocking: test-armhf-armhf-libvirt 1 build-check(1) blocked n/a test-armhf-armhf-libvirt-qcow2 1 build-check(1) blocked n/a test-armhf-armhf-libvirt-raw 1 build-check(1) blocked n/a test-armhf-armhf-xl 1 build-check(1) blocked n/a test-armhf-armhf-xl-credit2 1 build-check(1) blocked n/a test-armhf-armhf-xl-cubietruck 1 build-check(1) blocked n/a test-armhf-armhf-xl-multivcpu 1 build-check(1) blocked n/a test-armhf-armhf-xl-rtds 1 build-check(1) blocked n/a test-armhf-armhf-xl-vhd 1 build-check(1) blocked n/a test-amd64-i386-qemuu-rhel6hvm-amd 1 build-check(1) blocked n/a test-amd64-i386-pair 1 build-check(1) blocked n/a test-amd64-i386-libvirt-xsm 1 build-check(1) blocked n/a test-amd64-i386-libvirt-raw 1 build-check(1) blocked n/a test-amd64-i386-libvirt-qemuu-debianhvm-amd64-xsm 1 build-check(1) blocked n/a test-amd64-i386-libvirt-pair 1 build-check(1) blocked n/a test-amd64-i386-libvirt 1 build-check(1) blocked n/a test-amd64-i386-freebsd10-i386 1 build-check(1) blocked n/a test-amd64-i386-freebsd10-amd64 1 build-check(1) blocked n/a test-amd64-coresched-i386-xl 1 build-check(1) blocked n/a build-armhf-libvirt 1 build-check(1) blocked n/a build-i386-libvirt 1 build-check(1) blocked n/a test-armhf-armhf-xl-credit1 1 build-check(1) blocked n/a test-armhf-armhf-xl-arndale 1 build-check(1) blocked n/a test-amd64-i386-qemuu-rhel6hvm-intel 1 build-check(1) blocked n/a test-amd64-i386-xl 1 build-check(1) blocked n/a test-amd64-i386-xl-pvshim 1 build-check(1) blocked n/a test-amd64-i386-xl-qemuu-debianhvm-amd64 1 build-check(1) blocked n/a test-amd64-i386-xl-qemuu-debianhvm-amd64-shadow 1 build-check(1) blocked n/a test-amd64-i386-xl-qemuu-debianhvm-i386-xsm 1 build-check(1) blocked n/a test-amd64-i386-xl-qemuu-dmrestrict-amd64-dmrestrict 1 build-check(1) blocked n/a test-amd64-i386-xl-qemuu-ovmf-amd64 1 build-check(1) blocked n/a test-amd64-i386-xl-qemuu-win7-amd64 1 build-check(1) blocked n/a test-amd64-i386-xl-qemuu-ws16-amd64 1 build-check(1) blocked n/a test-amd64-i386-xl-shadow 1 build-check(1) blocked n/a test-amd64-i386-xl-vhd 1 build-check(1) blocked n/a test-amd64-i386-xl-xsm 1 build-check(1) blocked n/a test-amd64-amd64-xl-qemuu-win7-amd64 19 guest-stop fail like 165682 test-amd64-amd64-qemuu-nested-amd 20 debian-hvm-install/l1/l2 fail like 165682 test-amd64-amd64-xl-qemuu-ws16-amd64 19 guest-stop fail like 165682 test-arm64-arm64-xl-seattle 15 migrate-support-check fail never pass test-arm64-arm64-xl-seattle 16 saverestore-support-check fail never pass test-amd64-amd64-libvirt 15 migrate-support-check fail never pass test-amd64-amd64-libvirt-xsm 15 migrate-support-check fail never pass test-arm64-arm64-xl 15 migrate-support-check fail never pass test-arm64-arm64-xl 16 saverestore-support-check fail never pass test-arm64-arm64-xl-credit1 15 migrate-support-check fail never pass test-arm64-arm64-xl-credit1 16 saverestore-support-check fail never pass test-arm64-arm64-libvirt-xsm 15 migrate-support-check fail never pass test-arm64-arm64-xl-thunderx 15 migrate-support-check fail never pass test-arm64-arm64-xl-thunderx 16 saverestore-support-check fail never pass test-arm64-arm64-libvirt-xsm 16 saverestore-support-check fail never pass test-arm64-arm64-xl-credit2 15 migrate-support-check fail never pass test-arm64-arm64-xl-credit2 16 saverestore-support-check fail never pass test-arm64-arm64-xl-xsm 15 migrate-support-check fail never pass test-arm64-arm64-xl-xsm 16 saverestore-support-check fail never pass test-amd64-amd64-libvirt-qemuu-debianhvm-amd64-xsm 13 migrate-support-check fail never pass test-amd64-amd64-libvirt-vhd 14 migrate-support-check fail never pass test-arm64-arm64-libvirt-raw 14 migrate-support-check fail never pass test-arm64-arm64-libvirt-raw 15 saverestore-support-check fail never pass test-arm64-arm64-xl-vhd 14 migrate-support-check fail never pass test-arm64-arm64-xl-vhd 15 saverestore-support-check fail never pass version targeted for testing: qemuu c5b2f559814104f4145f8bc310f4d33c7ead8f49 baseline version: qemuu 50352cce138ef3b30c1cda28a4df68fff5da3202 Last test of basis 165682 2021-10-19 21:09:14 Z 5 days Failing since 165694 2021-10-20 18:09:12 Z 5 days 12 attempts Testing same since 165823 2021-10-24 00:36:48 Z 1 days 4 attempts ------------------------------------------------------------ People who touched revisions under test: Alistair Francis <[email protected]> Andrew Jones <[email protected]> Ani Sinha <[email protected]> BALATON Zoltan <[email protected]> Bin Meng <[email protected]> Cédric Le Goater <[email protected]> Daniel Henrique Barboza <[email protected]> David Gibson <[email protected]> David Hildenbrand <[email protected]> Eric Auger <[email protected]> Eugenio Pérez <[email protected]> Frank Chang <[email protected]> Gavin Shan <[email protected]> Gerd Hoffmann <[email protected]> Greg Kurz <[email protected]> Gustavo Romero <[email protected]> Igor Mammedov <[email protected]> Jason Wang <[email protected]> John Wang <[email protected]> John Wang <[email protected]> Laurent Vivier <[email protected]> Laurent Vivier <[email protected]> Luc Michel <[email protected]> Mark Cave-Ayland <[email protected]> Matheus Ferst <[email protected]> Mathieu Poirier <[email protected]> Michael S. Tsirkin <[email protected]> Mingwang Li <[email protected]> Oğuz Ersen <[email protected]> Philipp Tomsich <[email protected]> Philippe Mathieu-Daudé <[email protected]> Philippe Mathieu-Daudé <[email protected]> Richard Henderson <[email protected]> Shuuichirou Ishii <[email protected]> Stefan Hajnoczi <[email protected]> Thomas Huth <[email protected]> Tong Ho <[email protected]> Travis Geiselbrecht <[email protected]> Vincent Palatin <[email protected]> Xueming Li <[email protected]> Yanan Wang <[email protected]> Yifei Jiang <[email protected]> jobs: build-amd64-xsm pass build-arm64-xsm pass build-i386-xsm fail build-amd64 pass build-arm64 pass build-armhf fail build-i386 fail build-amd64-libvirt pass build-arm64-libvirt pass build-armhf-libvirt blocked build-i386-libvirt blocked build-amd64-pvops pass build-arm64-pvops pass build-armhf-pvops pass build-i386-pvops pass test-amd64-amd64-xl pass test-amd64-coresched-amd64-xl pass test-arm64-arm64-xl pass test-armhf-armhf-xl blocked test-amd64-i386-xl blocked test-amd64-coresched-i386-xl blocked test-amd64-amd64-libvirt-qemuu-debianhvm-amd64-xsm pass test-amd64-i386-libvirt-qemuu-debianhvm-amd64-xsm blocked test-amd64-amd64-xl-qemuu-debianhvm-i386-xsm pass test-amd64-i386-xl-qemuu-debianhvm-i386-xsm blocked test-amd64-amd64-libvirt-xsm pass test-arm64-arm64-libvirt-xsm pass test-amd64-i386-libvirt-xsm blocked test-amd64-amd64-xl-xsm pass test-arm64-arm64-xl-xsm pass test-amd64-i386-xl-xsm blocked test-amd64-amd64-qemuu-nested-amd fail test-amd64-amd64-xl-pvhv2-amd pass test-amd64-i386-qemuu-rhel6hvm-amd blocked test-amd64-amd64-dom0pvh-xl-amd pass test-amd64-amd64-xl-qemuu-debianhvm-amd64 pass test-amd64-i386-xl-qemuu-debianhvm-amd64 blocked test-amd64-i386-freebsd10-amd64 blocked test-amd64-amd64-qemuu-freebsd11-amd64 pass test-amd64-amd64-qemuu-freebsd12-amd64 pass test-amd64-amd64-xl-qemuu-ovmf-amd64 pass test-amd64-i386-xl-qemuu-ovmf-amd64 blocked test-amd64-amd64-xl-qemuu-win7-amd64 fail test-amd64-i386-xl-qemuu-win7-amd64 blocked test-amd64-amd64-xl-qemuu-ws16-amd64 fail test-amd64-i386-xl-qemuu-ws16-amd64 blocked test-armhf-armhf-xl-arndale blocked test-amd64-amd64-xl-credit1 pass test-arm64-arm64-xl-credit1 pass test-armhf-armhf-xl-credit1 blocked test-amd64-amd64-xl-credit2 pass test-arm64-arm64-xl-credit2 pass test-armhf-armhf-xl-credit2 blocked test-armhf-armhf-xl-cubietruck blocked test-amd64-amd64-xl-qemuu-dmrestrict-amd64-dmrestrict pass test-amd64-i386-xl-qemuu-dmrestrict-amd64-dmrestrict blocked test-amd64-i386-freebsd10-i386 blocked test-amd64-amd64-qemuu-nested-intel pass test-amd64-amd64-xl-pvhv2-intel pass test-amd64-i386-qemuu-rhel6hvm-intel blocked test-amd64-amd64-dom0pvh-xl-intel pass test-amd64-amd64-libvirt pass test-armhf-armhf-libvirt blocked test-amd64-i386-libvirt blocked test-amd64-amd64-xl-multivcpu pass test-armhf-armhf-xl-multivcpu blocked test-amd64-amd64-pair pass test-amd64-i386-pair blocked test-amd64-amd64-libvirt-pair pass test-amd64-i386-libvirt-pair blocked test-amd64-amd64-xl-pvshim pass test-amd64-i386-xl-pvshim blocked test-amd64-amd64-pygrub pass test-armhf-armhf-libvirt-qcow2 blocked test-amd64-amd64-xl-qcow2 pass test-arm64-arm64-libvirt-raw pass test-armhf-armhf-libvirt-raw blocked test-amd64-i386-libvirt-raw blocked test-amd64-amd64-xl-rtds pass test-armhf-armhf-xl-rtds blocked test-arm64-arm64-xl-seattle pass test-amd64-amd64-xl-qemuu-debianhvm-amd64-shadow pass test-amd64-i386-xl-qemuu-debianhvm-amd64-shadow blocked test-amd64-amd64-xl-shadow pass test-amd64-i386-xl-shadow blocked test-arm64-arm64-xl-thunderx pass test-amd64-amd64-libvirt-vhd pass test-arm64-arm64-xl-vhd pass test-armhf-armhf-xl-vhd blocked test-amd64-i386-xl-vhd blocked ------------------------------------------------------------ sg-report-flight on osstest.test-lab.xenproject.org logs: /home/logs/logs images: /home/logs/images Logs, config files, etc. are available at http://logs.test-lab.xenproject.org/osstest/logs Explanation of these reports, and of osstest in general, is at http://xenbits.xen.org/gitweb/?p=osstest.git;a=blob;f=README.email;hb=master http://xenbits.xen.org/gitweb/?p=osstest.git;a=blob;f=README;hb=master Test harness code can be found at http://xenbits.xen.org/gitweb?p=osstest.git;a=summary Not pushing. (No revision log; it would be 3631 lines long.)
