flight 165743 linux-linus real [real]
http://logs.test-lab.xenproject.org/osstest/logs/165743/

Failures :-/ but no regressions.

Tests which did not succeed, but are not blocking:
 test-amd64-amd64-xl-qemut-win7-amd64 19 guest-stop            fail like 165700
 test-armhf-armhf-libvirt     16 saverestore-support-check    fail  like 165700
 test-amd64-amd64-xl-qemuu-ws16-amd64 19 guest-stop            fail like 165700
 test-amd64-amd64-xl-qemut-ws16-amd64 19 guest-stop            fail like 165700
 test-amd64-amd64-xl-qemuu-win7-amd64 19 guest-stop            fail like 165700
 test-armhf-armhf-libvirt-raw 15 saverestore-support-check    fail  like 165700
 test-armhf-armhf-libvirt-qcow2 15 saverestore-support-check   fail like 165700
 test-amd64-amd64-qemuu-nested-amd 20 debian-hvm-install/l1/l2 fail like 165700
 test-amd64-amd64-libvirt     15 migrate-support-check        fail   never pass
 test-amd64-amd64-libvirt-xsm 15 migrate-support-check        fail   never pass
 test-arm64-arm64-xl-seattle  15 migrate-support-check        fail   never pass
 test-arm64-arm64-xl-seattle  16 saverestore-support-check    fail   never pass
 test-arm64-arm64-xl-credit1  15 migrate-support-check        fail   never pass
 test-arm64-arm64-xl-credit1  16 saverestore-support-check    fail   never pass
 test-arm64-arm64-xl-thunderx 15 migrate-support-check        fail   never pass
 test-arm64-arm64-xl-thunderx 16 saverestore-support-check    fail   never pass
 test-arm64-arm64-xl-xsm      15 migrate-support-check        fail   never pass
 test-arm64-arm64-xl-xsm      16 saverestore-support-check    fail   never pass
 test-arm64-arm64-xl          15 migrate-support-check        fail   never pass
 test-arm64-arm64-xl          16 saverestore-support-check    fail   never pass
 test-arm64-arm64-xl-credit2  15 migrate-support-check        fail   never pass
 test-arm64-arm64-xl-credit2  16 saverestore-support-check    fail   never pass
 test-amd64-amd64-libvirt-raw 14 migrate-support-check        fail   never pass
 test-arm64-arm64-libvirt-xsm 15 migrate-support-check        fail   never pass
 test-arm64-arm64-libvirt-xsm 16 saverestore-support-check    fail   never pass
 test-amd64-amd64-libvirt-qemuu-debianhvm-amd64-xsm 13 migrate-support-check 
fail never pass
 test-amd64-amd64-libvirt-qcow2 14 migrate-support-check        fail never pass
 test-armhf-armhf-xl-arndale  15 migrate-support-check        fail   never pass
 test-armhf-armhf-xl-arndale  16 saverestore-support-check    fail   never pass
 test-arm64-arm64-libvirt-raw 14 migrate-support-check        fail   never pass
 test-arm64-arm64-libvirt-raw 15 saverestore-support-check    fail   never pass
 test-arm64-arm64-xl-vhd      14 migrate-support-check        fail   never pass
 test-arm64-arm64-xl-vhd      15 saverestore-support-check    fail   never pass
 test-armhf-armhf-xl-multivcpu 15 migrate-support-check        fail  never pass
 test-armhf-armhf-xl-multivcpu 16 saverestore-support-check    fail  never pass
 test-armhf-armhf-libvirt     15 migrate-support-check        fail   never pass
 test-armhf-armhf-xl-credit1  15 migrate-support-check        fail   never pass
 test-armhf-armhf-xl-credit1  16 saverestore-support-check    fail   never pass
 test-armhf-armhf-xl-cubietruck 15 migrate-support-check        fail never pass
 test-armhf-armhf-xl-cubietruck 16 saverestore-support-check    fail never pass
 test-armhf-armhf-xl          15 migrate-support-check        fail   never pass
 test-armhf-armhf-xl          16 saverestore-support-check    fail   never pass
 test-armhf-armhf-xl-credit2  15 migrate-support-check        fail   never pass
 test-armhf-armhf-xl-credit2  16 saverestore-support-check    fail   never pass
 test-armhf-armhf-xl-rtds     15 migrate-support-check        fail   never pass
 test-armhf-armhf-xl-rtds     16 saverestore-support-check    fail   never pass
 test-armhf-armhf-xl-vhd      14 migrate-support-check        fail   never pass
 test-armhf-armhf-xl-vhd      15 saverestore-support-check    fail   never pass
 test-armhf-armhf-libvirt-raw 14 migrate-support-check        fail   never pass
 test-armhf-armhf-libvirt-qcow2 14 migrate-support-check        fail never pass

version targeted for testing:
 linux                64222515138e43da1fcf288f0289ef1020427b87
baseline version:
 linux                2f111a6fd5b5297b4e92f53798ca086f7c7d33a4

Last test of basis   165700  2021-10-21 03:27:38 Z    1 days
Testing same since   165743  2021-10-22 05:43:25 Z    0 days    1 attempts

------------------------------------------------------------
People who touched revisions under test:
  "Eric W. Biederman" <[email protected]>
  Aleksander Jan Bajkowski <[email protected]>
  Anitha Chrisanthus <[email protected]>
  Antoine Tenart <[email protected]>
  Aswath Govindraju <[email protected]>
  Ayumi Nakamichi <[email protected]>
  Biju Das <[email protected]>
  Brett Creeley <[email protected]>
  Caleb Connolly <[email protected]>
  Catalin Marinas <[email protected]>
  Christophe JAILLET <[email protected]>
  Dan Johansen <[email protected]>
  Dave Airlie <[email protected]>
  Dave Ertman <[email protected]>
  David Ahern <[email protected]>
  David S. Miller <[email protected]>
  Davidlohr Bueso <[email protected]>
  Davidlohr Bueso <[email protected]>
  DENG Qingfang <[email protected]>
  Dmytro Linkin <[email protected]>
  Edmund Dea <[email protected]>
  Emeel Hakim <[email protected]>
  Eric W. Biederman <[email protected]>
  Erik Ekman <[email protected]>
  Eugene Crosser <[email protected]>
  Eugene Syromiatnikov <[email protected]>
  Florian Westphal <[email protected]>
  Guangbin Huang <[email protected]>
  Gurucharan G <[email protected]>
  Hauke Mehrtens <[email protected]>
  Jakub Kicinski <[email protected]>
  Jeremy Kerr <[email protected]>
  Jerzy Wiktor Jurkowski <[email protected]>
  Jesse Brandeburg <[email protected]>
  Jiaran Zhang <[email protected]>
  John Stultz <[email protected]>
  Jordan Glover <[email protected]>
  Juhee Kang <[email protected]>
  Julian Anastasov <[email protected]>
  Kele Huang <[email protected]>
  Kim Phillips <[email protected]>
  Kurt Kanzenbach <[email protected]>
  Leonard Crestez <[email protected]>
  Linus Torvalds <[email protected]>
  Maarten Lankhorst <[email protected]>
  Maor Dickman <[email protected]>
  Marc Kleine-Budde <[email protected]>
  Marek Vasut <[email protected]>
  Mark Pearson <[email protected]>
  Martin Habets <[email protected]>
  Michael Ellerman <[email protected]>
  Michal Swiatkowski <[email protected]>
  Mike Rapoport <[email protected]>
  Moshe Shemesh <[email protected]>
  Nathan Chancellor <[email protected]>
  Nathan Lynch <[email protected]>
  Nechama Kraus <[email protected]>
  Nikolay Aleksandrov <[email protected]>
  Oleksij Rempel <[email protected]>
  Oliver Hartkopp <[email protected]>
  Oliver Neukum <[email protected]>
  Pablo Neira Ayuso <[email protected]>
  Paul Blakey <[email protected]>
  Paul Menzel <[email protected]>
  Peng Li <[email protected]>
  Qian Cai <[email protected]>
  Randy Dunlap <[email protected]>
  Rob Clark <[email protected]>
  Rob Clark <[email protected]>
  Rune Kleveland <[email protected]>
  Saeed Mahameed <[email protected]>
  Sam Ravnborg <[email protected]>
  Sasha Neftin <[email protected]>
  Stefano Garzarella <[email protected]>
  Stephane Grosjean <[email protected]>
  Stephen Suryaputra <[email protected]>
  Tianjia Zhang <[email protected]>
  Tony Nguyen <[email protected]>
  Uwe Kleine-König <[email protected]>
  Vegard Nossum <[email protected]>
  Vegard Nossum <[email protected]>
  Vladimir Oltean <[email protected]>
  Vladimir Zapolskiy <[email protected]>
  Wan Jiabing <[email protected]>
  Xin Long <[email protected]>
  Yang Yingliang <[email protected]>
  Yoshihiro Shimoda <[email protected]>
  Yu Zhao <[email protected]>
  Yufeng Mo <[email protected]>
  Yunsheng Lin <[email protected]>
  Zhang Changzhong <[email protected]>
  Zheyu Ma <[email protected]>
  Ziyang Xuan <[email protected]>

jobs:
 build-amd64-xsm                                              pass    
 build-arm64-xsm                                              pass    
 build-i386-xsm                                               pass    
 build-amd64                                                  pass    
 build-arm64                                                  pass    
 build-armhf                                                  pass    
 build-i386                                                   pass    
 build-amd64-libvirt                                          pass    
 build-arm64-libvirt                                          pass    
 build-armhf-libvirt                                          pass    
 build-i386-libvirt                                           pass    
 build-amd64-pvops                                            pass    
 build-arm64-pvops                                            pass    
 build-armhf-pvops                                            pass    
 build-i386-pvops                                             pass    
 test-amd64-amd64-xl                                          pass    
 test-amd64-coresched-amd64-xl                                pass    
 test-arm64-arm64-xl                                          pass    
 test-armhf-armhf-xl                                          pass    
 test-amd64-amd64-libvirt-qemuu-debianhvm-amd64-xsm           pass    
 test-amd64-amd64-xl-qemut-stubdom-debianhvm-amd64-xsm        pass    
 test-amd64-amd64-xl-qemut-debianhvm-i386-xsm                 pass    
 test-amd64-amd64-xl-qemuu-debianhvm-i386-xsm                 pass    
 test-amd64-amd64-libvirt-xsm                                 pass    
 test-arm64-arm64-libvirt-xsm                                 pass    
 test-amd64-amd64-xl-xsm                                      pass    
 test-arm64-arm64-xl-xsm                                      pass    
 test-amd64-amd64-qemuu-nested-amd                            fail    
 test-amd64-amd64-xl-pvhv2-amd                                pass    
 test-amd64-amd64-dom0pvh-xl-amd                              pass    
 test-amd64-amd64-xl-qemut-debianhvm-amd64                    pass    
 test-amd64-amd64-xl-qemuu-debianhvm-amd64                    pass    
 test-amd64-amd64-freebsd11-amd64                             pass    
 test-amd64-amd64-freebsd12-amd64                             pass    
 test-amd64-amd64-xl-qemuu-ovmf-amd64                         pass    
 test-amd64-amd64-xl-qemut-win7-amd64                         fail    
 test-amd64-amd64-xl-qemuu-win7-amd64                         fail    
 test-amd64-amd64-xl-qemut-ws16-amd64                         fail    
 test-amd64-amd64-xl-qemuu-ws16-amd64                         fail    
 test-armhf-armhf-xl-arndale                                  pass    
 test-amd64-amd64-xl-credit1                                  pass    
 test-arm64-arm64-xl-credit1                                  pass    
 test-armhf-armhf-xl-credit1                                  pass    
 test-amd64-amd64-xl-credit2                                  pass    
 test-arm64-arm64-xl-credit2                                  pass    
 test-armhf-armhf-xl-credit2                                  pass    
 test-armhf-armhf-xl-cubietruck                               pass    
 test-amd64-amd64-xl-qemuu-dmrestrict-amd64-dmrestrict        pass    
 test-amd64-amd64-examine                                     pass    
 test-arm64-arm64-examine                                     pass    
 test-armhf-armhf-examine                                     pass    
 test-amd64-amd64-qemuu-nested-intel                          pass    
 test-amd64-amd64-xl-pvhv2-intel                              pass    
 test-amd64-amd64-dom0pvh-xl-intel                            pass    
 test-amd64-amd64-libvirt                                     pass    
 test-armhf-armhf-libvirt                                     pass    
 test-amd64-amd64-xl-multivcpu                                pass    
 test-armhf-armhf-xl-multivcpu                                pass    
 test-amd64-amd64-pair                                        pass    
 test-amd64-amd64-libvirt-pair                                pass    
 test-amd64-amd64-xl-pvshim                                   pass    
 test-amd64-amd64-pygrub                                      pass    
 test-amd64-amd64-libvirt-qcow2                               pass    
 test-armhf-armhf-libvirt-qcow2                               pass    
 test-amd64-amd64-libvirt-raw                                 pass    
 test-arm64-arm64-libvirt-raw                                 pass    
 test-armhf-armhf-libvirt-raw                                 pass    
 test-amd64-amd64-xl-rtds                                     pass    
 test-armhf-armhf-xl-rtds                                     pass    
 test-arm64-arm64-xl-seattle                                  pass    
 test-amd64-amd64-xl-qemuu-debianhvm-amd64-shadow             pass    
 test-amd64-amd64-xl-shadow                                   pass    
 test-arm64-arm64-xl-thunderx                                 pass    
 test-amd64-amd64-xl-vhd                                      pass    
 test-arm64-arm64-xl-vhd                                      pass    
 test-armhf-armhf-xl-vhd                                      pass    


------------------------------------------------------------
sg-report-flight on osstest.test-lab.xenproject.org
logs: /home/logs/logs
images: /home/logs/images

Logs, config files, etc. are available at
    http://logs.test-lab.xenproject.org/osstest/logs

Explanation of these reports, and of osstest in general, is at
    http://xenbits.xen.org/gitweb/?p=osstest.git;a=blob;f=README.email;hb=master
    http://xenbits.xen.org/gitweb/?p=osstest.git;a=blob;f=README;hb=master

Test harness code can be found at
    http://xenbits.xen.org/gitweb?p=osstest.git;a=summary


Pushing revision :

hint: The 'hooks/update' hook was ignored because it's not set as executable.
hint: You can disable this warning with `git config advice.ignoredHook false`.
hint: The 'hooks/post-receive' hook was ignored because it's not set as 
executable.
hint: You can disable this warning with `git config advice.ignoredHook false`.
hint: The 'hooks/post-update' hook was ignored because it's not set as 
executable.
hint: You can disable this warning with `git config advice.ignoredHook false`.
To xenbits.xen.org:/home/xen/git/linux-pvops.git
   2f111a6fd5b5..64222515138e  64222515138e43da1fcf288f0289ef1020427b87 -> 
tested/linux-linus

Reply via email to