flight 165117 linux-linus real [real]
http://logs.test-lab.xenproject.org/osstest/logs/165117/
Regressions :-(
Tests which did not succeed and are blocking,
including tests which could not be run:
build-arm64 <job status> broken
build-arm64-pvops <job status> broken
build-arm64-xsm <job status> broken
build-arm64-pvops 4 host-install(4) broken REGR. vs. 152332
build-arm64 4 host-install(4) broken REGR. vs. 152332
build-arm64-xsm 4 host-install(4) broken REGR. vs. 152332
test-amd64-amd64-dom0pvh-xl-amd 17 guest-saverestore fail REGR. vs. 152332
test-amd64-coresched-amd64-xl 17 guest-saverestore fail REGR. vs. 152332
test-amd64-amd64-xl-pvshim 17 guest-saverestore fail REGR. vs. 152332
test-amd64-amd64-dom0pvh-xl-intel 17 guest-saverestore fail REGR. vs. 152332
test-amd64-amd64-xl-credit1 17 guest-saverestore fail REGR. vs. 152332
test-amd64-amd64-xl 17 guest-saverestore fail REGR. vs. 152332
test-amd64-amd64-xl-pvhv2-intel 17 guest-saverestore fail REGR. vs. 152332
test-amd64-amd64-xl-shadow 17 guest-saverestore fail REGR. vs. 152332
test-amd64-amd64-libvirt 17 guest-saverestore fail REGR. vs. 152332
test-amd64-amd64-xl-multivcpu 17 guest-saverestore fail REGR. vs. 152332
test-amd64-amd64-xl-credit2 17 guest-saverestore fail REGR. vs. 152332
test-amd64-amd64-xl-xsm 17 guest-saverestore fail REGR. vs. 152332
test-amd64-amd64-libvirt-xsm 17 guest-saverestore fail REGR. vs. 152332
test-amd64-amd64-pair 26 guest-migrate/src_host/dst_host fail REGR. vs. 152332
test-amd64-amd64-libvirt-pair 26 guest-migrate/src_host/dst_host fail REGR.
vs. 152332
test-amd64-amd64-xl-pvhv2-amd 17 guest-saverestore fail REGR. vs. 152332
test-armhf-armhf-xl-credit1 14 guest-start fail REGR. vs. 152332
Regressions which are regarded as allowable (not blocking):
test-amd64-amd64-xl-rtds 17 guest-saverestore fail REGR. vs. 152332
Tests which did not succeed, but are not blocking:
test-arm64-arm64-libvirt-xsm 1 build-check(1) blocked n/a
test-arm64-arm64-libvirt-raw 1 build-check(1) blocked n/a
test-arm64-arm64-examine 1 build-check(1) blocked n/a
build-arm64-libvirt 1 build-check(1) blocked n/a
test-arm64-arm64-xl 1 build-check(1) blocked n/a
test-arm64-arm64-xl-credit1 1 build-check(1) blocked n/a
test-arm64-arm64-xl-credit2 1 build-check(1) blocked n/a
test-arm64-arm64-xl-seattle 1 build-check(1) blocked n/a
test-arm64-arm64-xl-thunderx 1 build-check(1) blocked n/a
test-arm64-arm64-xl-vhd 1 build-check(1) blocked n/a
test-arm64-arm64-xl-xsm 1 build-check(1) blocked n/a
test-amd64-amd64-freebsd11-amd64 17 guest-localmigrate fail baseline untested
test-armhf-armhf-libvirt-qcow2 15 saverestore-support-check fail baseline
untested
test-amd64-amd64-xl-qemut-win7-amd64 19 guest-stop fail like 152332
test-armhf-armhf-libvirt 16 saverestore-support-check fail like 152332
test-amd64-amd64-xl-qemuu-ws16-amd64 19 guest-stop fail like 152332
test-amd64-amd64-xl-qemut-ws16-amd64 19 guest-stop fail like 152332
test-amd64-amd64-xl-qemuu-win7-amd64 19 guest-stop fail like 152332
test-armhf-armhf-libvirt-raw 15 saverestore-support-check fail like 152332
test-amd64-amd64-qemuu-nested-amd 20 debian-hvm-install/l1/l2 fail like 152332
test-amd64-amd64-libvirt 15 migrate-support-check fail never pass
test-amd64-amd64-libvirt-xsm 15 migrate-support-check fail never pass
test-amd64-amd64-libvirt-qemuu-debianhvm-amd64-xsm 13 migrate-support-check
fail never pass
test-armhf-armhf-xl-arndale 15 migrate-support-check fail never pass
test-armhf-armhf-xl-arndale 16 saverestore-support-check fail never pass
test-amd64-amd64-libvirt-qcow2 14 migrate-support-check fail never pass
test-amd64-amd64-libvirt-raw 14 migrate-support-check fail never pass
test-armhf-armhf-xl 15 migrate-support-check fail never pass
test-armhf-armhf-xl 16 saverestore-support-check fail never pass
test-armhf-armhf-xl-multivcpu 15 migrate-support-check fail never pass
test-armhf-armhf-xl-multivcpu 16 saverestore-support-check fail never pass
test-armhf-armhf-xl-credit2 15 migrate-support-check fail never pass
test-armhf-armhf-xl-credit2 16 saverestore-support-check fail never pass
test-armhf-armhf-xl-cubietruck 15 migrate-support-check fail never pass
test-armhf-armhf-xl-cubietruck 16 saverestore-support-check fail never pass
test-armhf-armhf-xl-rtds 15 migrate-support-check fail never pass
test-armhf-armhf-xl-rtds 16 saverestore-support-check fail never pass
test-armhf-armhf-libvirt 15 migrate-support-check fail never pass
test-armhf-armhf-libvirt-raw 14 migrate-support-check fail never pass
test-armhf-armhf-libvirt-qcow2 14 migrate-support-check fail never pass
test-armhf-armhf-xl-vhd 14 migrate-support-check fail never pass
test-armhf-armhf-xl-vhd 15 saverestore-support-check fail never pass
version targeted for testing:
linux d4d016caa4b85b9aa98d7ec8c84e928621a614bc
baseline version:
linux deacdb3e3979979016fcd0ffd518c320a62ad166
Last test of basis 152332 2020-07-31 19:41:23 Z 414 days
Failing since 152366 2020-08-01 20:49:34 Z 413 days 721 attempts
Testing same since 165117 2021-09-19 03:07:42 Z 0 days 1 attempts
------------------------------------------------------------
7317 people touched revisions under test,
not listing them all
jobs:
build-amd64-xsm pass
build-arm64-xsm broken
build-i386-xsm pass
build-amd64 pass
build-arm64 broken
build-armhf pass
build-i386 pass
build-amd64-libvirt pass
build-arm64-libvirt blocked
build-armhf-libvirt pass
build-i386-libvirt pass
build-amd64-pvops pass
build-arm64-pvops broken
build-armhf-pvops pass
build-i386-pvops pass
test-amd64-amd64-xl fail
test-amd64-coresched-amd64-xl fail
test-arm64-arm64-xl blocked
test-armhf-armhf-xl pass
test-amd64-amd64-libvirt-qemuu-debianhvm-amd64-xsm pass
test-amd64-amd64-xl-qemut-stubdom-debianhvm-amd64-xsm pass
test-amd64-amd64-xl-qemut-debianhvm-i386-xsm pass
test-amd64-amd64-xl-qemuu-debianhvm-i386-xsm pass
test-amd64-amd64-libvirt-xsm fail
test-arm64-arm64-libvirt-xsm blocked
test-amd64-amd64-xl-xsm fail
test-arm64-arm64-xl-xsm blocked
test-amd64-amd64-qemuu-nested-amd fail
test-amd64-amd64-xl-pvhv2-amd fail
test-amd64-amd64-dom0pvh-xl-amd fail
test-amd64-amd64-xl-qemut-debianhvm-amd64 pass
test-amd64-amd64-xl-qemuu-debianhvm-amd64 pass
test-amd64-amd64-freebsd11-amd64 fail
test-amd64-amd64-freebsd12-amd64 pass
test-amd64-amd64-xl-qemuu-ovmf-amd64 pass
test-amd64-amd64-xl-qemut-win7-amd64 fail
test-amd64-amd64-xl-qemuu-win7-amd64 fail
test-amd64-amd64-xl-qemut-ws16-amd64 fail
test-amd64-amd64-xl-qemuu-ws16-amd64 fail
test-armhf-armhf-xl-arndale pass
test-amd64-amd64-xl-credit1 fail
test-arm64-arm64-xl-credit1 blocked
test-armhf-armhf-xl-credit1 fail
test-amd64-amd64-xl-credit2 fail
test-arm64-arm64-xl-credit2 blocked
test-armhf-armhf-xl-credit2 pass
test-armhf-armhf-xl-cubietruck pass
test-amd64-amd64-xl-qemuu-dmrestrict-amd64-dmrestrict pass
test-amd64-amd64-examine pass
test-arm64-arm64-examine blocked
test-armhf-armhf-examine pass
test-amd64-amd64-qemuu-nested-intel pass
test-amd64-amd64-xl-pvhv2-intel fail
test-amd64-amd64-dom0pvh-xl-intel fail
test-amd64-amd64-libvirt fail
test-armhf-armhf-libvirt pass
test-amd64-amd64-xl-multivcpu fail
test-armhf-armhf-xl-multivcpu pass
test-amd64-amd64-pair fail
test-amd64-amd64-libvirt-pair fail
test-amd64-amd64-xl-pvshim fail
test-amd64-amd64-pygrub pass
test-amd64-amd64-libvirt-qcow2 pass
test-armhf-armhf-libvirt-qcow2 pass
test-amd64-amd64-libvirt-raw pass
test-arm64-arm64-libvirt-raw blocked
test-armhf-armhf-libvirt-raw pass
test-amd64-amd64-xl-rtds fail
test-armhf-armhf-xl-rtds pass
test-arm64-arm64-xl-seattle blocked
test-amd64-amd64-xl-qemuu-debianhvm-amd64-shadow pass
test-amd64-amd64-xl-shadow fail
test-arm64-arm64-xl-thunderx blocked
test-amd64-amd64-xl-vhd pass
test-arm64-arm64-xl-vhd blocked
test-armhf-armhf-xl-vhd pass
------------------------------------------------------------
sg-report-flight on osstest.test-lab.xenproject.org
logs: /home/logs/logs
images: /home/logs/images
Logs, config files, etc. are available at
http://logs.test-lab.xenproject.org/osstest/logs
Explanation of these reports, and of osstest in general, is at
http://xenbits.xen.org/gitweb/?p=osstest.git;a=blob;f=README.email;hb=master
http://xenbits.xen.org/gitweb/?p=osstest.git;a=blob;f=README;hb=master
Test harness code can be found at
http://xenbits.xen.org/gitweb?p=osstest.git;a=summary
broken-job build-arm64 broken
broken-job build-arm64-pvops broken
broken-job build-arm64-xsm broken
broken-step build-arm64-pvops host-install(4)
broken-step build-arm64 host-install(4)
broken-step build-arm64-xsm host-install(4)
Not pushing.
(No revision log; it would be 2261430 lines long.)