flight 164861 ovmf real [real]
http://logs.test-lab.xenproject.org/osstest/logs/164861/

Regressions :-(

Tests which did not succeed and are blocking,
including tests which could not be run:
 build-amd64-xsm               6 xen-build                fail REGR. vs. 164674
 build-amd64                   6 xen-build                fail REGR. vs. 164674
 build-i386-xsm                6 xen-build                fail REGR. vs. 164674
 build-i386                    6 xen-build                fail REGR. vs. 164674

Tests which did not succeed, but are not blocking:
 build-amd64-libvirt           1 build-check(1)               blocked  n/a
 build-i386-libvirt            1 build-check(1)               blocked  n/a
 test-amd64-amd64-xl-qemuu-ovmf-amd64  1 build-check(1)             blocked n/a
 test-amd64-i386-xl-qemuu-ovmf-amd64  1 build-check(1)              blocked n/a

version targeted for testing:
 ovmf                 edf8bc6d24c6f490c27de3144eee88f1ca40ce6a
baseline version:
 ovmf                 cae735f61328d64e2e8991036707b9e78c0f5f63

Last test of basis   164674  2021-08-31 02:56:52 Z    6 days
Failing since        164686  2021-09-01 03:03:43 Z    5 days   68 attempts
Testing same since   164806  2021-09-04 09:41:21 Z    2 days   42 attempts

------------------------------------------------------------
People who touched revisions under test:
  Anthony PERARD <[email protected]>
  DunTan <[email protected]>
  Gary Lin <[email protected]>
  Hao A Wu <[email protected]>
  Jim Fehlig <[email protected]>
  Lin, Gary (HPS OE-Linux) <[email protected]>
  Loo Tung Lun <[email protected]>
  Loo, Tung Lun <[email protected]>
  Mark Wilson <[email protected]>
  Marvin H?user <[email protected]>
  Michael Kubacki <[email protected]>
  Rebecca Cran <[email protected]>
  Wenxing Hou <[email protected]>
  Wenyi Xie <[email protected]>

jobs:
 build-amd64-xsm                                              fail    
 build-i386-xsm                                               fail    
 build-amd64                                                  fail    
 build-i386                                                   fail    
 build-amd64-libvirt                                          blocked 
 build-i386-libvirt                                           blocked 
 build-amd64-pvops                                            pass    
 build-i386-pvops                                             pass    
 test-amd64-amd64-xl-qemuu-ovmf-amd64                         blocked 
 test-amd64-i386-xl-qemuu-ovmf-amd64                          blocked 


------------------------------------------------------------
sg-report-flight on osstest.test-lab.xenproject.org
logs: /home/logs/logs
images: /home/logs/images

Logs, config files, etc. are available at
    http://logs.test-lab.xenproject.org/osstest/logs

Explanation of these reports, and of osstest in general, is at
    http://xenbits.xen.org/gitweb/?p=osstest.git;a=blob;f=README.email;hb=master
    http://xenbits.xen.org/gitweb/?p=osstest.git;a=blob;f=README;hb=master

Test harness code can be found at
    http://xenbits.xen.org/gitweb?p=osstest.git;a=summary


Not pushing.

(No revision log; it would be 302 lines long.)

Reply via email to