flight 164679 qemu-upstream-unstable real [real]
flight 164696 qemu-upstream-unstable real-retest [real]
http://logs.test-lab.xenproject.org/osstest/logs/164679/
http://logs.test-lab.xenproject.org/osstest/logs/164696/

Failures :-/ but no regressions.

Tests which are failing intermittently (not blocking):
 test-amd64-i386-libvirt-qemuu-debianhvm-amd64-xsm 18 
guest-start/debianhvm.repeat fail pass in 164696-retest

Tests which did not succeed, but are not blocking:
 test-armhf-armhf-libvirt     16 saverestore-support-check    fail  like 163309
 test-amd64-i386-xl-qemuu-win7-amd64 19 guest-stop             fail like 163309
 test-amd64-amd64-qemuu-nested-amd 20 debian-hvm-install/l1/l2 fail like 163309
 test-armhf-armhf-libvirt-raw 15 saverestore-support-check    fail  like 163309
 test-amd64-amd64-xl-qemuu-ws16-amd64 19 guest-stop            fail like 163309
 test-amd64-amd64-xl-qemuu-win7-amd64 19 guest-stop            fail like 163309
 test-amd64-i386-xl-qemuu-ws16-amd64 19 guest-stop             fail like 163309
 test-arm64-arm64-xl          15 migrate-support-check        fail   never pass
 test-arm64-arm64-xl          16 saverestore-support-check    fail   never pass
 test-armhf-armhf-xl-multivcpu 15 migrate-support-check        fail  never pass
 test-armhf-armhf-xl-multivcpu 16 saverestore-support-check    fail  never pass
 test-amd64-i386-libvirt-qemuu-debianhvm-amd64-xsm 13 migrate-support-check 
fail never pass
 test-amd64-amd64-libvirt-xsm 15 migrate-support-check        fail   never pass
 test-amd64-amd64-libvirt     15 migrate-support-check        fail   never pass
 test-arm64-arm64-xl-credit1  15 migrate-support-check        fail   never pass
 test-arm64-arm64-xl-credit1  16 saverestore-support-check    fail   never pass
 test-arm64-arm64-xl-xsm      15 migrate-support-check        fail   never pass
 test-arm64-arm64-xl-xsm      16 saverestore-support-check    fail   never pass
 test-arm64-arm64-libvirt-xsm 15 migrate-support-check        fail   never pass
 test-arm64-arm64-libvirt-xsm 16 saverestore-support-check    fail   never pass
 test-amd64-i386-libvirt      15 migrate-support-check        fail   never pass
 test-arm64-arm64-xl-seattle  15 migrate-support-check        fail   never pass
 test-arm64-arm64-xl-seattle  16 saverestore-support-check    fail   never pass
 test-amd64-i386-xl-pvshim    14 guest-start                  fail   never pass
 test-amd64-amd64-libvirt-qemuu-debianhvm-amd64-xsm 13 migrate-support-check 
fail never pass
 test-amd64-i386-libvirt-xsm  15 migrate-support-check        fail   never pass
 test-amd64-amd64-libvirt-vhd 14 migrate-support-check        fail   never pass
 test-armhf-armhf-xl-arndale  15 migrate-support-check        fail   never pass
 test-armhf-armhf-xl-arndale  16 saverestore-support-check    fail   never pass
 test-armhf-armhf-xl-rtds     15 migrate-support-check        fail   never pass
 test-armhf-armhf-xl-rtds     16 saverestore-support-check    fail   never pass
 test-armhf-armhf-xl-credit2  15 migrate-support-check        fail   never pass
 test-armhf-armhf-xl-credit2  16 saverestore-support-check    fail   never pass
 test-armhf-armhf-libvirt     15 migrate-support-check        fail   never pass
 test-arm64-arm64-xl-thunderx 15 migrate-support-check        fail   never pass
 test-arm64-arm64-xl-thunderx 16 saverestore-support-check    fail   never pass
 test-arm64-arm64-xl-credit2  15 migrate-support-check        fail   never pass
 test-arm64-arm64-xl-credit2  16 saverestore-support-check    fail   never pass
 test-armhf-armhf-xl-credit1  15 migrate-support-check        fail   never pass
 test-armhf-armhf-xl-credit1  16 saverestore-support-check    fail   never pass
 test-armhf-armhf-xl-cubietruck 15 migrate-support-check        fail never pass
 test-armhf-armhf-xl-cubietruck 16 saverestore-support-check    fail never pass
 test-armhf-armhf-xl          15 migrate-support-check        fail   never pass
 test-armhf-armhf-xl          16 saverestore-support-check    fail   never pass
 test-armhf-armhf-libvirt-raw 14 migrate-support-check        fail   never pass
 test-armhf-armhf-xl-vhd      14 migrate-support-check        fail   never pass
 test-armhf-armhf-xl-vhd      15 saverestore-support-check    fail   never pass

version targeted for testing:
 qemuu                b6e539830bf45e2d7a6bd86ddfdf003088b173b0
baseline version:
 qemuu                136c34c9bc4179dc64b15b2bb5f0c54ca4ddf823

Last test of basis   163309  2021-07-05 10:10:06 Z   58 days
Testing same since   164679  2021-08-31 11:08:25 Z    1 days    1 attempts

------------------------------------------------------------
People who touched revisions under test:
    <[email protected]>
  Aaron Lindsay <[email protected]>
  Ahmed Abouzied <[email protected]>
  Akihiko Odaki <[email protected]>
  Alberto Garcia <[email protected]>
  Aleksandar Rikalo <[email protected]>
  Alessandro Di Federico <[email protected]>
  Alex Bennée <[email protected]>
  Alex Williamson <[email protected]>
  Alexander Bulekov <[email protected]>
  Alexander Graf <[email protected]>
  Alexander Wagner <[email protected]>
  Alexandre Iooss <[email protected]>
  Alexey Kardashevskiy <[email protected]>
  Alexey Neyman <[email protected]>
  Ali Shirvani <[email protected]>
  Alistair Francis <[email protected]>
  Alyssa Ross <[email protected]>
  Andreas Schwab <[email protected]>
  Andrew Jones <[email protected]>
  Andrew Melnychenko <[email protected]>
  Anthony PERARD <[email protected]>
  Ard Biesheuvel <[email protected]>
  Arseny Krasnov <[email protected]>
  Atish Patra <[email protected]>
  Axel Heider <[email protected]>
  BALATON Zoltan <[email protected]>
  Basil Salman <[email protected]>
  Basil Salman <[email protected]>
  Basil Salman <[email protected]>
  Basil Salman <[email protected]>
  Bastian Koppelmann <[email protected]>
  Benjamin Herrenschmidt <[email protected]>
  Bharata B Rao <[email protected]>
  Bibo Mao <[email protected]>
  Bin Meng <[email protected]>
  Bin Meng <[email protected]>
  Brad Smith <[email protected]>
  Brijesh Singh <[email protected]>
  Bruno Larsen (billionai) <[email protected]>
  Cai Huoqing <[email protected]>
  Carlos Venegas <[email protected]>
  Changbin Du <[email protected]>
  Chenyi Qiang <[email protected]>
  Chetan Pant <[email protected]>
  Cho, Yu-Chen <[email protected]>
  Christian Borntraeger <[email protected]>
  Christian Schoenebeck <[email protected]>
  Christina Wang <[email protected]>
  Claudio Fontana <[email protected]>
  Cleber Rosa <[email protected]>
  Coiby Xu <[email protected]>
  Cole Robinson <[email protected]>
  Connor Kuehl <[email protected]>
  Corey Minyard <[email protected]>
  Cornelia Huck <[email protected]>
  Cédric Le Goater <[email protected]>
  Damien Goutte-Gattat <[email protected]>
  Daniel Henrique Barboza <[email protected]>
  Daniel P. Berrangé <[email protected]>
  David Edmondson <[email protected]>
  David Gibson <[email protected]>
  David Hildenbrand <[email protected]>
  David Michael <[email protected]>
  Dennis Wölfing <[email protected]>
  Dmitry Voronetskiy <[email protected]>
  Dmitry Voronetskiy <[email protected]>
  Dov Murik <[email protected]>
  Dr. David Alan Gilbert <[email protected]>
  Dylan Jhong <[email protected]>
  Edgar E. Iglesias <[email protected]>
  Eduardo Habkost <[email protected]>
  Eduardo Habkost <[email protected]> for memory backend and machine core
  Eduardo Otubo <[email protected]>
  Emanuele Giuseppe Esposito <[email protected]>
  Emmanuel Blot <[email protected]>
  Eric Auger <[email protected]>
  Eric Blake <[email protected]>
  Eric Farman <[email protected]>
  Fabian Ebner <[email protected]>
  Fabiano Rosas <[email protected]>
  Fabrice Fontaine <[email protected]>
  Feng Lin <[email protected]>
  Filip Vidojevic <[email protected]>
  Finn Thain <[email protected]>
  Frank Chang <[email protected]>
  Frederic Konrad <[email protected]>
  Frederic Konrad <[email protected]>
  Gan Qixin <[email protected]>
  Gerd Hoffmann <[email protected]>
  Giuseppe Musacchio <[email protected]>
  Gollu Appalanaidu <[email protected]>
  Greg Kurz <[email protected]>
  Guenter Roeck <[email protected]>
  Han Han <[email protected]>
  Hanna Reitz <[email protected]>
  Heinrich Schuchardt <[email protected]>
  [email protected] <[email protected]>
  Hongzheng-Li <[email protected]>
  Hou Weiying <[email protected]>
  Hubert Jasudowicz <[email protected]>
  Hyman <[email protected]>
  Hyman Huang(黄勇) <[email protected]>
  Ian Jackson <[email protected]>
  Igor Druzhinin <[email protected]>
  Igor Mammedov &lt;<a href="mailto:[email protected]"; 
target="_blank">[email protected]</a>&gt;<br>
  Igor Mammedov <[email protected]>
  Ilya Dryomov <[email protected]>
  Ilya Leoshkevich <[email protected]>
  Jade Fink <[email protected]>
  Jagannathan Raman <[email protected]>
  James Bottomley <[email protected]>
  Jamie Iles <[email protected]>
  Jason Andryuk <[email protected]>
  Jason Thorpe <[email protected]>
  Jason Wang <[email protected]>
  Jean-Philippe Brucker <[email protected]>
  Jinhua Cao <[email protected]>
  Joe Komlodi <[email protected]>
  Joel Stanley <[email protected]>
  Joelle van Dyne <[email protected]>
  John Arbuckle <[email protected]>
  John Snow <[email protected]>
  John Sucaet <[email protected]>
  Jonathan Albrecht <[email protected]>
  jonathan.albrecht <[email protected]>
  Jose Martins <[email protected]>
  Jose R. Ziviani <[email protected]>
  Juergen Lock <[email protected]>
  Julia Suvorova <[email protected]>
  Kamil Rytarowski <[email protected]>
  Katsuhiro Ueno <[email protected]>
  Keith Busch <[email protected]>
  Keqian Zhu <[email protected]>
  Kevin Wolf <[email protected]>
  Khem Raj <[email protected]>
  Kirill Tkhai <[email protected]>
  Kirti Wankhede <[email protected]>
  Kit Westneat <[email protected]>
  Kito Cheng <[email protected]>
  Klaus Jensen <[email protected]>
  KONRAD Frederic <[email protected]>
  Konstantin Nazarov <[email protected]>
  Kostiantyn Kostiuk <[email protected]>
  Kunkun Jiang <[email protected]>
  Lara Lazier <[email protected]>
  Laszlo Ersek <[email protected]>
  Laurent Vivier <[email protected]>
  Laurent Vivier <[email protected]>
  Lei Rao <[email protected]>
  Leonardo Bras <[email protected]>
  Li Qiang <[email protected]>
  Li Qiang <[email protected]>
  Li Zhijian <[email protected]>
  Liren Wei <[email protected]>
  LIU Zhiwei <[email protected]>
  Lucas Mateus Castro (alqotel) <[email protected]>
  Luis Fernando Fujita Pires <[email protected]>
  Luis Pires <[email protected]>
  Lukas Jünger <[email protected]>
  Lukas Straub <[email protected]>
  Maciej S. Szmigiero <[email protected]>
  Mahesh Salgaonkar <[email protected]>
  Mahmoud Mandour <[email protected]>
  Mao Zhongyi <[email protected]>
  maobibo <[email protected]>
  Marc Hartmayer <[email protected]>
  Marc-André Lureau <[email protected]>
  Marcel Apfelbaum <[email protected]>
  Marcel Apfelbaum <[email protected]>
  Mark Cave-Ayland <[email protected]>
  Mark Johnston <[email protected]>
  Mark Nelson <[email protected]>
  Markus Armbruster <[email protected]>
  Matheus Ferst <[email protected]>
  Mathieu Poirier <[email protected]>
  Matthew Rosato <[email protected]>
  Matus Kysel <[email protected]>
  Mauro Matteo Cascella <[email protected]>
  Max Filippov <[email protected]>
  Max Reitz <[email protected]>
  Maxim Levitsky <[email protected]>
  Maxim Uvarov <[email protected]>
  Michael Forney <[email protected]>
  Michael Rolnik <[email protected]>
  Michael Roth <[email protected]>
  Michael S. Tsirkin <[email protected]>
  Michael Tokarev <[email protected]>
  Michael Walle <[email protected]>
  Michal Privoznik <[email protected]>
  Miroslav Rezanina <[email protected]>
  Murilo Opsfelder Araujo <[email protected]>
  Myriad-Dreamin <[email protected]>
  Nicholas Piggin <[email protected]>
  Nick Hudson <[email protected]>
  Niklas Cassel <[email protected]>
  Nolan Leake <[email protected]>
  Olaf Hering <[email protected]>
  Or Ozeri <[email protected]>
  Owen Anderson <[email protected]>
  Padmakar Kalghatgi <[email protected]>
  Paolo Bonzini <[email protected]>
  Paolo Montesel <[email protected]>
  Patrick Venture <[email protected]>
  Paul A. Clarke <[email protected]>
  Paul Durrant <[email protected]>
  Pavel Dovgalyuk <[email protected]>
  Pavel Pisa <[email protected]>
  Peng Liang <[email protected]>
  Peter Collingbourne <[email protected]>
  Peter Krempa <[email protected]>
  Peter Lieven <[email protected]>
  Peter Maydell <[email protected]>
  Peter Xu <[email protected]>
  Philippe Mathieu-Daudé <[email protected]>
  Philippe Mathieu-Daudé <[email protected]>
  Qiang Liu <[email protected]>
  Ram Pai <[email protected]>
  Rao, Lei <[email protected]>
  Raphael Norwitz <[email protected]>
  Ravi Bangoria <[email protected]>
  Rebecca Cran <[email protected]>
  Reinoud Zandijk <[email protected]>
  Ricardo Koller <[email protected]>
  Ricgard Henderson <[email protected]>
  Richard Henderson <[email protected]>
  Richard W.M. Jones <[email protected]>
  Richard Zak <[email protected]>
  Robert Hoo <[email protected]>
  Roman Bolshakov <[email protected]>
  Roman Kagan <[email protected]>
  Roman Kapl <[email protected]>
  Ruimei Yan <[email protected]>
  Ruinland ChuanTzu Tsai <[email protected]>
  Samuel Thibault <[email protected]>
  Serge Guelton <[email protected]>
  Sergio Lopez <[email protected]>
  Shivaprasad G Bhat <[email protected]>
  Silvano Cirujano Cuesta <[email protected]>
  Stefan Berger <[email protected]>
  Stefan Hajnoczi <[email protected]>
  Stefan Reiter <[email protected]>
  Stefan Weil <[email protected]>
  Stefano Garzarella <[email protected]>
  Stephen Long <[email protected]>
  Tarun Gupta <[email protected]>
  Taylor Simpson <[email protected]>
  Thomas Huth <[email protected]>
  Titus Rwantare <[email protected]>
  Tom Lendacky <[email protected]>
  Ulrich Weigand <[email protected]>
  Vaibhav Jain <[email protected]>
  VictorV (Kunlun Lab) <[email protected]>
  Vijai Kumar K <[email protected]>
  Viktor Ashirov <[email protected]>
  Vincent Bernat <[email protected]>
  Viresh Kumar <[email protected]>
  Vitaly Kuznetsov <[email protected]>
  Vivek Goyal <[email protected]>
  Vivek Kasireddy <[email protected]>
  Vladimir Sementsov-Ogievskiy <[email protected]>
  Volker Rümelin <[email protected]>
  Wainer dos Santos Moschetta <[email protected]>
  Warner Losh <[email protected]>
  Wei Liu <[email protected]>
  Wei Wang <[email protected]>
  Willian Rampazzo <[email protected]>
  Xie Yongji <[email protected]>
  Xingang Wang <[email protected]>
  Xuzhou Cheng <[email protected]>
  YAMAMOTO Takashi <[email protected]>
  Yang Zhong <[email protected]>
  Yasuo Kuwahara <[email protected]>
  Yuri Benditovich <[email protected]>
  Yuval Shaia <[email protected]>
  Zenghui Yu <[email protected]>
  Zhang Chen <[email protected]>
  zhenwei pi <[email protected]>
  Zhenzhong Duan <[email protected]>
  Ziqiao Kong <[email protected]>

jobs:
 build-amd64-xsm                                              pass    
 build-arm64-xsm                                              pass    
 build-i386-xsm                                               pass    
 build-amd64                                                  pass    
 build-arm64                                                  pass    
 build-armhf                                                  pass    
 build-i386                                                   pass    
 build-amd64-libvirt                                          pass    
 build-arm64-libvirt                                          pass    
 build-armhf-libvirt                                          pass    
 build-i386-libvirt                                           pass    
 build-amd64-pvops                                            pass    
 build-arm64-pvops                                            pass    
 build-armhf-pvops                                            pass    
 build-i386-pvops                                             pass    
 test-amd64-amd64-xl                                          pass    
 test-amd64-coresched-amd64-xl                                pass    
 test-arm64-arm64-xl                                          pass    
 test-armhf-armhf-xl                                          pass    
 test-amd64-i386-xl                                           pass    
 test-amd64-coresched-i386-xl                                 pass    
 test-amd64-amd64-libvirt-qemuu-debianhvm-amd64-xsm           pass    
 test-amd64-i386-libvirt-qemuu-debianhvm-amd64-xsm            fail    
 test-amd64-amd64-xl-qemuu-debianhvm-i386-xsm                 pass    
 test-amd64-i386-xl-qemuu-debianhvm-i386-xsm                  pass    
 test-amd64-amd64-libvirt-xsm                                 pass    
 test-arm64-arm64-libvirt-xsm                                 pass    
 test-amd64-i386-libvirt-xsm                                  pass    
 test-amd64-amd64-xl-xsm                                      pass    
 test-arm64-arm64-xl-xsm                                      pass    
 test-amd64-i386-xl-xsm                                       pass    
 test-amd64-amd64-qemuu-nested-amd                            fail    
 test-amd64-amd64-xl-pvhv2-amd                                pass    
 test-amd64-i386-qemuu-rhel6hvm-amd                           pass    
 test-amd64-amd64-dom0pvh-xl-amd                              pass    
 test-amd64-amd64-xl-qemuu-debianhvm-amd64                    pass    
 test-amd64-i386-xl-qemuu-debianhvm-amd64                     pass    
 test-amd64-i386-freebsd10-amd64                              pass    
 test-amd64-amd64-qemuu-freebsd11-amd64                       pass    
 test-amd64-amd64-qemuu-freebsd12-amd64                       pass    
 test-amd64-amd64-xl-qemuu-ovmf-amd64                         pass    
 test-amd64-i386-xl-qemuu-ovmf-amd64                          pass    
 test-amd64-amd64-xl-qemuu-win7-amd64                         fail    
 test-amd64-i386-xl-qemuu-win7-amd64                          fail    
 test-amd64-amd64-xl-qemuu-ws16-amd64                         fail    
 test-amd64-i386-xl-qemuu-ws16-amd64                          fail    
 test-armhf-armhf-xl-arndale                                  pass    
 test-amd64-amd64-xl-credit1                                  pass    
 test-arm64-arm64-xl-credit1                                  pass    
 test-armhf-armhf-xl-credit1                                  pass    
 test-amd64-amd64-xl-credit2                                  pass    
 test-arm64-arm64-xl-credit2                                  pass    
 test-armhf-armhf-xl-credit2                                  pass    
 test-armhf-armhf-xl-cubietruck                               pass    
 test-amd64-amd64-xl-qemuu-dmrestrict-amd64-dmrestrict        pass    
 test-amd64-i386-xl-qemuu-dmrestrict-amd64-dmrestrict         pass    
 test-amd64-i386-freebsd10-i386                               pass    
 test-amd64-amd64-qemuu-nested-intel                          pass    
 test-amd64-amd64-xl-pvhv2-intel                              pass    
 test-amd64-i386-qemuu-rhel6hvm-intel                         pass    
 test-amd64-amd64-dom0pvh-xl-intel                            pass    
 test-amd64-amd64-libvirt                                     pass    
 test-armhf-armhf-libvirt                                     pass    
 test-amd64-i386-libvirt                                      pass    
 test-amd64-amd64-xl-multivcpu                                pass    
 test-armhf-armhf-xl-multivcpu                                pass    
 test-amd64-amd64-pair                                        pass    
 test-amd64-i386-pair                                         pass    
 test-amd64-amd64-libvirt-pair                                pass    
 test-amd64-i386-libvirt-pair                                 pass    
 test-amd64-amd64-xl-pvshim                                   pass    
 test-amd64-i386-xl-pvshim                                    fail    
 test-amd64-amd64-pygrub                                      pass    
 test-amd64-amd64-xl-qcow2                                    pass    
 test-armhf-armhf-libvirt-raw                                 pass    
 test-amd64-i386-xl-raw                                       pass    
 test-amd64-amd64-xl-rtds                                     pass    
 test-armhf-armhf-xl-rtds                                     pass    
 test-arm64-arm64-xl-seattle                                  pass    
 test-amd64-amd64-xl-qemuu-debianhvm-amd64-shadow             pass    
 test-amd64-i386-xl-qemuu-debianhvm-amd64-shadow              pass    
 test-amd64-amd64-xl-shadow                                   pass    
 test-amd64-i386-xl-shadow                                    pass    
 test-arm64-arm64-xl-thunderx                                 pass    
 test-amd64-amd64-libvirt-vhd                                 pass    
 test-armhf-armhf-xl-vhd                                      pass    


------------------------------------------------------------
sg-report-flight on osstest.test-lab.xenproject.org
logs: /home/logs/logs
images: /home/logs/images

Logs, config files, etc. are available at
    http://logs.test-lab.xenproject.org/osstest/logs

Explanation of these reports, and of osstest in general, is at
    http://xenbits.xen.org/gitweb/?p=osstest.git;a=blob;f=README.email;hb=master
    http://xenbits.xen.org/gitweb/?p=osstest.git;a=blob;f=README;hb=master

Test harness code can be found at
    http://xenbits.xen.org/gitweb?p=osstest.git;a=summary


Pushing revision :

To xenbits.xen.org:/home/xen/git/qemu-xen.git
   136c34c9bc..b6e539830b  b6e539830bf45e2d7a6bd86ddfdf003088b173b0 -> master

Reply via email to