flight 164501 linux-5.4 real [real] http://logs.test-lab.xenproject.org/osstest/logs/164501/
Failures :-/ but no regressions. Tests which did not succeed, but are not blocking: test-amd64-amd64-xl-qemuu-win7-amd64 19 guest-stop fail like 164312 test-amd64-i386-xl-qemut-win7-amd64 19 guest-stop fail like 164312 test-amd64-amd64-xl-qemut-win7-amd64 19 guest-stop fail like 164312 test-armhf-armhf-libvirt 16 saverestore-support-check fail like 164312 test-amd64-amd64-qemuu-nested-amd 20 debian-hvm-install/l1/l2 fail like 164312 test-amd64-amd64-xl-qemuu-ws16-amd64 19 guest-stop fail like 164312 test-amd64-amd64-xl-qemut-ws16-amd64 19 guest-stop fail like 164312 test-amd64-i386-xl-qemuu-win7-amd64 19 guest-stop fail like 164312 test-amd64-i386-xl-qemut-ws16-amd64 19 guest-stop fail like 164312 test-armhf-armhf-libvirt-raw 15 saverestore-support-check fail like 164312 test-amd64-i386-xl-qemuu-ws16-amd64 19 guest-stop fail like 164312 test-amd64-i386-xl-pvshim 14 guest-start fail never pass test-arm64-arm64-xl-seattle 15 migrate-support-check fail never pass test-arm64-arm64-xl-seattle 16 saverestore-support-check fail never pass test-amd64-i386-libvirt-xsm 15 migrate-support-check fail never pass test-amd64-amd64-libvirt-xsm 15 migrate-support-check fail never pass test-amd64-amd64-libvirt 15 migrate-support-check fail never pass test-amd64-i386-libvirt 15 migrate-support-check fail never pass test-arm64-arm64-libvirt-xsm 15 migrate-support-check fail never pass test-arm64-arm64-libvirt-xsm 16 saverestore-support-check fail never pass test-arm64-arm64-xl-credit1 15 migrate-support-check fail never pass test-arm64-arm64-xl 15 migrate-support-check fail never pass test-arm64-arm64-xl-credit1 16 saverestore-support-check fail never pass test-arm64-arm64-xl 16 saverestore-support-check fail never pass test-arm64-arm64-xl-xsm 15 migrate-support-check fail never pass test-arm64-arm64-xl-xsm 16 saverestore-support-check fail never pass test-arm64-arm64-xl-credit2 15 migrate-support-check fail never pass test-arm64-arm64-xl-credit2 16 saverestore-support-check fail never pass test-arm64-arm64-xl-thunderx 15 migrate-support-check fail never pass test-arm64-arm64-xl-thunderx 16 saverestore-support-check fail never pass test-amd64-amd64-libvirt-qemuu-debianhvm-amd64-xsm 13 migrate-support-check fail never pass test-armhf-armhf-xl-arndale 15 migrate-support-check fail never pass test-armhf-armhf-xl-arndale 16 saverestore-support-check fail never pass test-amd64-i386-libvirt-qemuu-debianhvm-amd64-xsm 13 migrate-support-check fail never pass test-amd64-amd64-libvirt-vhd 14 migrate-support-check fail never pass test-armhf-armhf-xl-credit2 15 migrate-support-check fail never pass test-armhf-armhf-xl-credit2 16 saverestore-support-check fail never pass test-armhf-armhf-xl 15 migrate-support-check fail never pass test-armhf-armhf-xl 16 saverestore-support-check fail never pass test-armhf-armhf-xl-credit1 15 migrate-support-check fail never pass test-armhf-armhf-xl-credit1 16 saverestore-support-check fail never pass test-armhf-armhf-xl-rtds 15 migrate-support-check fail never pass test-armhf-armhf-xl-rtds 16 saverestore-support-check fail never pass test-armhf-armhf-xl-multivcpu 15 migrate-support-check fail never pass test-armhf-armhf-xl-multivcpu 16 saverestore-support-check fail never pass test-armhf-armhf-xl-cubietruck 15 migrate-support-check fail never pass test-armhf-armhf-xl-cubietruck 16 saverestore-support-check fail never pass test-armhf-armhf-libvirt 15 migrate-support-check fail never pass test-armhf-armhf-libvirt-raw 14 migrate-support-check fail never pass test-armhf-armhf-xl-vhd 14 migrate-support-check fail never pass test-armhf-armhf-xl-vhd 15 saverestore-support-check fail never pass version targeted for testing: linux fd80923202c6bfd723742fc32426a7aa3632abaa baseline version: linux c15b830f7c1cafd34035a46485716933f66ab753 Last test of basis 164312 2021-08-21 17:24:53 Z 6 days Testing same since 164501 2021-08-26 13:42:10 Z 1 days 1 attempts ------------------------------------------------------------ People who touched revisions under test: Adrian Larumbe <[email protected]> Alan Stern <[email protected]> Alex Deucher <[email protected]> Andreas Persson <[email protected]> Andrew Morton <[email protected]> Andy Shevchenko <[email protected]> Arkadiusz Kubalewski <[email protected]> Arnd Bergmann <[email protected]> Aurabindo Pillai <[email protected]> Bing Guo <[email protected]> Bjorn Helgaas <[email protected]> Borislav Petkov <[email protected]> Chris Down <[email protected]> Christoph Hellwig <[email protected]> Dan Carpenter <[email protected]> Daniel Borkmann <[email protected]> Dave Gerlach <[email protected]> Dave Switzer <[email protected]> David S. Miller <[email protected]> David Sterba <[email protected]> Dinghao Liu <[email protected]> Dongliang Mu <[email protected]> Evgeny Novikov <[email protected]> Florian Westphal <[email protected]> Frank Wunderlich <[email protected]> George Kennedy <[email protected]> Greg Kroah-Hartman <[email protected]> Guenter Roeck <[email protected]> Gurucharan G <[email protected]> Hans Verkuil <[email protected]> Harshvardhan Jha <[email protected]> Hulk Robot <[email protected]> Ilya Leoshkevich <[email protected]> Ivan <[email protected]> Ivan T. Ivanov <[email protected]> Jakub Kicinski <[email protected]> Jaroslav Kysela <[email protected]> Jason Wang <[email protected]> Jeff Layton <[email protected]> Joerg Roedel <[email protected]> Johannes Weiner <[email protected]> Jouni Malinen <[email protected]> kaixi.fan <[email protected]> Kalle Valo <[email protected]> Kevin Hilman <[email protected]> Lahav Schlesinger <[email protected]> lijinlin <[email protected]> Linus Torvalds <[email protected]> Linus Walleij <[email protected]> Linux Kernel Functional Testing <[email protected]> Marc Zyngier <[email protected]> Marcel Holtmann <[email protected]> Marcin Bachry <[email protected]> Marek Behún <[email protected]> Mark Brown <[email protected]> Martin K. Petersen <[email protected]> Mateusz Palczewski <[email protected]> Mauro Carvalho Chehab <[email protected]> Michael Chan <[email protected]> Michael S. Tsirkin <[email protected]> Michal Hocko <[email protected]> Miklos Szeredi <[email protected]> Miquel Raynal <[email protected]> Murphy Zhou <[email protected]> NeilBrown <[email protected]> Ole Bjørn Midtbø <[email protected]> Pablo Neira Ayuso <[email protected]> Parav Pandit <[email protected]> Pavel Skripkin <[email protected]> Peter Ujfalusi <[email protected]> Przemyslaw Patynowski <[email protected]> Randy Dunlap <[email protected]> Ritesh Harjani <[email protected]> Roman Gushchin <[email protected]> Saravana Kannan <[email protected]> Sasha Levin <[email protected]> Sergey Marinkevich <[email protected]> Shuah Khan <[email protected]> Sreekanth Reddy <[email protected]> Srinivas Kandagatla <[email protected]> Steven Rostedt (VMware) <[email protected]> Sudeep Holla <[email protected]> Sudip Mukherjee <[email protected]> Sumit Saxena <[email protected]> Sylwester Dziedziuch <[email protected]> Takashi Iwai <[email protected]> Theodore Ts'o <[email protected]> Thomas Gleixner <[email protected]> Tony Lindgren <[email protected]> Tony Nguyen <[email protected]> Ulf Hansson <[email protected]> Vincent Whitchurch <[email protected]> Vinod Koul <[email protected]> Viresh Kumar <[email protected]> Wu Bo <[email protected]> Xie Yongji <[email protected]> xiexiaohui <[email protected]> Xuan Zhuo <[email protected]> Yafang Shao <[email protected]> Ye Bin <[email protected]> Yu Kuai <[email protected]> jobs: build-amd64-xsm pass build-arm64-xsm pass build-i386-xsm pass build-amd64 pass build-arm64 pass build-armhf pass build-i386 pass build-amd64-libvirt pass build-arm64-libvirt pass build-armhf-libvirt pass build-i386-libvirt pass build-amd64-pvops pass build-arm64-pvops pass build-armhf-pvops pass build-i386-pvops pass test-amd64-amd64-xl pass test-amd64-coresched-amd64-xl pass test-arm64-arm64-xl pass test-armhf-armhf-xl pass test-amd64-i386-xl pass test-amd64-coresched-i386-xl pass test-amd64-amd64-libvirt-qemuu-debianhvm-amd64-xsm pass test-amd64-i386-libvirt-qemuu-debianhvm-amd64-xsm pass test-amd64-amd64-xl-qemut-stubdom-debianhvm-amd64-xsm pass test-amd64-i386-xl-qemut-stubdom-debianhvm-amd64-xsm pass test-amd64-amd64-xl-qemut-debianhvm-i386-xsm pass test-amd64-i386-xl-qemut-debianhvm-i386-xsm pass test-amd64-amd64-xl-qemuu-debianhvm-i386-xsm pass test-amd64-i386-xl-qemuu-debianhvm-i386-xsm pass test-amd64-amd64-libvirt-xsm pass test-arm64-arm64-libvirt-xsm pass test-amd64-i386-libvirt-xsm pass test-amd64-amd64-xl-xsm pass test-arm64-arm64-xl-xsm pass test-amd64-i386-xl-xsm pass test-amd64-amd64-qemuu-nested-amd fail test-amd64-amd64-xl-pvhv2-amd pass test-amd64-i386-qemut-rhel6hvm-amd pass test-amd64-i386-qemuu-rhel6hvm-amd pass test-amd64-amd64-dom0pvh-xl-amd pass test-amd64-amd64-xl-qemut-debianhvm-amd64 pass test-amd64-i386-xl-qemut-debianhvm-amd64 pass test-amd64-amd64-xl-qemuu-debianhvm-amd64 pass test-amd64-i386-xl-qemuu-debianhvm-amd64 pass test-amd64-i386-freebsd10-amd64 pass test-amd64-amd64-qemuu-freebsd11-amd64 pass test-amd64-amd64-qemuu-freebsd12-amd64 pass test-amd64-amd64-xl-qemuu-ovmf-amd64 pass test-amd64-i386-xl-qemuu-ovmf-amd64 pass test-amd64-amd64-xl-qemut-win7-amd64 fail test-amd64-i386-xl-qemut-win7-amd64 fail test-amd64-amd64-xl-qemuu-win7-amd64 fail test-amd64-i386-xl-qemuu-win7-amd64 fail test-amd64-amd64-xl-qemut-ws16-amd64 fail test-amd64-i386-xl-qemut-ws16-amd64 fail test-amd64-amd64-xl-qemuu-ws16-amd64 fail test-amd64-i386-xl-qemuu-ws16-amd64 fail test-armhf-armhf-xl-arndale pass test-amd64-amd64-xl-credit1 pass test-arm64-arm64-xl-credit1 pass test-armhf-armhf-xl-credit1 pass test-amd64-amd64-xl-credit2 pass test-arm64-arm64-xl-credit2 pass test-armhf-armhf-xl-credit2 pass test-armhf-armhf-xl-cubietruck pass test-amd64-amd64-xl-qemuu-dmrestrict-amd64-dmrestrict pass test-amd64-i386-xl-qemuu-dmrestrict-amd64-dmrestrict pass test-amd64-amd64-examine pass test-arm64-arm64-examine pass test-armhf-armhf-examine pass test-amd64-i386-examine pass test-amd64-i386-freebsd10-i386 pass test-amd64-amd64-qemuu-nested-intel pass test-amd64-amd64-xl-pvhv2-intel pass test-amd64-i386-qemut-rhel6hvm-intel pass test-amd64-i386-qemuu-rhel6hvm-intel pass test-amd64-amd64-dom0pvh-xl-intel pass test-amd64-amd64-libvirt pass test-armhf-armhf-libvirt pass test-amd64-i386-libvirt pass test-amd64-amd64-xl-multivcpu pass test-armhf-armhf-xl-multivcpu pass test-amd64-amd64-pair pass test-amd64-i386-pair pass test-amd64-amd64-libvirt-pair pass test-amd64-i386-libvirt-pair pass test-amd64-amd64-xl-pvshim pass test-amd64-i386-xl-pvshim fail test-amd64-amd64-pygrub pass test-amd64-amd64-xl-qcow2 pass test-armhf-armhf-libvirt-raw pass test-amd64-i386-xl-raw pass test-amd64-amd64-xl-rtds pass test-armhf-armhf-xl-rtds pass test-arm64-arm64-xl-seattle pass test-amd64-amd64-xl-qemuu-debianhvm-amd64-shadow pass test-amd64-i386-xl-qemuu-debianhvm-amd64-shadow pass test-amd64-amd64-xl-shadow pass test-amd64-i386-xl-shadow pass test-arm64-arm64-xl-thunderx pass test-amd64-amd64-libvirt-vhd pass test-armhf-armhf-xl-vhd pass ------------------------------------------------------------ sg-report-flight on osstest.test-lab.xenproject.org logs: /home/logs/logs images: /home/logs/images Logs, config files, etc. are available at http://logs.test-lab.xenproject.org/osstest/logs Explanation of these reports, and of osstest in general, is at http://xenbits.xen.org/gitweb/?p=osstest.git;a=blob;f=README.email;hb=master http://xenbits.xen.org/gitweb/?p=osstest.git;a=blob;f=README;hb=master Test harness code can be found at http://xenbits.xen.org/gitweb?p=osstest.git;a=summary Pushing revision : hint: The 'hooks/update' hook was ignored because it's not set as executable. hint: You can disable this warning with `git config advice.ignoredHook false`. hint: The 'hooks/post-receive' hook was ignored because it's not set as executable. hint: You can disable this warning with `git config advice.ignoredHook false`. hint: The 'hooks/post-update' hook was ignored because it's not set as executable. hint: You can disable this warning with `git config advice.ignoredHook false`. To xenbits.xen.org:/home/xen/git/linux-pvops.git c15b830f7c1c..fd80923202c6 fd80923202c6bfd723742fc32426a7aa3632abaa -> tested/linux-5.4
