flight 164240 linux-5.4 real [real]
flight 164250 linux-5.4 real-retest [real]
http://logs.test-lab.xenproject.org/osstest/logs/164240/
http://logs.test-lab.xenproject.org/osstest/logs/164250/

Regressions :-(

Tests which did not succeed and are blocking,
including tests which could not be run:
 test-amd64-amd64-i386-pvgrub 12 debian-di-install        fail REGR. vs. 164131
 test-amd64-amd64-amd64-pvgrub 12 debian-di-install       fail REGR. vs. 164131

Tests which are failing intermittently (not blocking):
 test-amd64-amd64-examine      4 memdisk-try-append  fail pass in 164250-retest

Regressions which are regarded as allowable (not blocking):
 test-amd64-amd64-xl-rtds     20 guest-localmigrate/x10   fail REGR. vs. 164131
 test-armhf-armhf-xl-rtds    18 guest-start/debian.repeat fail REGR. vs. 164131

Tests which did not succeed, but are not blocking:
 test-amd64-amd64-xl-qemuu-win7-amd64 19 guest-stop            fail like 164131
 test-amd64-i386-xl-qemut-win7-amd64 19 guest-stop             fail like 164131
 test-amd64-amd64-xl-qemut-win7-amd64 19 guest-stop            fail like 164131
 test-armhf-armhf-libvirt     16 saverestore-support-check    fail  like 164131
 test-amd64-amd64-qemuu-nested-amd 20 debian-hvm-install/l1/l2 fail like 164131
 test-amd64-amd64-xl-qemuu-ws16-amd64 19 guest-stop            fail like 164131
 test-amd64-amd64-xl-qemut-ws16-amd64 19 guest-stop            fail like 164131
 test-amd64-i386-xl-qemuu-win7-amd64 19 guest-stop             fail like 164131
 test-amd64-i386-xl-qemut-ws16-amd64 19 guest-stop             fail like 164131
 test-armhf-armhf-libvirt-raw 15 saverestore-support-check    fail  like 164131
 test-amd64-i386-xl-qemuu-ws16-amd64 19 guest-stop             fail like 164131
 test-amd64-i386-xl-pvshim    14 guest-start                  fail   never pass
 test-arm64-arm64-xl-seattle  15 migrate-support-check        fail   never pass
 test-arm64-arm64-xl-seattle  16 saverestore-support-check    fail   never pass
 test-amd64-i386-libvirt-xsm  15 migrate-support-check        fail   never pass
 test-amd64-amd64-libvirt     15 migrate-support-check        fail   never pass
 test-amd64-amd64-libvirt-xsm 15 migrate-support-check        fail   never pass
 test-amd64-i386-libvirt      15 migrate-support-check        fail   never pass
 test-arm64-arm64-xl          15 migrate-support-check        fail   never pass
 test-arm64-arm64-xl          16 saverestore-support-check    fail   never pass
 test-arm64-arm64-xl-credit1  15 migrate-support-check        fail   never pass
 test-arm64-arm64-xl-xsm      15 migrate-support-check        fail   never pass
 test-arm64-arm64-xl-credit1  16 saverestore-support-check    fail   never pass
 test-arm64-arm64-xl-xsm      16 saverestore-support-check    fail   never pass
 test-arm64-arm64-xl-thunderx 15 migrate-support-check        fail   never pass
 test-arm64-arm64-xl-thunderx 16 saverestore-support-check    fail   never pass
 test-arm64-arm64-libvirt-xsm 15 migrate-support-check        fail   never pass
 test-arm64-arm64-libvirt-xsm 16 saverestore-support-check    fail   never pass
 test-armhf-armhf-xl-arndale  15 migrate-support-check        fail   never pass
 test-armhf-armhf-xl-arndale  16 saverestore-support-check    fail   never pass
 test-amd64-amd64-libvirt-qemuu-debianhvm-amd64-xsm 13 migrate-support-check 
fail never pass
 test-amd64-i386-libvirt-qemuu-debianhvm-amd64-xsm 13 migrate-support-check 
fail never pass
 test-amd64-amd64-libvirt-vhd 14 migrate-support-check        fail   never pass
 test-armhf-armhf-xl-credit2  15 migrate-support-check        fail   never pass
 test-armhf-armhf-xl-credit2  16 saverestore-support-check    fail   never pass
 test-armhf-armhf-xl          15 migrate-support-check        fail   never pass
 test-armhf-armhf-xl          16 saverestore-support-check    fail   never pass
 test-armhf-armhf-xl-credit1  15 migrate-support-check        fail   never pass
 test-armhf-armhf-xl-credit1  16 saverestore-support-check    fail   never pass
 test-armhf-armhf-xl-multivcpu 15 migrate-support-check        fail  never pass
 test-armhf-armhf-xl-multivcpu 16 saverestore-support-check    fail  never pass
 test-armhf-armhf-xl-rtds     15 migrate-support-check        fail   never pass
 test-armhf-armhf-xl-rtds     16 saverestore-support-check    fail   never pass
 test-armhf-armhf-xl-cubietruck 15 migrate-support-check        fail never pass
 test-armhf-armhf-xl-cubietruck 16 saverestore-support-check    fail never pass
 test-armhf-armhf-libvirt     15 migrate-support-check        fail   never pass
 test-arm64-arm64-xl-credit2  15 migrate-support-check        fail   never pass
 test-arm64-arm64-xl-credit2  16 saverestore-support-check    fail   never pass
 test-armhf-armhf-libvirt-raw 14 migrate-support-check        fail   never pass
 test-armhf-armhf-xl-vhd      14 migrate-support-check        fail   never pass
 test-armhf-armhf-xl-vhd      15 saverestore-support-check    fail   never pass

version targeted for testing:
 linux                c15b830f7c1cafd34035a46485716933f66ab753
baseline version:
 linux                e350cd02e293be9a6b93398b2d3ff1edf7695ab2

Last test of basis   164131  2021-08-08 07:11:59 Z   11 days
Failing since        164167  2021-08-12 11:47:56 Z    6 days   12 attempts
Testing same since   164240  2021-08-18 14:18:28 Z    0 days    1 attempts

------------------------------------------------------------
People who touched revisions under test:
  Alan Stern <[email protected]>
  Alex Xu (Hello71) <[email protected]>
  Alexander Aring <[email protected]>
  Alexander Monakov <[email protected]>
  Alexander Tsoy <[email protected]>
  Alexandre Courbot <[email protected]>
  Alexei Starovoitov <[email protected]>
  Anand Jain <[email protected]>
  Andy Shevchenko <[email protected]>
  Anirudh Rayabharam <[email protected]>
  Antoine Tenart <[email protected]>
  Arnd Bergmann <[email protected]>
  Aya Levin <[email protected]>
  Babu Moger <[email protected]>
  Bartosz Golaszewski <[email protected]>
  Ben Dai <[email protected]>
  Ben Hutchings <[email protected]>
  Bixuan Cui <[email protected]>
  Bjorn Helgaas <[email protected]>
  Boris Ostrovsky <[email protected]>
  Borislav Petkov <[email protected]>
  Brian Norris <[email protected]>
  Camille Lu <[email protected]>
  Catalin Marinas <[email protected]>
  Chanho Park <[email protected]>
  chihhao.chen <[email protected]>
  Chris Lesiak <[email protected]>
  Christian Hewitt <[email protected]>
  Christoph Hellwig <[email protected]>
  Colin Ian King <[email protected]>
  Dan Carpenter <[email protected]>
  Dan Williams <[email protected]>
  Daniel Borkmann <[email protected]>
  Daniele Palmas <[email protected]>
  Dario Binacchi <[email protected]>
  David Bauer <[email protected]>
  David Lechner <[email protected]>
  David S. Miller <[email protected]>
  David Sterba <[email protected]>
  DENG Qingfang <[email protected]>
  Dmitry Osipenko <[email protected]>
  Dominik Brodowski <[email protected]>
  Dongliang Mu <[email protected]>
  Eero Lehtinen <[email protected]>
  Eric Dumazet <[email protected]>
  Fei Qin <[email protected]>
  Felipe Balbi <[email protected]>
  Filipe Manana <[email protected]>
  Florian Eckert <[email protected]>
  Greg Kroah-Hartman <[email protected]>
  Gregory CLEMENT <[email protected]>
  Guenter Roeck <[email protected]>
  Guido Kiener <[email protected]>
  Guoqing Jiang <[email protected]>
  H. Nikolaus Schaller <[email protected]>
  Hangbin Liu <[email protected]>
  Hans de Goede <[email protected]>
  Hans Verkuil <[email protected]>
  Hervé Codina <[email protected]>
  Hui Su <[email protected]>
  Hulk Robot <[email protected]>
  Ilya Dryomov <[email protected]>
  Jakub Kicinski <[email protected]>
  Jakub Sitnicki <[email protected]>
  Jan Kara <[email protected]>
  Jarkko Sakkinen <[email protected]>
  Jeff Layton <[email protected]>
  Jens Axboe <[email protected]>
  Jens Wiklander <[email protected]>
  Johan Hovold <[email protected]>
  Johannes Berg <[email protected]>
  Jon Hunter <[email protected]>
  Jonathan Cameron <[email protected]>
  Juergen Borleis <[email protected]>
  Kees Cook <[email protected]>
  Kieran Bingham <[email protected]>
  Kim Phillips <[email protected]>
  Konrad Jankowski <[email protected]>
  Lai Jiangshan <[email protected]>
  Letu Ren <[email protected]>
  Li Manyi <[email protected]>
  Liam Merwick <[email protected]>
  Like Xu <[email protected]>
  Linus Torvalds <[email protected]>
  Linus Walleij <[email protected]>
  Linux Kernel Functional Testing <[email protected]>
  Longfang Liu <[email protected]>
  Longpeng(Mike) <[email protected]>
  Louis Peens <[email protected]>
  Lu Baolu <[email protected]>
  Luis Chamberlain <[email protected]>
  Luis Henriques <[email protected]>
  Luiz Augusto von Dentz <[email protected]>
  Luke D Jones <[email protected]>
  Maciej W. Rozycki <[email protected]>
  Marc Zyngier <[email protected]>
  Marco Elver <[email protected]>
  Marek Szyprowski <[email protected]>
  Marek Vasut <[email protected]>
  Mario Kleiner <[email protected]>
  Mark Brown <[email protected]>
  Mark Rutland <[email protected]>
  Martin K. Petersen <[email protected]>
  Masahiro Yamada <[email protected]>
  Masami Hiramatsu <[email protected]>
  Matt Ranostay <[email protected]>
  Matt Turner <[email protected]>
  Matteo Croce <[email protected]>
  Matthias Schiffer <[email protected]>
  Mauro Carvalho Chehab <[email protected]>
  Maxim Devaev <[email protected]>
  Maxim Levitsky <[email protected]>
  Maxime Chevallier <[email protected]>
  Maximilian Heyne <[email protected]>
  Md Fahad Iqbal Polash <[email protected]>
  Michael Ellerman <[email protected]>
  Michael Tretter <[email protected]>
  Miklos Szeredi <[email protected]>
  Nathan Chancellor <[email protected]>
  Neal Cardwell <[email protected]>
  Neil Armstrong <[email protected]>
  Nikolay Aleksandrov <[email protected]>
  Nikolay Borisov <[email protected]>
  Oleksandr Suvorov <[email protected]>
  Ovidiu Panait <[email protected]>
  Pablo Neira Ayuso <[email protected]>
  Pali Rohár <[email protected]>
  Paolo Bonzini <[email protected]>
  Pavel Machek (CIP) <[email protected]>
  Pavel Skripkin <[email protected]>
  Pawel Laszczak <[email protected]>
  Peter Chen <[email protected]>
  Peter Zijlstra (Intel) <[email protected]>
  Phil Elwell <[email protected]>
  Philip Milev <[email protected]>
  Prarit Bhargava <[email protected]>
  Pu Lehui <[email protected]>
  Qiang.zhang <[email protected]>
  Qu Wenruo <[email protected]>
  Rafael J. Wysocki <[email protected]>
  Randy Dunlap <[email protected]>
  Reinette Chatre <[email protected]>
  Richard Fitzgerald <[email protected]>
  Roi Dayan <[email protected]>
  Russell King (Oracle) <[email protected]>
  Saeed Mahameed <[email protected]>
  Saeed Mirzamohammadi <[email protected]>
  Sasha Levin <[email protected]>
  Sean Christopherson <[email protected]>
  Sean Young <[email protected]>
  Sebastian Andrzej Siewior <[email protected]>
  Shawn Guo <[email protected]>
  Shreyansh Chouhan <[email protected]>
  Shuah Khan <[email protected]>
  Simon Horman <[email protected]>
  Song Liu <[email protected]>
  Stas Sergeev <[email protected]>
  Stefan Schmidt <[email protected]>
  Stephen Boyd <[email protected]>
  Steve Bennett <[email protected]>
  Steven Rostedt (VMware) <[email protected]>
  Sudip Mukherjee <[email protected]>
  Sumit Garg <[email protected]>
  [email protected]
  Takashi Iwai <[email protected]>
  Takeshi Misawa <[email protected]>
  Tejun Heo <[email protected]>
  Tetsuo Handa <[email protected]>
  Theodore Ts'o <[email protected]>
  Thierry Reding <[email protected]>
  Thomas Gleixner <[email protected]>
  Tony Lindgren <[email protected]>
  Tony Nguyen <[email protected]>
  Tyler Hicks <[email protected]>
  Uwe Kleine-König <[email protected]>
  Vinod Koul <[email protected]>
  Vladimir Oltean <[email protected]>
  Wang Hai <[email protected]>
  Wei Shuyu <[email protected]>
  Wesley Cheng <[email protected]>
  Will Deacon <[email protected]>
  Willy Tarreau <[email protected]>
  Wolfram Sang <[email protected]>
  Xiangyang Zhang <[email protected]>
  Xie Yongji <[email protected]>
  Xin Long <[email protected]>
  Yajun Deng <[email protected]>
  Yang Yingliang <[email protected]>
  Yu Kuai <[email protected]>
  YueHaibing <[email protected]>
  Zheyu Ma <[email protected]>
  Zhiyong Tao <[email protected]>

jobs:
 build-amd64-xsm                                              pass    
 build-arm64-xsm                                              pass    
 build-i386-xsm                                               pass    
 build-amd64                                                  pass    
 build-arm64                                                  pass    
 build-armhf                                                  pass    
 build-i386                                                   pass    
 build-amd64-libvirt                                          pass    
 build-arm64-libvirt                                          pass    
 build-armhf-libvirt                                          pass    
 build-i386-libvirt                                           pass    
 build-amd64-pvops                                            pass    
 build-arm64-pvops                                            pass    
 build-armhf-pvops                                            pass    
 build-i386-pvops                                             pass    
 test-amd64-amd64-xl                                          pass    
 test-amd64-coresched-amd64-xl                                pass    
 test-arm64-arm64-xl                                          pass    
 test-armhf-armhf-xl                                          pass    
 test-amd64-i386-xl                                           pass    
 test-amd64-coresched-i386-xl                                 pass    
 test-amd64-amd64-libvirt-qemuu-debianhvm-amd64-xsm           pass    
 test-amd64-i386-libvirt-qemuu-debianhvm-amd64-xsm            pass    
 test-amd64-amd64-xl-qemut-stubdom-debianhvm-amd64-xsm        pass    
 test-amd64-i386-xl-qemut-stubdom-debianhvm-amd64-xsm         pass    
 test-amd64-amd64-xl-qemut-debianhvm-i386-xsm                 pass    
 test-amd64-i386-xl-qemut-debianhvm-i386-xsm                  pass    
 test-amd64-amd64-xl-qemuu-debianhvm-i386-xsm                 pass    
 test-amd64-i386-xl-qemuu-debianhvm-i386-xsm                  pass    
 test-amd64-amd64-libvirt-xsm                                 pass    
 test-arm64-arm64-libvirt-xsm                                 pass    
 test-amd64-i386-libvirt-xsm                                  pass    
 test-amd64-amd64-xl-xsm                                      pass    
 test-arm64-arm64-xl-xsm                                      pass    
 test-amd64-i386-xl-xsm                                       pass    
 test-amd64-amd64-qemuu-nested-amd                            fail    
 test-amd64-amd64-xl-pvhv2-amd                                pass    
 test-amd64-i386-qemut-rhel6hvm-amd                           pass    
 test-amd64-i386-qemuu-rhel6hvm-amd                           pass    
 test-amd64-amd64-dom0pvh-xl-amd                              pass    
 test-amd64-amd64-xl-qemut-debianhvm-amd64                    pass    
 test-amd64-i386-xl-qemut-debianhvm-amd64                     pass    
 test-amd64-amd64-xl-qemuu-debianhvm-amd64                    pass    
 test-amd64-i386-xl-qemuu-debianhvm-amd64                     pass    
 test-amd64-i386-freebsd10-amd64                              pass    
 test-amd64-amd64-qemuu-freebsd11-amd64                       pass    
 test-amd64-amd64-qemuu-freebsd12-amd64                       pass    
 test-amd64-amd64-xl-qemuu-ovmf-amd64                         pass    
 test-amd64-i386-xl-qemuu-ovmf-amd64                          pass    
 test-amd64-amd64-xl-qemut-win7-amd64                         fail    
 test-amd64-i386-xl-qemut-win7-amd64                          fail    
 test-amd64-amd64-xl-qemuu-win7-amd64                         fail    
 test-amd64-i386-xl-qemuu-win7-amd64                          fail    
 test-amd64-amd64-xl-qemut-ws16-amd64                         fail    
 test-amd64-i386-xl-qemut-ws16-amd64                          fail    
 test-amd64-amd64-xl-qemuu-ws16-amd64                         fail    
 test-amd64-i386-xl-qemuu-ws16-amd64                          fail    
 test-armhf-armhf-xl-arndale                                  pass    
 test-amd64-amd64-xl-credit1                                  pass    
 test-arm64-arm64-xl-credit1                                  pass    
 test-armhf-armhf-xl-credit1                                  pass    
 test-amd64-amd64-xl-credit2                                  pass    
 test-arm64-arm64-xl-credit2                                  pass    
 test-armhf-armhf-xl-credit2                                  pass    
 test-armhf-armhf-xl-cubietruck                               pass    
 test-amd64-amd64-xl-qemuu-dmrestrict-amd64-dmrestrict        pass    
 test-amd64-i386-xl-qemuu-dmrestrict-amd64-dmrestrict         pass    
 test-amd64-amd64-examine                                     pass    
 test-arm64-arm64-examine                                     pass    
 test-armhf-armhf-examine                                     pass    
 test-amd64-i386-examine                                      pass    
 test-amd64-i386-freebsd10-i386                               pass    
 test-amd64-amd64-qemuu-nested-intel                          pass    
 test-amd64-amd64-xl-pvhv2-intel                              pass    
 test-amd64-i386-qemut-rhel6hvm-intel                         pass    
 test-amd64-i386-qemuu-rhel6hvm-intel                         pass    
 test-amd64-amd64-dom0pvh-xl-intel                            pass    
 test-amd64-amd64-libvirt                                     pass    
 test-armhf-armhf-libvirt                                     pass    
 test-amd64-i386-libvirt                                      pass    
 test-amd64-amd64-xl-multivcpu                                pass    
 test-armhf-armhf-xl-multivcpu                                pass    
 test-amd64-amd64-pair                                        pass    
 test-amd64-i386-pair                                         pass    
 test-amd64-amd64-libvirt-pair                                pass    
 test-amd64-i386-libvirt-pair                                 pass    
 test-amd64-amd64-amd64-pvgrub                                fail    
 test-amd64-amd64-i386-pvgrub                                 fail    
 test-amd64-amd64-xl-pvshim                                   pass    
 test-amd64-i386-xl-pvshim                                    fail    
 test-amd64-amd64-pygrub                                      pass    
 test-amd64-amd64-xl-qcow2                                    pass    
 test-armhf-armhf-libvirt-raw                                 pass    
 test-amd64-i386-xl-raw                                       pass    
 test-amd64-amd64-xl-rtds                                     fail    
 test-armhf-armhf-xl-rtds                                     fail    
 test-arm64-arm64-xl-seattle                                  pass    
 test-amd64-amd64-xl-qemuu-debianhvm-amd64-shadow             pass    
 test-amd64-i386-xl-qemuu-debianhvm-amd64-shadow              pass    
 test-amd64-amd64-xl-shadow                                   pass    
 test-amd64-i386-xl-shadow                                    pass    
 test-arm64-arm64-xl-thunderx                                 pass    
 test-amd64-amd64-libvirt-vhd                                 pass    
 test-armhf-armhf-xl-vhd                                      pass    


------------------------------------------------------------
sg-report-flight on osstest.test-lab.xenproject.org
logs: /home/logs/logs
images: /home/logs/images

Logs, config files, etc. are available at
    http://logs.test-lab.xenproject.org/osstest/logs

Explanation of these reports, and of osstest in general, is at
    http://xenbits.xen.org/gitweb/?p=osstest.git;a=blob;f=README.email;hb=master
    http://xenbits.xen.org/gitweb/?p=osstest.git;a=blob;f=README;hb=master

Test harness code can be found at
    http://xenbits.xen.org/gitweb?p=osstest.git;a=summary


Not pushing.

(No revision log; it would be 5646 lines long.)

Reply via email to