flight 164023 linux-5.4 real [real]
flight 164027 linux-5.4 real-retest [real]
http://logs.test-lab.xenproject.org/osstest/logs/164023/
http://logs.test-lab.xenproject.org/osstest/logs/164027/

Regressions :-(

Tests which did not succeed and are blocking,
including tests which could not be run:
 test-amd64-i386-xl-qemuu-ovmf-amd64 15 guest-saverestore fail REGR. vs. 163985
 test-amd64-amd64-xl-qemuu-ovmf-amd64 15 guest-saverestore fail REGR. vs. 163985

Tests which are failing intermittently (not blocking):
 test-amd64-i386-xl-qemuu-debianhvm-i386-xsm 12 debian-hvm-install fail pass in 
164027-retest

Regressions which are regarded as allowable (not blocking):
 test-amd64-amd64-xl-rtds     20 guest-localmigrate/x10   fail REGR. vs. 163985

Tests which did not succeed, but are not blocking:
 test-amd64-amd64-xl-qemuu-win7-amd64 19 guest-stop            fail like 163985
 test-amd64-amd64-xl-qemut-win7-amd64 19 guest-stop            fail like 163985
 test-amd64-i386-xl-qemut-win7-amd64 19 guest-stop             fail like 163985
 test-armhf-armhf-libvirt     16 saverestore-support-check    fail  like 163985
 test-amd64-amd64-xl-qemuu-ws16-amd64 19 guest-stop            fail like 163985
 test-amd64-amd64-qemuu-nested-amd 20 debian-hvm-install/l1/l2 fail like 163985
 test-armhf-armhf-xl-rtds     18 guest-start/debian.repeat    fail  like 163985
 test-amd64-amd64-xl-qemut-ws16-amd64 19 guest-stop            fail like 163985
 test-amd64-i386-xl-qemuu-win7-amd64 19 guest-stop             fail like 163985
 test-amd64-i386-xl-qemut-ws16-amd64 19 guest-stop             fail like 163985
 test-armhf-armhf-libvirt-raw 15 saverestore-support-check    fail  like 163985
 test-amd64-i386-xl-qemuu-ws16-amd64 19 guest-stop             fail like 163985
 test-amd64-i386-xl-pvshim    14 guest-start                  fail   never pass
 test-arm64-arm64-xl-seattle  15 migrate-support-check        fail   never pass
 test-arm64-arm64-xl-seattle  16 saverestore-support-check    fail   never pass
 test-arm64-arm64-xl          15 migrate-support-check        fail   never pass
 test-arm64-arm64-xl          16 saverestore-support-check    fail   never pass
 test-amd64-amd64-libvirt     15 migrate-support-check        fail   never pass
 test-amd64-i386-libvirt-xsm  15 migrate-support-check        fail   never pass
 test-amd64-amd64-libvirt-xsm 15 migrate-support-check        fail   never pass
 test-amd64-i386-libvirt      15 migrate-support-check        fail   never pass
 test-amd64-i386-libvirt-qemuu-debianhvm-amd64-xsm 13 migrate-support-check 
fail never pass
 test-arm64-arm64-libvirt-xsm 15 migrate-support-check        fail   never pass
 test-arm64-arm64-libvirt-xsm 16 saverestore-support-check    fail   never pass
 test-arm64-arm64-xl-thunderx 15 migrate-support-check        fail   never pass
 test-arm64-arm64-xl-thunderx 16 saverestore-support-check    fail   never pass
 test-arm64-arm64-xl-xsm      15 migrate-support-check        fail   never pass
 test-arm64-arm64-xl-xsm      16 saverestore-support-check    fail   never pass
 test-arm64-arm64-xl-credit2  15 migrate-support-check        fail   never pass
 test-arm64-arm64-xl-credit2  16 saverestore-support-check    fail   never pass
 test-arm64-arm64-xl-credit1  15 migrate-support-check        fail   never pass
 test-arm64-arm64-xl-credit1  16 saverestore-support-check    fail   never pass
 test-amd64-amd64-libvirt-qemuu-debianhvm-amd64-xsm 13 migrate-support-check 
fail never pass
 test-armhf-armhf-xl-arndale  15 migrate-support-check        fail   never pass
 test-armhf-armhf-xl-arndale  16 saverestore-support-check    fail   never pass
 test-amd64-amd64-libvirt-vhd 14 migrate-support-check        fail   never pass
 test-armhf-armhf-xl-multivcpu 15 migrate-support-check        fail  never pass
 test-armhf-armhf-xl-multivcpu 16 saverestore-support-check    fail  never pass
 test-armhf-armhf-xl          15 migrate-support-check        fail   never pass
 test-armhf-armhf-xl-cubietruck 15 migrate-support-check        fail never pass
 test-armhf-armhf-xl          16 saverestore-support-check    fail   never pass
 test-armhf-armhf-xl-cubietruck 16 saverestore-support-check    fail never pass
 test-armhf-armhf-xl-credit2  15 migrate-support-check        fail   never pass
 test-armhf-armhf-xl-credit2  16 saverestore-support-check    fail   never pass
 test-armhf-armhf-libvirt     15 migrate-support-check        fail   never pass
 test-armhf-armhf-xl-credit1  15 migrate-support-check        fail   never pass
 test-armhf-armhf-xl-credit1  16 saverestore-support-check    fail   never pass
 test-armhf-armhf-xl-rtds     15 migrate-support-check        fail   never pass
 test-armhf-armhf-xl-rtds     16 saverestore-support-check    fail   never pass
 test-armhf-armhf-libvirt-raw 14 migrate-support-check        fail   never pass
 test-armhf-armhf-xl-vhd      14 migrate-support-check        fail   never pass
 test-armhf-armhf-xl-vhd      15 saverestore-support-check    fail   never pass

version targeted for testing:
 linux                253dccefb5cb05c8a017150c34daf810776d914c
baseline version:
 linux                0a0beb1f9120cf49a429e12f4ea69ddd74471d68

Last test of basis   163985  2021-07-25 12:42:25 Z    3 days
Testing same since   164023  2021-07-28 11:45:03 Z    0 days    1 attempts

------------------------------------------------------------
People who touched revisions under test:
  Aaron Brown <[email protected]>
  Alain Volmat <[email protected]>
  Aleksandr Loktionov <[email protected]>
  Alexander Egorenkov <[email protected]>
  Alexander Tsoy <[email protected]>
  Amelie Delaunay <[email protected]>
  Anand Jain <[email protected]>
  Andre Przywara <[email protected]>
  Andrew Morton <[email protected]>
  Ard Biesheuvel <[email protected]>
  Arnaldo Carvalho de Melo <[email protected]>
  Axel Lin <[email protected]>
  Bjorn Helgaas <[email protected]>
  Carsten Schmid <[email protected]>
  Casey Chen <[email protected]>
  Charles Baylis <[email protected]>
  Christoph Hellwig <[email protected]>
  Christophe JAILLET <[email protected]>
  Clark Wang <[email protected]>
  Colin Ian King <[email protected]>
  Daniel Borkmann <[email protected]>
  Daniel Vetter <[email protected]>
  David Howells <[email protected]>
  David S. Miller <[email protected]>
  David Sterba <[email protected]>
  Dmitry Bogdanov <[email protected]>
  Doug Berger <[email protected]>
  Dvora Fuxbrumer <[email protected]>
  Eric Dumazet <[email protected]>
  Evan Quan <[email protected]>
  Florian Fainelli <[email protected]>
  Frank Wunderlich <[email protected]>
  Greg Kroah-Hartman <[email protected]>
  Guangbin Huang <[email protected]>
  Guenter Roeck <[email protected]>
  Gustavo A. R. Silva <[email protected]>
  Hangbin Liu <[email protected]>
  Haoran Luo <[email protected]>
  Heiko Carstens <[email protected]>
  Heiner Kallweit <[email protected]>
  Huang Pei <[email protected]>
  Hugh Dickins <[email protected]>
  Ian Ray <[email protected]>
  Ilya Dryomov <[email protected]>
  Ilya Leoshkevich <[email protected]>
  Jakub Fišer <[email protected]>
  Jakub Kicinski <[email protected]>
  Jedrzej Jagielski <[email protected]>
  Jeff Kirsher <[email protected]>
  Jian Shen <[email protected]>
  Johan Hovold <[email protected]>
  John Fastabend <[email protected]>
  John Keeping <[email protected]>
  Jon Hunter <[email protected]>
  Jonathan Cameron <[email protected]>
  Julian Sikorski <[email protected]>
  Julian Sikorski <[email protected]>
  Linus Torvalds <[email protected]>
  Linus Walleij <[email protected]>
  Linux Kernel Functional Testing <[email protected]>
  Lokesh Gidra <[email protected]>
  Marc Zyngier <[email protected]>
  Marcelo Henrique Cerri <[email protected]>
  Marco De Marco <[email protected]>
  Marek Behún <[email protected]>
  Marek Vasut <[email protected]>
  Mark Brown <[email protected]>
  Mark Tomlinson <[email protected]>
  Markus Boehme <[email protected]>
  Martin K. Petersen <[email protected]>
  Mathias Nyman <[email protected]>
  Maxim Schwalm <[email protected]>
  Maxime Ripard <[email protected]>
  Michael Chan <[email protected]>
  Michael Ellerman <[email protected]>
  Michael Neuling <[email protected]>
  Michal Suchanek <[email protected]>
  Mike Christie <[email protected]>
  Mike Kravetz <[email protected]>
  Minas Harutyunyan <[email protected]>
  Moritz Fischer <[email protected]>
  Namhyung Kim <[email protected]>
  Nguyen Dinh Phi <[email protected]>
  Nicholas Piggin <[email protected]>
  Nicolas Dichtel <[email protected]>
  Paolo Abeni <[email protected]>
  Pavel Skripkin <[email protected]>
  Peilin Ye <[email protected]>
  Peter Collingbourne <[email protected]>
  Peter Hess <[email protected]>
  Peter Ujfalusi <[email protected]>
  Raju Rangoju <[email protected]>
  Randy Dunlap <[email protected]>
  Riccardo Mancini <[email protected]>
  Robin Geuze <[email protected]>
  Roman Gushchin <[email protected]>
  Sasha Levin <[email protected]>
  Sasha Neftin <[email protected]>
  Sayanta Pattanayak <[email protected]>
  Sebastian Reichel <[email protected]>
  Shahjada Abul Husain <[email protected]>
  Shuah Khan <[email protected]>
  Somnath Kotur <[email protected]>
  Stephan Gerhold <[email protected]>
  Steven Rostedt (VMware) <[email protected]>
  Sudip Mukherjee <[email protected]>
  Sudip Mukherjee <[email protected]>
  Takashi Iwai <[email protected]>
  Thadeu Lima de Souza Cascardo <[email protected]>
  Thierry Reding <[email protected]>
  Tobias Klauser <[email protected]>
  Tom Rix <[email protected]>
  Tony Brelinski <[email protected]>
  Tony Nguyen <[email protected]>
  Uwe Kleine-König <[email protected]>
  Vasily Gorbik <[email protected]>
  Vasundhara Volam <[email protected]>
  Vincent Palatin <[email protected]>
  Vinicius Costa Gomes <[email protected]>
  Wei Wang <[email protected]>
  Xin Long <[email protected]>
  Yajun Deng <[email protected]>
  Yoshihiro Shimoda <[email protected]>
  Zhihao Cheng <[email protected]>
  Ziyang Xuan <[email protected]>

jobs:
 build-amd64-xsm                                              pass    
 build-arm64-xsm                                              pass    
 build-i386-xsm                                               pass    
 build-amd64                                                  pass    
 build-arm64                                                  pass    
 build-armhf                                                  pass    
 build-i386                                                   pass    
 build-amd64-libvirt                                          pass    
 build-arm64-libvirt                                          pass    
 build-armhf-libvirt                                          pass    
 build-i386-libvirt                                           pass    
 build-amd64-pvops                                            pass    
 build-arm64-pvops                                            pass    
 build-armhf-pvops                                            pass    
 build-i386-pvops                                             pass    
 test-amd64-amd64-xl                                          pass    
 test-amd64-coresched-amd64-xl                                pass    
 test-arm64-arm64-xl                                          pass    
 test-armhf-armhf-xl                                          pass    
 test-amd64-i386-xl                                           pass    
 test-amd64-coresched-i386-xl                                 pass    
 test-amd64-amd64-libvirt-qemuu-debianhvm-amd64-xsm           pass    
 test-amd64-i386-libvirt-qemuu-debianhvm-amd64-xsm            pass    
 test-amd64-amd64-xl-qemut-stubdom-debianhvm-amd64-xsm        pass    
 test-amd64-i386-xl-qemut-stubdom-debianhvm-amd64-xsm         pass    
 test-amd64-amd64-xl-qemut-debianhvm-i386-xsm                 pass    
 test-amd64-i386-xl-qemut-debianhvm-i386-xsm                  pass    
 test-amd64-amd64-xl-qemuu-debianhvm-i386-xsm                 pass    
 test-amd64-i386-xl-qemuu-debianhvm-i386-xsm                  fail    
 test-amd64-amd64-libvirt-xsm                                 pass    
 test-arm64-arm64-libvirt-xsm                                 pass    
 test-amd64-i386-libvirt-xsm                                  pass    
 test-amd64-amd64-xl-xsm                                      pass    
 test-arm64-arm64-xl-xsm                                      pass    
 test-amd64-i386-xl-xsm                                       pass    
 test-amd64-amd64-qemuu-nested-amd                            fail    
 test-amd64-amd64-xl-pvhv2-amd                                pass    
 test-amd64-i386-qemut-rhel6hvm-amd                           pass    
 test-amd64-i386-qemuu-rhel6hvm-amd                           pass    
 test-amd64-amd64-dom0pvh-xl-amd                              pass    
 test-amd64-amd64-xl-qemut-debianhvm-amd64                    pass    
 test-amd64-i386-xl-qemut-debianhvm-amd64                     pass    
 test-amd64-amd64-xl-qemuu-debianhvm-amd64                    pass    
 test-amd64-i386-xl-qemuu-debianhvm-amd64                     pass    
 test-amd64-i386-freebsd10-amd64                              pass    
 test-amd64-amd64-qemuu-freebsd11-amd64                       pass    
 test-amd64-amd64-qemuu-freebsd12-amd64                       pass    
 test-amd64-amd64-xl-qemuu-ovmf-amd64                         fail    
 test-amd64-i386-xl-qemuu-ovmf-amd64                          fail    
 test-amd64-amd64-xl-qemut-win7-amd64                         fail    
 test-amd64-i386-xl-qemut-win7-amd64                          fail    
 test-amd64-amd64-xl-qemuu-win7-amd64                         fail    
 test-amd64-i386-xl-qemuu-win7-amd64                          fail    
 test-amd64-amd64-xl-qemut-ws16-amd64                         fail    
 test-amd64-i386-xl-qemut-ws16-amd64                          fail    
 test-amd64-amd64-xl-qemuu-ws16-amd64                         fail    
 test-amd64-i386-xl-qemuu-ws16-amd64                          fail    
 test-armhf-armhf-xl-arndale                                  pass    
 test-amd64-amd64-xl-credit1                                  pass    
 test-arm64-arm64-xl-credit1                                  pass    
 test-armhf-armhf-xl-credit1                                  pass    
 test-amd64-amd64-xl-credit2                                  pass    
 test-arm64-arm64-xl-credit2                                  pass    
 test-armhf-armhf-xl-credit2                                  pass    
 test-armhf-armhf-xl-cubietruck                               pass    
 test-amd64-amd64-xl-qemuu-dmrestrict-amd64-dmrestrict        pass    
 test-amd64-i386-xl-qemuu-dmrestrict-amd64-dmrestrict         pass    
 test-amd64-amd64-examine                                     pass    
 test-arm64-arm64-examine                                     pass    
 test-armhf-armhf-examine                                     pass    
 test-amd64-i386-examine                                      pass    
 test-amd64-i386-freebsd10-i386                               pass    
 test-amd64-amd64-qemuu-nested-intel                          pass    
 test-amd64-amd64-xl-pvhv2-intel                              pass    
 test-amd64-i386-qemut-rhel6hvm-intel                         pass    
 test-amd64-i386-qemuu-rhel6hvm-intel                         pass    
 test-amd64-amd64-dom0pvh-xl-intel                            pass    
 test-amd64-amd64-libvirt                                     pass    
 test-armhf-armhf-libvirt                                     pass    
 test-amd64-i386-libvirt                                      pass    
 test-amd64-amd64-xl-multivcpu                                pass    
 test-armhf-armhf-xl-multivcpu                                pass    
 test-amd64-amd64-pair                                        pass    
 test-amd64-i386-pair                                         pass    
 test-amd64-amd64-libvirt-pair                                pass    
 test-amd64-i386-libvirt-pair                                 pass    
 test-amd64-amd64-amd64-pvgrub                                pass    
 test-amd64-amd64-i386-pvgrub                                 pass    
 test-amd64-amd64-xl-pvshim                                   pass    
 test-amd64-i386-xl-pvshim                                    fail    
 test-amd64-amd64-pygrub                                      pass    
 test-amd64-amd64-xl-qcow2                                    pass    
 test-armhf-armhf-libvirt-raw                                 pass    
 test-amd64-i386-xl-raw                                       pass    
 test-amd64-amd64-xl-rtds                                     fail    
 test-armhf-armhf-xl-rtds                                     fail    
 test-arm64-arm64-xl-seattle                                  pass    
 test-amd64-amd64-xl-qemuu-debianhvm-amd64-shadow             pass    
 test-amd64-i386-xl-qemuu-debianhvm-amd64-shadow              pass    
 test-amd64-amd64-xl-shadow                                   pass    
 test-amd64-i386-xl-shadow                                    pass    
 test-arm64-arm64-xl-thunderx                                 pass    
 test-amd64-amd64-libvirt-vhd                                 pass    
 test-armhf-armhf-xl-vhd                                      pass    


------------------------------------------------------------
sg-report-flight on osstest.test-lab.xenproject.org
logs: /home/logs/logs
images: /home/logs/images

Logs, config files, etc. are available at
    http://logs.test-lab.xenproject.org/osstest/logs

Explanation of these reports, and of osstest in general, is at
    http://xenbits.xen.org/gitweb/?p=osstest.git;a=blob;f=README.email;hb=master
    http://xenbits.xen.org/gitweb/?p=osstest.git;a=blob;f=README;hb=master

Test harness code can be found at
    http://xenbits.xen.org/gitweb?p=osstest.git;a=summary


Not pushing.

(No revision log; it would be 3085 lines long.)

Reply via email to