flight 163800 linux-5.4 real [real]
flight 163818 linux-5.4 real-retest [real]
http://logs.test-lab.xenproject.org/osstest/logs/163800/
http://logs.test-lab.xenproject.org/osstest/logs/163818/

Failures :-/ but no regressions.

Tests which are failing intermittently (not blocking):
 test-amd64-amd64-xl-qemut-debianhvm-i386-xsm 12 debian-hvm-install fail pass 
in 163818-retest

Tests which did not succeed, but are not blocking:
 test-amd64-amd64-xl-qemuu-win7-amd64 19 guest-stop            fail like 163684
 test-amd64-amd64-xl-qemut-win7-amd64 19 guest-stop            fail like 163684
 test-amd64-i386-xl-qemut-win7-amd64 19 guest-stop             fail like 163684
 test-armhf-armhf-libvirt     16 saverestore-support-check    fail  like 163684
 test-amd64-amd64-qemuu-nested-amd 20 debian-hvm-install/l1/l2 fail like 163684
 test-amd64-amd64-xl-qemuu-ws16-amd64 19 guest-stop            fail like 163684
 test-amd64-amd64-xl-qemut-ws16-amd64 19 guest-stop            fail like 163684
 test-amd64-i386-xl-qemuu-win7-amd64 19 guest-stop             fail like 163684
 test-amd64-i386-xl-qemut-ws16-amd64 19 guest-stop             fail like 163684
 test-armhf-armhf-libvirt-raw 15 saverestore-support-check    fail  like 163684
 test-amd64-i386-xl-qemuu-ws16-amd64 19 guest-stop             fail like 163684
 test-amd64-i386-xl-pvshim    14 guest-start                  fail   never pass
 test-amd64-amd64-libvirt-xsm 15 migrate-support-check        fail   never pass
 test-amd64-i386-libvirt-xsm  15 migrate-support-check        fail   never pass
 test-arm64-arm64-xl-seattle  15 migrate-support-check        fail   never pass
 test-arm64-arm64-xl-seattle  16 saverestore-support-check    fail   never pass
 test-amd64-amd64-libvirt     15 migrate-support-check        fail   never pass
 test-amd64-amd64-libvirt-qemuu-debianhvm-amd64-xsm 13 migrate-support-check 
fail never pass
 test-arm64-arm64-xl-credit1  15 migrate-support-check        fail   never pass
 test-arm64-arm64-xl-credit1  16 saverestore-support-check    fail   never pass
 test-arm64-arm64-libvirt-xsm 15 migrate-support-check        fail   never pass
 test-arm64-arm64-xl-thunderx 15 migrate-support-check        fail   never pass
 test-arm64-arm64-libvirt-xsm 16 saverestore-support-check    fail   never pass
 test-arm64-arm64-xl          15 migrate-support-check        fail   never pass
 test-arm64-arm64-xl-thunderx 16 saverestore-support-check    fail   never pass
 test-arm64-arm64-xl-credit2  15 migrate-support-check        fail   never pass
 test-arm64-arm64-xl          16 saverestore-support-check    fail   never pass
 test-arm64-arm64-xl-credit2  16 saverestore-support-check    fail   never pass
 test-arm64-arm64-xl-xsm      15 migrate-support-check        fail   never pass
 test-arm64-arm64-xl-xsm      16 saverestore-support-check    fail   never pass
 test-armhf-armhf-xl-arndale  15 migrate-support-check        fail   never pass
 test-armhf-armhf-xl-arndale  16 saverestore-support-check    fail   never pass
 test-amd64-i386-libvirt-qemuu-debianhvm-amd64-xsm 13 migrate-support-check 
fail never pass
 test-amd64-amd64-libvirt-vhd 14 migrate-support-check        fail   never pass
 test-armhf-armhf-xl-multivcpu 15 migrate-support-check        fail  never pass
 test-armhf-armhf-xl-multivcpu 16 saverestore-support-check    fail  never pass
 test-armhf-armhf-xl-credit2  15 migrate-support-check        fail   never pass
 test-armhf-armhf-xl-credit2  16 saverestore-support-check    fail   never pass
 test-armhf-armhf-xl          15 migrate-support-check        fail   never pass
 test-armhf-armhf-xl          16 saverestore-support-check    fail   never pass
 test-armhf-armhf-xl-credit1  15 migrate-support-check        fail   never pass
 test-armhf-armhf-xl-credit1  16 saverestore-support-check    fail   never pass
 test-armhf-armhf-libvirt     15 migrate-support-check        fail   never pass
 test-armhf-armhf-xl-rtds     15 migrate-support-check        fail   never pass
 test-armhf-armhf-xl-rtds     16 saverestore-support-check    fail   never pass
 test-armhf-armhf-xl-cubietruck 15 migrate-support-check        fail never pass
 test-armhf-armhf-xl-cubietruck 16 saverestore-support-check    fail never pass
 test-armhf-armhf-xl-vhd      14 migrate-support-check        fail   never pass
 test-armhf-armhf-xl-vhd      15 saverestore-support-check    fail   never pass
 test-amd64-i386-libvirt      15 migrate-support-check        fail   never pass
 test-armhf-armhf-libvirt-raw 14 migrate-support-check        fail   never pass

version targeted for testing:
 linux                795e84798fa7f6c753ded1a95037b4cf08db85d4
baseline version:
 linux                7c76bd6c36ed84c0e613ba0f3a1408a515b9f12d

Last test of basis   163684  2021-07-14 15:10:27 Z    5 days
Testing same since   163800  2021-07-19 07:11:17 Z    0 days    1 attempts

------------------------------------------------------------
People who touched revisions under test:
  Adrian Hunter <[email protected]>
  Al Cooper <[email protected]>
  Alex Deucher <[email protected]>
  Alexei Starovoitov <[email protected]>
  Alexey Klimov <[email protected]>
  Andrey Grodzovsky <[email protected]>
  Andrii Nakryiko <[email protected]>
  Andy Shevchenko <[email protected]>
  Arnaldo Carvalho de Melo <[email protected]>
  Arnd Bergmann <[email protected]>
  Arturo Giusti <[email protected]>
  Benjamin Drung <[email protected]>
  Bibo Mao <[email protected]>
  Bjorn Helgaas <[email protected]>
  Casey Schaufler <[email protected]>
  Chanwoo Choi <[email protected]>
  Christian König <[email protected]>
  Christian Loehle <[email protected]>
  Christian Löhle <[email protected]>
  Christophe JAILLET <[email protected]>
  Christophe Leroy <[email protected]>
  Chun-Kuang Hu <[email protected]>
  Corey Minyard <[email protected]>
  Dan Carpenter <[email protected]>
  Daniel Borkmann <[email protected]>
  Daniel Lezcano <[email protected]>
  Daniel Vetter <[email protected]>
  Daniel Vetter <[email protected]>
  Daniel Wheeler <[email protected]>
  Dave Kleikamp <[email protected]>
  Dave Switzer <[email protected]>
  David S. Miller <[email protected]>
  Dmitry Osipenko <[email protected]>
  Dmytro Laktyushkin <[email protected]>
  Eric Biggers <[email protected]>
  Eric Biggers <[email protected]>
  Felix Fietkau <[email protected]>
  Ferry Toth <[email protected]>
  Flavio Suligoi <[email protected]>
  Florian Fainelli <[email protected]>
  Gao Xiang <[email protected]>
  Geert Uytterhoeven <[email protected]>
  Gerd Hoffmann <[email protected]>
  Gerd Rausch <[email protected]>
  Greg Kroah-Hartman <[email protected]>
  Guchun Chen <[email protected]>
  Guenter Roeck <[email protected]>
  Gustavo A. R. Silva <[email protected]>
  Hans Verkuil <[email protected]>
  Harry Wentland <[email protected]>
  Heiko Stuebner <[email protected]>
  Heiner Kallweit <[email protected]>
  Herbert Xu <[email protected]>
  Hou Tao <[email protected]>
  Huang Pei <[email protected]>
  Hulk Robot <[email protected]>
  Ian Rogers <[email protected]>
  Jack Zhang <[email protected]>
  Jakub Kicinski <[email protected]>
  Jan Kara <[email protected]>
  Jason Gunthorpe <[email protected]>
  Jens Axboe <[email protected]>
  Jesse Brandeburg <[email protected]>
  Jian Shen <[email protected]>
  Jiapeng Chong <[email protected]>
  Jing Xiangfeng <[email protected]>
  Jiri Olsa <[email protected]>
  Joe Thornber <[email protected]>
  Joerg Roedel <[email protected]>
  Johan Hovold <[email protected]>
  Johannes Berg <[email protected]>
  Jon Hunter <[email protected]>
  Joseph Greathouse <[email protected]>
  Kai-Heng Feng <[email protected]>
  Kalle Valo <[email protected]>
  Kees Cook <[email protected]>
  Koba Ko <[email protected]>
  Konstantin Kharlamov <[email protected]>
  Kuninori Morimoto <[email protected]>
  Laurent Pinchart <[email protected]>
  Lee Gibson <[email protected]>
  Linus Walleij <[email protected]>
  Linux Kernel Functional Testing <[email protected]>
  Liviu Dudau <[email protected]>
  Liwei Song <[email protected]>
  lixianming <[email protected]>
  Longpeng(Mike) <[email protected]>
  Lorenzo Pieralisi <[email protected]>
  Luca Coelho <[email protected]>
  Lv Yunlong <[email protected]>
  Marcel Holtmann <[email protected]>
  Marcelo Ricardo Leitner <[email protected]>
  Mark Brown <[email protected]>
  Mark Yacoub <[email protected]>
  mark-yw.chen <[email protected]>
  Mathieu Poirier <[email protected]>
  Mauro Carvalho Chehab <[email protected]>
  Maxime Ripard <[email protected]>
  Maximilian Luz <[email protected]>
  Michael Ellerman <[email protected]>
  Mike Snitzer <[email protected]>
  Minchan Kim <[email protected]>
  Moritz Fischer <[email protected]>
  Nathan Chancellor <[email protected]>
  Nicholas Piggin <[email protected]>
  Nick Desaulniers <[email protected]>
  Nirmoy Das <[email protected]>
  Pali Rohár <[email protected]>
  Pascal Terjan <[email protected]>
  Paul Burton <[email protected]>
  Paul Moore <[email protected]>
  Pavel Skripkin <[email protected]>
  Pekka Paalanen <[email protected]>
  Petr Pavlu <[email protected]>
  Radim Pavlik <[email protected]>
  Richard Weinberger <[email protected]>
  Robert Foss <[email protected]>
  Roman Li <[email protected]>
  Russ Weight <[email protected]>
  Sachi King <[email protected]>
  Sai Prakash Ranjan <[email protected]>
  Samuel Holland <[email protected]>
  Samuel Iglesias Gonsalvez <[email protected]>
  Sasha Levin <[email protected]>
  Sean Young <[email protected]>
  Sebastian Andrzej Siewior <[email protected]>
  Sebastian Reichel <[email protected]>
  Sedat Dilek <[email protected]>
  Shuah Khan <[email protected]>
  Srinivas Kandagatla <[email protected]>
  Srinivas Pandruvada <[email protected]>
  Stefan Agner <[email protected]>
  Steffen Klassert <[email protected]>
  Steven Rostedt (VMware) <[email protected]>
  Stylon Wang <[email protected]>
  Sudip Mukherjee <[email protected]>
  Suzuki K Poulose <[email protected]>
  [email protected]
  Tetsuo Handa <[email protected]>
  Thierry Reding <[email protected]>
  Thomas Bogendoerfer <[email protected]>
  Thomas Gleixner <[email protected]>
  Thomas Hebb <[email protected]>
  Thomas Zimmermann <[email protected]>
  Tim Jiang <[email protected]>
  Timo Sigurdsson <[email protected]>
  Tom Lendacky <[email protected]>
  Tony Brelinski <[email protected]>
  Tony Lindgren <[email protected]>
  Tony Nguyen <[email protected]>
  Ulf Hansson <[email protected]>
  Vladimir Stempen <[email protected]>
  Wang Li <[email protected]>
  Wesley Chalmers <[email protected]>
  Willy Tarreau <[email protected]>
  Wolfram Sang <[email protected]>
  Xianting Tian <[email protected]>
  Xiao Yang <[email protected]>
  Xie Yongji <[email protected]>
  xinhui pan <[email protected]>
  Yang Yingliang <[email protected]>
  Yoshihiro Shimoda <[email protected]>
  Yu Liu <[email protected]>
  Yun Zhou <[email protected]>
  Zhang Rui <[email protected]>
  zhanglianjie <[email protected]>
  Zheyu Ma <[email protected]>
  Zhihao Cheng <[email protected]>
  Zou Wei <[email protected]>
  Íñigo Huguet <[email protected]>

jobs:
 build-amd64-xsm                                              pass    
 build-arm64-xsm                                              pass    
 build-i386-xsm                                               pass    
 build-amd64                                                  pass    
 build-arm64                                                  pass    
 build-armhf                                                  pass    
 build-i386                                                   pass    
 build-amd64-libvirt                                          pass    
 build-arm64-libvirt                                          pass    
 build-armhf-libvirt                                          pass    
 build-i386-libvirt                                           pass    
 build-amd64-pvops                                            pass    
 build-arm64-pvops                                            pass    
 build-armhf-pvops                                            pass    
 build-i386-pvops                                             pass    
 test-amd64-amd64-xl                                          pass    
 test-amd64-coresched-amd64-xl                                pass    
 test-arm64-arm64-xl                                          pass    
 test-armhf-armhf-xl                                          pass    
 test-amd64-i386-xl                                           pass    
 test-amd64-coresched-i386-xl                                 pass    
 test-amd64-amd64-libvirt-qemuu-debianhvm-amd64-xsm           pass    
 test-amd64-i386-libvirt-qemuu-debianhvm-amd64-xsm            pass    
 test-amd64-amd64-xl-qemut-stubdom-debianhvm-amd64-xsm        pass    
 test-amd64-i386-xl-qemut-stubdom-debianhvm-amd64-xsm         pass    
 test-amd64-amd64-xl-qemut-debianhvm-i386-xsm                 fail    
 test-amd64-i386-xl-qemut-debianhvm-i386-xsm                  pass    
 test-amd64-amd64-xl-qemuu-debianhvm-i386-xsm                 pass    
 test-amd64-i386-xl-qemuu-debianhvm-i386-xsm                  pass    
 test-amd64-amd64-libvirt-xsm                                 pass    
 test-arm64-arm64-libvirt-xsm                                 pass    
 test-amd64-i386-libvirt-xsm                                  pass    
 test-amd64-amd64-xl-xsm                                      pass    
 test-arm64-arm64-xl-xsm                                      pass    
 test-amd64-i386-xl-xsm                                       pass    
 test-amd64-amd64-qemuu-nested-amd                            fail    
 test-amd64-amd64-xl-pvhv2-amd                                pass    
 test-amd64-i386-qemut-rhel6hvm-amd                           pass    
 test-amd64-i386-qemuu-rhel6hvm-amd                           pass    
 test-amd64-amd64-dom0pvh-xl-amd                              pass    
 test-amd64-amd64-xl-qemut-debianhvm-amd64                    pass    
 test-amd64-i386-xl-qemut-debianhvm-amd64                     pass    
 test-amd64-amd64-xl-qemuu-debianhvm-amd64                    pass    
 test-amd64-i386-xl-qemuu-debianhvm-amd64                     pass    
 test-amd64-i386-freebsd10-amd64                              pass    
 test-amd64-amd64-qemuu-freebsd11-amd64                       pass    
 test-amd64-amd64-qemuu-freebsd12-amd64                       pass    
 test-amd64-amd64-xl-qemuu-ovmf-amd64                         pass    
 test-amd64-i386-xl-qemuu-ovmf-amd64                          pass    
 test-amd64-amd64-xl-qemut-win7-amd64                         fail    
 test-amd64-i386-xl-qemut-win7-amd64                          fail    
 test-amd64-amd64-xl-qemuu-win7-amd64                         fail    
 test-amd64-i386-xl-qemuu-win7-amd64                          fail    
 test-amd64-amd64-xl-qemut-ws16-amd64                         fail    
 test-amd64-i386-xl-qemut-ws16-amd64                          fail    
 test-amd64-amd64-xl-qemuu-ws16-amd64                         fail    
 test-amd64-i386-xl-qemuu-ws16-amd64                          fail    
 test-armhf-armhf-xl-arndale                                  pass    
 test-amd64-amd64-xl-credit1                                  pass    
 test-arm64-arm64-xl-credit1                                  pass    
 test-armhf-armhf-xl-credit1                                  pass    
 test-amd64-amd64-xl-credit2                                  pass    
 test-arm64-arm64-xl-credit2                                  pass    
 test-armhf-armhf-xl-credit2                                  pass    
 test-armhf-armhf-xl-cubietruck                               pass    
 test-amd64-amd64-xl-qemuu-dmrestrict-amd64-dmrestrict        pass    
 test-amd64-i386-xl-qemuu-dmrestrict-amd64-dmrestrict         pass    
 test-amd64-amd64-examine                                     pass    
 test-arm64-arm64-examine                                     pass    
 test-armhf-armhf-examine                                     pass    
 test-amd64-i386-examine                                      pass    
 test-amd64-i386-freebsd10-i386                               pass    
 test-amd64-amd64-qemuu-nested-intel                          pass    
 test-amd64-amd64-xl-pvhv2-intel                              pass    
 test-amd64-i386-qemut-rhel6hvm-intel                         pass    
 test-amd64-i386-qemuu-rhel6hvm-intel                         pass    
 test-amd64-amd64-dom0pvh-xl-intel                            pass    
 test-amd64-amd64-libvirt                                     pass    
 test-armhf-armhf-libvirt                                     pass    
 test-amd64-i386-libvirt                                      pass    
 test-amd64-amd64-xl-multivcpu                                pass    
 test-armhf-armhf-xl-multivcpu                                pass    
 test-amd64-amd64-pair                                        pass    
 test-amd64-i386-pair                                         pass    
 test-amd64-amd64-libvirt-pair                                pass    
 test-amd64-i386-libvirt-pair                                 pass    
 test-amd64-amd64-amd64-pvgrub                                pass    
 test-amd64-amd64-i386-pvgrub                                 pass    
 test-amd64-amd64-xl-pvshim                                   pass    
 test-amd64-i386-xl-pvshim                                    fail    
 test-amd64-amd64-pygrub                                      pass    
 test-amd64-amd64-xl-qcow2                                    pass    
 test-armhf-armhf-libvirt-raw                                 pass    
 test-amd64-i386-xl-raw                                       pass    
 test-amd64-amd64-xl-rtds                                     pass    
 test-armhf-armhf-xl-rtds                                     pass    
 test-arm64-arm64-xl-seattle                                  pass    
 test-amd64-amd64-xl-qemuu-debianhvm-amd64-shadow             pass    
 test-amd64-i386-xl-qemuu-debianhvm-amd64-shadow              pass    
 test-amd64-amd64-xl-shadow                                   pass    
 test-amd64-i386-xl-shadow                                    pass    
 test-arm64-arm64-xl-thunderx                                 pass    
 test-amd64-amd64-libvirt-vhd                                 pass    
 test-armhf-armhf-xl-vhd                                      pass    


------------------------------------------------------------
sg-report-flight on osstest.test-lab.xenproject.org
logs: /home/logs/logs
images: /home/logs/images

Logs, config files, etc. are available at
    http://logs.test-lab.xenproject.org/osstest/logs

Explanation of these reports, and of osstest in general, is at
    http://xenbits.xen.org/gitweb/?p=osstest.git;a=blob;f=README.email;hb=master
    http://xenbits.xen.org/gitweb/?p=osstest.git;a=blob;f=README;hb=master

Test harness code can be found at
    http://xenbits.xen.org/gitweb?p=osstest.git;a=summary


Pushing revision :

hint: The 'hooks/update' hook was ignored because it's not set as executable.
hint: You can disable this warning with `git config advice.ignoredHook false`.
hint: The 'hooks/post-receive' hook was ignored because it's not set as 
executable.
hint: You can disable this warning with `git config advice.ignoredHook false`.
hint: The 'hooks/post-update' hook was ignored because it's not set as 
executable.
hint: You can disable this warning with `git config advice.ignoredHook false`.
To xenbits.xen.org:/home/xen/git/linux-pvops.git
   7c76bd6c36ed..795e84798fa7  795e84798fa7f6c753ded1a95037b4cf08db85d4 -> 
tested/linux-5.4

Reply via email to