flight 118231 xen-unstable-smoke real [real]
http://logs.test-lab.xenproject.org/osstest/logs/118231/

Failures :-/ but no regressions.

Tests which did not succeed, but are not blocking:
 test-amd64-amd64-libvirt     13 migrate-support-check        fail   never pass
 test-armhf-armhf-xl          13 migrate-support-check        fail   never pass
 test-armhf-armhf-xl          14 saverestore-support-check    fail   never pass
 test-arm64-arm64-xl-xsm      13 migrate-support-check        fail   never pass
 test-arm64-arm64-xl-xsm      14 saverestore-support-check    fail   never pass

version targeted for testing:
 xen                  5e0e28d9cee41eab41e5f11489d93247c0a4a789
baseline version:
 xen                  56498d2cf9d3c5f7d3d894a89f7d66ed81548e01

Last test of basis   118219  2018-01-19 01:01:22 Z    0 days
Failing since        118226  2018-01-19 11:02:00 Z    0 days    3 attempts
Testing same since   118231  2018-01-19 16:02:40 Z    0 days    1 attempts

------------------------------------------------------------
People who touched revisions under test:
  Andrew Cooper <[email protected]>
  George Dunlap <[email protected]>
  Jan Beulich <[email protected]>
  Julien Grall <[email protected]>
  Paul Durrant <[email protected]>
  Roger Pau Monné <[email protected]>
  Tim Deegan <[email protected]>
  Wei Liu <[email protected]>

jobs:
 build-arm64-xsm                                              pass    
 build-amd64                                                  pass    
 build-armhf                                                  pass    
 build-amd64-libvirt                                          pass    
 test-armhf-armhf-xl                                          pass    
 test-arm64-arm64-xl-xsm                                      pass    
 test-amd64-amd64-xl-qemuu-debianhvm-i386                     pass    
 test-amd64-amd64-libvirt                                     pass    


------------------------------------------------------------
sg-report-flight on osstest.test-lab.xenproject.org
logs: /home/logs/logs
images: /home/logs/images

Logs, config files, etc. are available at
    http://logs.test-lab.xenproject.org/osstest/logs

Explanation of these reports, and of osstest in general, is at
    http://xenbits.xen.org/gitweb/?p=osstest.git;a=blob;f=README.email;hb=master
    http://xenbits.xen.org/gitweb/?p=osstest.git;a=blob;f=README;hb=master

Test harness code can be found at
    http://xenbits.xen.org/gitweb?p=osstest.git;a=summary


Pushing revision :

To xenbits.xen.org:/home/xen/git/xen.git
   56498d2cf9..5e0e28d9ce  5e0e28d9cee41eab41e5f11489d93247c0a4a789 -> smoke

_______________________________________________
Xen-devel mailing list
[email protected]
https://lists.xenproject.org/mailman/listinfo/xen-devel

Reply via email to