flight 118186 linux-3.18 real [real]
http://logs.test-lab.xenproject.org/osstest/logs/118186/

Failures :-/ but no regressions.

Tests which are failing intermittently (not blocking):
 test-armhf-armhf-examine      6 xen-install      fail in 118149 pass in 118186
 test-armhf-armhf-libvirt-xsm  6 xen-install                fail pass in 118149
 test-armhf-armhf-libvirt      7 xen-boot                   fail pass in 118149
 test-amd64-amd64-xl-qemut-debianhvm-amd64-xsm 16 guest-localmigrate/x10 fail 
pass in 118149

Tests which did not succeed, but are not blocking:
 test-arm64-arm64-xl-credit2   1 build-check(1)               blocked  n/a
 test-arm64-arm64-xl-xsm       1 build-check(1)               blocked  n/a
 test-arm64-arm64-xl           1 build-check(1)               blocked  n/a
 test-arm64-arm64-libvirt-xsm  1 build-check(1)               blocked  n/a
 test-arm64-arm64-examine      1 build-check(1)               blocked  n/a
 test-armhf-armhf-libvirt-xsm 14 saverestore-support-check fail in 118149 like 
117702
 test-armhf-armhf-libvirt 14 saverestore-support-check fail in 118149 like 
117702
 test-armhf-armhf-libvirt-xsm 13 migrate-support-check fail in 118149 never pass
 test-armhf-armhf-libvirt    13 migrate-support-check fail in 118149 never pass
 test-amd64-amd64-xl-qemut-win7-amd64 17 guest-stop            fail like 117702
 test-amd64-amd64-xl-qemuu-win7-amd64 17 guest-stop            fail like 117702
 test-armhf-armhf-libvirt-raw 13 saverestore-support-check    fail  like 117702
 test-amd64-i386-xl-qemuu-win7-amd64 17 guest-stop             fail like 117702
 test-amd64-i386-xl-qemut-win7-amd64 17 guest-stop             fail like 117702
 test-amd64-amd64-xl-pvhv2-intel 12 guest-start                 fail never pass
 test-amd64-amd64-xl-pvhv2-amd 12 guest-start                  fail  never pass
 test-amd64-amd64-libvirt-xsm 13 migrate-support-check        fail   never pass
 test-amd64-amd64-libvirt     13 migrate-support-check        fail   never pass
 test-amd64-i386-libvirt-xsm  13 migrate-support-check        fail   never pass
 test-amd64-i386-libvirt      13 migrate-support-check        fail   never pass
 test-amd64-i386-libvirt-qemuu-debianhvm-amd64-xsm 11 migrate-support-check 
fail never pass
 test-amd64-amd64-libvirt-qemuu-debianhvm-amd64-xsm 11 migrate-support-check 
fail never pass
 test-armhf-armhf-xl-arndale  13 migrate-support-check        fail   never pass
 test-armhf-armhf-xl-arndale  14 saverestore-support-check    fail   never pass
 test-amd64-amd64-libvirt-vhd 12 migrate-support-check        fail   never pass
 test-amd64-amd64-qemuu-nested-amd 17 debian-hvm-install/l1/l2  fail never pass
 build-arm64-pvops             6 kernel-build                 fail   never pass
 test-armhf-armhf-xl-rtds     13 migrate-support-check        fail   never pass
 test-armhf-armhf-xl-credit2  13 migrate-support-check        fail   never pass
 test-armhf-armhf-xl-xsm      13 migrate-support-check        fail   never pass
 test-armhf-armhf-xl-rtds     14 saverestore-support-check    fail   never pass
 test-armhf-armhf-xl-credit2  14 saverestore-support-check    fail   never pass
 test-armhf-armhf-xl-xsm      14 saverestore-support-check    fail   never pass
 test-armhf-armhf-xl          13 migrate-support-check        fail   never pass
 test-armhf-armhf-xl-multivcpu 13 migrate-support-check        fail  never pass
 test-armhf-armhf-xl          14 saverestore-support-check    fail   never pass
 test-armhf-armhf-xl-multivcpu 14 saverestore-support-check    fail  never pass
 test-armhf-armhf-xl-cubietruck 13 migrate-support-check        fail never pass
 test-armhf-armhf-xl-cubietruck 14 saverestore-support-check    fail never pass
 test-amd64-amd64-xl-qemut-ws16-amd64 17 guest-stop             fail never pass
 test-armhf-armhf-libvirt-raw 12 migrate-support-check        fail   never pass
 test-amd64-i386-xl-qemut-ws16-amd64 17 guest-stop              fail never pass
 test-armhf-armhf-xl-vhd      12 migrate-support-check        fail   never pass
 test-armhf-armhf-xl-vhd      13 saverestore-support-check    fail   never pass
 test-amd64-amd64-xl-qemuu-ws16-amd64 17 guest-stop             fail never pass
 test-amd64-i386-xl-qemuu-ws16-amd64 17 guest-stop              fail never pass
 test-amd64-i386-xl-qemut-win10-i386 10 windows-install         fail never pass
 test-amd64-amd64-xl-qemuu-win10-i386 10 windows-install        fail never pass
 test-amd64-amd64-xl-qemut-win10-i386 10 windows-install        fail never pass
 test-amd64-i386-xl-qemuu-win10-i386 10 windows-install         fail never pass

version targeted for testing:
 linux                a5d35deca214e095bf9d1745aa6c00dd7ced0517
baseline version:
 linux                788ccf7552c82179135470473d9035f7c8b0b188

Last test of basis   117702  2018-01-07 16:48:28 Z   11 days
Testing same since   118149  2018-01-17 08:52:14 Z    2 days    2 attempts

------------------------------------------------------------
People who touched revisions under test:
  Aaron Brown <[email protected]>
  Aaron Ma <[email protected]>
  Abdul Lateef Attar <[email protected]>
  Al Viro <[email protected]>
  Alex Smith <[email protected]>
  Amit Pundir <[email protected]>
  Andrew Morton <[email protected]>
  Arnaud Patard <[email protected]>
  Bart Van Assche <[email protected]>
  Ben Hutchings <[email protected]>
  Ben Seri <[email protected]>
  Benjamin Poirier <[email protected]>
  Borislav Petkov <[email protected]>
  Christian Hesse <[email protected]>
  Christian Holl <[email protected]>
  Cong Wang <[email protected]>
  David Howells <[email protected]>
  David S. Miller <[email protected]>
  Diego Elio Pettenò <[email protected]>
  Dmitry Torokhov <[email protected]>
  Eric Biggers <[email protected]>
  Greg Kroah-Hartman <[email protected]>
  Hans de Goede <[email protected]>
  Herbert Xu <[email protected]>
  Icenowy Zheng <[email protected]>
  Ingo Molnar <[email protected]>
  James Hogan <[email protected]>
  Jan Engelhardt <[email protected]>
  Jason Gunthorpe <[email protected]>
  Jeff Kirsher <[email protected]>
  Jerome Brunet <[email protected]>
  Jia Zhang <[email protected]>
  Jim Mattson <[email protected]>
  Johan Hovold <[email protected]>
  John Dias <[email protected]>
  Kyle Huey <[email protected]>
  Linus Torvalds <[email protected]>
  Maciej W. Rozycki <[email protected]>
  Marc Dionne <[email protected]>
  Marc Kleine-Budde <[email protected]>
  Mohamed Ghannam <[email protected]>
  Nicholas Bellinger <[email protected]>
  Oleg Nesterov <[email protected]>
  Paolo Bonzini <[email protected]>
  Pete Zaitcev <[email protected]>
  Peter Zijlstra (Intel) <[email protected]>
  Peter Zijlstra <[email protected]>
  Rafael J. Wysocki <[email protected]>
  Ralf Baechle <[email protected]>
  Santosh Shilimkar <[email protected]>
  Sergei Shtylyov <[email protected]>
  Shuah Khan <[email protected]>
  Stefan Agner <[email protected]>
  Sunil V L <[email protected]>
  Suren Baghdasaryan <[email protected]>
  Takashi Iwai <[email protected]>
  Thomas Gleixner <[email protected]>
  Tony Luck <[email protected]>
  Vikas C Sajjan <[email protected]>
  Viktor Slavkovic <[email protected]>
  Wolfgang Grandegger <[email protected]>

jobs:
 build-amd64-xsm                                              pass    
 build-arm64-xsm                                              pass    
 build-armhf-xsm                                              pass    
 build-i386-xsm                                               pass    
 build-amd64                                                  pass    
 build-arm64                                                  pass    
 build-armhf                                                  pass    
 build-i386                                                   pass    
 build-amd64-libvirt                                          pass    
 build-arm64-libvirt                                          pass    
 build-armhf-libvirt                                          pass    
 build-i386-libvirt                                           pass    
 build-amd64-pvops                                            pass    
 build-arm64-pvops                                            fail    
 build-armhf-pvops                                            pass    
 build-i386-pvops                                             pass    
 build-amd64-rumprun                                          pass    
 build-i386-rumprun                                           pass    
 test-amd64-amd64-xl                                          pass    
 test-arm64-arm64-xl                                          blocked 
 test-armhf-armhf-xl                                          pass    
 test-amd64-i386-xl                                           pass    
 test-amd64-amd64-xl-qemut-debianhvm-amd64-xsm                fail    
 test-amd64-i386-xl-qemut-debianhvm-amd64-xsm                 pass    
 test-amd64-amd64-libvirt-qemuu-debianhvm-amd64-xsm           pass    
 test-amd64-i386-libvirt-qemuu-debianhvm-amd64-xsm            pass    
 test-amd64-amd64-xl-qemuu-debianhvm-amd64-xsm                pass    
 test-amd64-i386-xl-qemuu-debianhvm-amd64-xsm                 pass    
 test-amd64-amd64-xl-qemut-stubdom-debianhvm-amd64-xsm        pass    
 test-amd64-i386-xl-qemut-stubdom-debianhvm-amd64-xsm         pass    
 test-amd64-amd64-libvirt-xsm                                 pass    
 test-arm64-arm64-libvirt-xsm                                 blocked 
 test-armhf-armhf-libvirt-xsm                                 fail    
 test-amd64-i386-libvirt-xsm                                  pass    
 test-amd64-amd64-xl-xsm                                      pass    
 test-arm64-arm64-xl-xsm                                      blocked 
 test-armhf-armhf-xl-xsm                                      pass    
 test-amd64-i386-xl-xsm                                       pass    
 test-amd64-amd64-qemuu-nested-amd                            fail    
 test-amd64-amd64-xl-pvhv2-amd                                fail    
 test-amd64-i386-qemut-rhel6hvm-amd                           pass    
 test-amd64-i386-qemuu-rhel6hvm-amd                           pass    
 test-amd64-amd64-xl-qemut-debianhvm-amd64                    pass    
 test-amd64-i386-xl-qemut-debianhvm-amd64                     pass    
 test-amd64-amd64-xl-qemuu-debianhvm-amd64                    pass    
 test-amd64-i386-xl-qemuu-debianhvm-amd64                     pass    
 test-amd64-i386-freebsd10-amd64                              pass    
 test-amd64-amd64-xl-qemuu-ovmf-amd64                         pass    
 test-amd64-i386-xl-qemuu-ovmf-amd64                          pass    
 test-amd64-amd64-rumprun-amd64                               pass    
 test-amd64-amd64-xl-qemut-win7-amd64                         fail    
 test-amd64-i386-xl-qemut-win7-amd64                          fail    
 test-amd64-amd64-xl-qemuu-win7-amd64                         fail    
 test-amd64-i386-xl-qemuu-win7-amd64                          fail    
 test-amd64-amd64-xl-qemut-ws16-amd64                         fail    
 test-amd64-i386-xl-qemut-ws16-amd64                          fail    
 test-amd64-amd64-xl-qemuu-ws16-amd64                         fail    
 test-amd64-i386-xl-qemuu-ws16-amd64                          fail    
 test-armhf-armhf-xl-arndale                                  pass    
 test-amd64-amd64-xl-credit2                                  pass    
 test-arm64-arm64-xl-credit2                                  blocked 
 test-armhf-armhf-xl-credit2                                  pass    
 test-armhf-armhf-xl-cubietruck                               pass    
 test-amd64-amd64-examine                                     pass    
 test-arm64-arm64-examine                                     blocked 
 test-armhf-armhf-examine                                     pass    
 test-amd64-i386-examine                                      pass    
 test-amd64-i386-freebsd10-i386                               pass    
 test-amd64-i386-rumprun-i386                                 pass    
 test-amd64-amd64-xl-qemut-win10-i386                         fail    
 test-amd64-i386-xl-qemut-win10-i386                          fail    
 test-amd64-amd64-xl-qemuu-win10-i386                         fail    
 test-amd64-i386-xl-qemuu-win10-i386                          fail    
 test-amd64-amd64-qemuu-nested-intel                          pass    
 test-amd64-amd64-xl-pvhv2-intel                              fail    
 test-amd64-i386-qemut-rhel6hvm-intel                         pass    
 test-amd64-i386-qemuu-rhel6hvm-intel                         pass    
 test-amd64-amd64-libvirt                                     pass    
 test-armhf-armhf-libvirt                                     fail    
 test-amd64-i386-libvirt                                      pass    
 test-amd64-amd64-xl-multivcpu                                pass    
 test-armhf-armhf-xl-multivcpu                                pass    
 test-amd64-amd64-pair                                        pass    
 test-amd64-i386-pair                                         pass    
 test-amd64-amd64-libvirt-pair                                pass    
 test-amd64-i386-libvirt-pair                                 pass    
 test-amd64-amd64-amd64-pvgrub                                pass    
 test-amd64-amd64-i386-pvgrub                                 pass    
 test-amd64-amd64-pygrub                                      pass    
 test-amd64-amd64-xl-qcow2                                    pass    
 test-armhf-armhf-libvirt-raw                                 pass    
 test-amd64-i386-xl-raw                                       pass    
 test-amd64-amd64-xl-rtds                                     pass    
 test-armhf-armhf-xl-rtds                                     pass    
 test-amd64-amd64-libvirt-vhd                                 pass    
 test-armhf-armhf-xl-vhd                                      pass    


------------------------------------------------------------
sg-report-flight on osstest.test-lab.xenproject.org
logs: /home/logs/logs
images: /home/logs/images

Logs, config files, etc. are available at
    http://logs.test-lab.xenproject.org/osstest/logs

Explanation of these reports, and of osstest in general, is at
    http://xenbits.xen.org/gitweb/?p=osstest.git;a=blob;f=README.email;hb=master
    http://xenbits.xen.org/gitweb/?p=osstest.git;a=blob;f=README;hb=master

Test harness code can be found at
    http://xenbits.xen.org/gitweb?p=osstest.git;a=summary


Pushing revision :

To xenbits.xen.org:/home/xen/git/linux-pvops.git
   788ccf7552c8..a5d35deca214  a5d35deca214e095bf9d1745aa6c00dd7ced0517 -> 
tested/linux-3.18

_______________________________________________
Xen-devel mailing list
[email protected]
https://lists.xenproject.org/mailman/listinfo/xen-devel

Reply via email to